000
CDAK47 PAJK 241238
CLIYAK
CLIMATE REPORT
NATIONAL WEATHER SERVICE JUNEAU, AK
331 AM AKST SAT FEB 24 2018


...................................

...THE YAKUTAT CLIMATE SUMMARY FOR FEBRUARY 23 2018...

CLIMATE NORMAL PERIOD 1981 TO 2010
CLIMATE RECORD PERIOD 1917 TO 2018


WEATHER ITEM   OBSERVED RECORD YEAR NORMAL DEPARTURE LAST
                VALUE   VALUE       VALUE  FROM      YEAR
                                           NORMAL
...........................................................
TEMPERATURE (F)
 YESTERDAY
  MAXIMUM         43     53    1930  37      6       35
  MINIMUM         25     -5    1982  23      2       17
  AVERAGE         34                 30      4       26

PRECIPITATION (IN)
  YESTERDAY        0.16   3.84 1997   0.38  -0.22     0.00
  MONTH TO DATE    2.47               8.83  -6.36     7.55
  SINCE JAN 1     13.08              22.49  -9.41    20.94

DEGREE DAYS
 HEATING
  YESTERDAY       31                 35     -4       39
  MONTH TO DATE  882                816     66      809
...........................................................


WIND (MPH)
  HIGHEST WIND SPEED    10   HIGHEST WIND DIRECTION    NW (310)
  HIGHEST GUST SPEED    15   HIGHEST GUST DIRECTION    NW (330)
  AVERAGE WIND SPEED     1.7


SKY COVER
  AVERAGE SKY COVER 0.4


WEATHER CONDITIONS
 THE FOLLOWING WEATHER WAS RECORDED YESTERDAY.
  RAIN
  LIGHT RAIN
  LIGHT SNOW
  FOG
  HAZE


..........................................................


THE YAKUTAT CLIMATE NORMALS FOR TODAY
                         NORMAL    RECORD    YEAR
 MAXIMUM TEMPERATURE (F)   37        48      1963
 MINIMUM TEMPERATURE (F)   23        -3      2002
                                             1996
                                             1994


SUNRISE AND SUNSET
FEBRUARY 24 2018......SUNRISE   730 AM AKST  SUNSET   535 PM AKST
FEBRUARY 25 2018......SUNRISE   727 AM AKST  SUNSET   538 PM AKST


-  INDICATES NEGATIVE NUMBERS.
R  INDICATES RECORD WAS SET OR TIED.
MM INDICATES DATA IS MISSING.
T  INDICATES TRACE AMOUNT.




$$
--------------------------------------------------------------

AMOUNT OF DAYLIGHT TODAY (HOUR:MIN)......... 10 HOURS 06 MINUTES
GAIN/LOSS SINCE YESTERDAY (HOUR:MIN:SEC).... +0:05:18

$$
