988
CDAK47 PAJK 181137
CLIYAK
CLIMATE REPORT
NATIONAL WEATHER SERVICE JUNEAU, AK
334 AM AKDT WED OCT 18 2017


...................................

...THE YAKUTAT CLIMATE SUMMARY FOR OCTOBER 17 2017...

CLIMATE NORMAL PERIOD 1981 TO 2010
CLIMATE RECORD PERIOD 1917 TO 2017


WEATHER ITEM   OBSERVED RECORD YEAR NORMAL DEPARTURE LAST
                VALUE   VALUE       VALUE  FROM      YEAR
                                           NORMAL
...........................................................
TEMPERATURE (F)
 YESTERDAY
  MAXIMUM         44     55    1984  47     -3       47
  MINIMUM         35     13    1992  35      0       38
  AVERAGE         40                 41     -1       43

PRECIPITATION (IN)
  YESTERDAY        0.23   4.41 1976   0.71  -0.48     1.72
  MONTH TO DATE    9.24              13.28  -4.04     1.88
  SINCE JAN 1     97.42             115.69 -18.27    97.13

SNOWFALL (IN)
  YESTERDAY        0.0    9.1  2012   0.0    0.0       T
  MONTH TO DATE    0.0                0.4   -0.4       T
  SINCE JUL 1      0.0                0.4   -0.4       T
  SNOW DEPTH       0

DEGREE DAYS
 HEATING
  YESTERDAY       25                 24      1       22
  MONTH TO DATE  183                369   -186      403
...........................................................


WIND (MPH)
  HIGHEST WIND SPEED     7   HIGHEST WIND DIRECTION    NE (30)
  HIGHEST GUST SPEED    14   HIGHEST GUST DIRECTION     E (100)
  AVERAGE WIND SPEED     7.2


SKY COVER
  AVERAGE SKY COVER 0.8


WEATHER CONDITIONS
 THE FOLLOWING WEATHER WAS RECORDED YESTERDAY.
  LIGHT RAIN


..........................................................


THE YAKUTAT CLIMATE NORMALS FOR TODAY
                         NORMAL    RECORD    YEAR
 MAXIMUM TEMPERATURE (F)   47        56      1979
                                             1953
 MINIMUM TEMPERATURE (F)   34        15      1992


SUNRISE AND SUNSET
OCTOBER 18 2017.......SUNRISE   805 AM AKDT  SUNSET   601 PM AKDT
OCTOBER 19 2017.......SUNRISE   808 AM AKDT  SUNSET   558 PM AKDT


-  INDICATES NEGATIVE NUMBERS.
R  INDICATES RECORD WAS SET OR TIED.
MM INDICATES DATA IS MISSING.
T  INDICATES TRACE AMOUNT.




$$
--------------------------------------------------------------

AMOUNT OF DAYLIGHT TODAY (HOUR:MIN)......... 9 HOURS 56 MINUTES
GAIN/LOSS SINCE YESTERDAY (HOUR:MIN:SEC).... -0:05:14

$$
