000
CDAK47 PAJK 131257
CLIYAK
CLIMATE REPORT
NATIONAL WEATHER SERVICE JUNEAU, AK
354 AM AKST WED DEC 13 2017


...................................

...THE YAKUTAT CLIMATE SUMMARY FOR DECEMBER 12 2017...

CLIMATE NORMAL PERIOD 1981 TO 2010
CLIMATE RECORD PERIOD 1917 TO 2017


WEATHER ITEM   OBSERVED RECORD YEAR NORMAL DEPARTURE LAST
                VALUE   VALUE       VALUE  FROM      YEAR
                                           NORMAL
...........................................................
TEMPERATURE (F)
 YESTERDAY
  MAXIMUM         43     50    1944  35      8       19
  MINIMUM         33    -14    1948  25      8        4
  AVERAGE         38                 30      8       12

PRECIPITATION (IN)
  YESTERDAY        0.16   4.63 1994   0.54  -0.38     0.00
  MONTH TO DATE    9.84               6.32   3.52     1.82
  SINCE JAN 1    120.99             145.16 -24.17   114.41

SNOWFALL (IN)
  YESTERDAY        0.0    9.6  1959   0.7   -0.7      0.0
  MONTH TO DATE    0.3                9.0   -8.7     10.5
  SINCE JUL 1     27.1               29.7   -2.6     14.8
  SNOW DEPTH       0

DEGREE DAYS
 HEATING
  YESTERDAY       27                 35     -8       53
  MONTH TO DATE  282                420   -138      476
...........................................................


WIND (MPH)
  HIGHEST WIND SPEED     9   HIGHEST WIND DIRECTION     E (70)
  HIGHEST GUST SPEED    11   HIGHEST GUST DIRECTION     E (70)
  AVERAGE WIND SPEED     4.6


SKY COVER
  AVERAGE SKY COVER 0.7


WEATHER CONDITIONS
 THE FOLLOWING WEATHER WAS RECORDED YESTERDAY.
  RAIN
  LIGHT RAIN
  FOG


..........................................................


THE YAKUTAT CLIMATE NORMALS FOR TODAY
                         NORMAL    RECORD    YEAR
 MAXIMUM TEMPERATURE (F)   35        45      1989
 MINIMUM TEMPERATURE (F)   25       -14      1948


SUNRISE AND SUNSET
DECEMBER 13 2017......SUNRISE   910 AM AKST  SUNSET   316 PM AKST
DECEMBER 14 2017......SUNRISE   911 AM AKST  SUNSET   316 PM AKST


-  INDICATES NEGATIVE NUMBERS.
R  INDICATES RECORD WAS SET OR TIED.
MM INDICATES DATA IS MISSING.
T  INDICATES TRACE AMOUNT.




$$
--------------------------------------------------------------

AMOUNT OF DAYLIGHT TODAY (HOUR:MIN)......... 6 HOURS 07 MINUTES
GAIN/LOSS SINCE YESTERDAY (HOUR:MIN:SEC).... -0:01:26

$$
