000
CDAK47 PAYA 201202
CLIYAK

CLIMATE REPORT
NATIONAL WEATHER SERVICE YAKUTAT, AK
402 AM AKDT SUN APR 20 2014

...................................
...THE YAKUTAT AP CLIMATE SUMMARY FOR APRIL 19 2014...

CLIMATE NORMAL PERIOD  1981 TO  2010
CLIMATE RECORD PERIOD  1948 TO  2014

WEATHER ITEM   OBSERVED TIME    RECORD YEAR NORMAL DEPARTURE LAST
               VALUE    (LST)   VALUE       VALUE  FROM      YEAR
                                                   NORMAL
...................................................................
TEMPERATURE
YESTERDAY
 MAXIMUM            56  0338 PM    59  1994     47       9     42
 MINIMUM            26  0516 AM    18  1963     31      -5     20
 AVERAGE            41                          39       2     31

PRECIPITATION
(INCHES)
 YESTERDAY        0.00           2.89  1982   0.29   -0.29   0.00
 MONTH TO DATE    3.15                        5.99   -2.84   5.68
 SINCE MAR 1      7.20                       17.03   -9.83  11.61
 SINCE JAN 1     34.26                       41.55   -7.29  38.26

SNOWFALL
(INCHES)
 YESTERDAY         0.0           13.5  1982    0.2    -0.2    0.0
 MONTH TO DATE     5.8                         8.4    -2.6   19.7
 SINCE MAR 1      13.6                        35.6   -22.0   55.0
 SINCE JUL 1     109.0                       137.8   -28.8  170.9
 SNOW DEPTH (IN)     T                                         27

DEGREE DAYS
 HEATING
  YESTERDAY         24                          26      -2     34
  MONTH TO DATE    553                         541      12    620
  SINCE MAR 1     1632                        1563      69   1731
  SINCE JUL 1     7445                        7692    -247   7976

 COOLING
  YESTERDAY          0                           0       0      0
  MONTH TO DATE      0                           0       0      0
  SINCE MAR 1        0                           0       0      0
  SINCE JAN 1        0                           0       0      0
...................................................................

WIND (MPH)
 HIGHEST WIND SPEED    22     HIGHEST WIND DIRECTION     80
 HIGHEST GUST SPEED    31     HIGHEST GUST DIRECTION     70
 AVERAGE WIND SPEED   6.4

WEATHER CONDITIONS
 THE FOLLOWING WEATHER WAS RECORDED YESTERDAY.
  NO SIGNIFICANT WEATHER WAS OBSERVED.

...................................................................

THE YAKUTAT CLIMATE NORMALS FOR TODAY
                           NORMAL    RECORD   YEAR
 MAXIMUM TEMPERATURE (F)     47        58     1989
 MINIMUM TEMPERATURE (F)     31         5     1972

SUNRISE AND SUNSET
 APR 20 2014..........SUNRISE  5:49 AM      SUNSET  8:49 PM
 APR 21 2014..........SUNRISE  5:46 AM      SUNSET  8:51 PM

-  INDICATES NEGATIVE NUMBERS.
R  INDICATES RECORD HAS BEEN SET OR TIED.
MM INDICATES DATA IS MISSING.
T  INDICATES TRACE OF PRECIPITATION.

&&
-------------------------------------------------------------------

AMOUNT OF DAYLIGHT TODAY  (HOUR:MIN)........15 HOURS 0 MINUTES
GAIN/LOSS SINCE YESTERDAY (HOUR:MIN:SEC)....+0:05:15

$$
TR APR 14
