000
CDAK47 PAYA 260927
CLIYAK

CLIMATE REPORT
NATIONAL WEATHER SERVICE YAKUTAT, AK
128 AM AKDT THU MAR 26 2015

...................................
...THE YAKUTAT AP CLIMATE SUMMARY FOR MARCH 25 2015...

CLIMATE NORMAL PERIOD  1981 TO  2010
CLIMATE RECORD PERIOD  1948 TO  2015

WEATHER ITEM   OBSERVED TIME    RECORD YEAR NORMAL DEPARTURE LAST
               VALUE    (LST)   VALUE       VALUE  FROM      YEAR
                                                   NORMAL
...................................................................
TEMPERATURE
YESTERDAY
 MAXIMUM          R 53  0105 PM    51  1981     41      12     47
 MINIMUM            22  0626 AM    -5  1967     26      -4     20
 AVERAGE            38                          33       5     34

PRECIPITATION
(INCHES)
 YESTERDAY        0.22           2.00  2000   0.32   -0.10   0.00
 MONTH TO DATE    7.22                        9.15   -1.93   4.05
 SINCE MAR 1      7.22                        9.15   -1.93   4.05
 SINCE JAN 1     31.59                       33.67   -2.08  31.11

SNOWFALL
(INCHES)
 YESTERDAY         0.0            8.6  1977    0.9    -0.9    0.0
 MONTH TO DATE    27.5                        22.5     5.0    7.8
 SINCE MAR 1      27.5                        22.5     5.0    7.8
 SINCE JUL 1      40.3                       124.7   -84.4  103.2
 SNOW DEPTH (IN)     3                                          6

DEGREE DAYS
 HEATING
  YESTERDAY         27                          32      -5     31
  MONTH TO DATE    775                         834     -59    866
  SINCE MAR 1      775                         834     -59    866
  SINCE JUL 1     6207                        6963    -756   6679

 COOLING
  YESTERDAY          0                           0       0      0
  MONTH TO DATE      0                           0       0      0
  SINCE MAR 1        0                           0       0      0
  SINCE JAN 1        0                           0       0      0
...................................................................

WIND (MPH)
 HIGHEST WIND SPEED    15     HIGHEST WIND DIRECTION     90
 HIGHEST GUST SPEED    24     HIGHEST GUST DIRECTION    170
 AVERAGE WIND SPEED   6.7

SKY COVER
  POSSIBLE SUNSHINE    MM          AVERAGE SKY COVER     MM

WEATHER CONDITIONS
 THE FOLLOWING WEATHER WAS RECORDED YESTERDAY.
  RAIN


RELATIVE HUMIDITY
 HIGHEST RH     MM PERCENT       MM
 LOWEST  RH     MM PERCENT       MM
 AVERAGE RH     MM PERCENT       MM
...................................................................

THE YAKUTAT CLIMATE NORMALS FOR TODAY
                           NORMAL    RECORD   YEAR
 MAXIMUM TEMPERATURE (F)     41        50     2005
 MINIMUM TEMPERATURE (F)     26         1     1967

SUNRISE AND SUNSET
 MAR 26 2015..........SUNRISE  7:03 AM      SUNSET  7:48 PM
 MAR 27 2015..........SUNRISE  7:00 AM      SUNSET  7:50 PM

-  INDICATES NEGATIVE NUMBERS.
R  INDICATES RECORD HAS BEEN SET OR TIED.
MM INDICATES DATA IS MISSING.
T  INDICATES TRACE OF PRECIPITATION.

&&
-------------------------------------------------------------------

AMOUNT OF DAYLIGHT TODAY  (HOUR:MIN)........12 HOURS 45 MINUTES
GAIN/LOSS SINCE YESTERDAY (HOUR:MIN:SEC)....+0:05:22

$$
*** MAR 15
