000
CDUS46 KPDT 180838 RRA
CLIYKM

CLIMATE REPORT
NATIONAL WEATHER SERVICE PENDLETON OR
1238 AM PST SUN FEB 18 2018


...................................

...THE YAKIMA WA CLIMATE SUMMARY FOR FEBRUARY 17 2018...

CLIMATE NORMAL PERIOD 1981 TO 2010
CLIMATE RECORD PERIOD 1946 TO 2018


WEATHER ITEM   OBSERVED TIME   RECORD YEAR NORMAL DEPARTURE LAST
                VALUE   (LST)  VALUE       VALUE  FROM      YEAR
                                                  NORMAL
..................................................................
TEMPERATURE (F)
 YESTERDAY
  MAXIMUM         60    159 PM  64    1948  47     13       49
  MINIMUM         27    446 AM  10    1993  26      1       28
  AVERAGE         44                        36      8       39

PRECIPITATION (IN)
  YESTERDAY        T             0.46 1994   0.02  -0.02     0.00
  MONTH TO DATE    0.10                      0.48  -0.38     1.65
  SINCE OCT 1      3.29                      4.74  -1.45     7.73
  SINCE JAN 1      1.00                      1.62  -0.62     3.81

SNOWFALL (IN)
  YESTERDAY        0.0           2.6  1972   0.1   -0.1      0.0
  MONTH TO DATE    0.0                       1.8   -1.8      9.9
  SINCE JAN 1      T                         7.1   -7.1     29.0
  SINCE JUL 1      1.6                      20.1  -18.5     36.4
  SNOW DEPTH       0

DEGREE DAYS
 HEATING
  YESTERDAY       21                        29     -8       26
  MONTH TO DATE  375                       510   -135      594
  SINCE DEC 1   2203                      2695   -492     3084
  SINCE JUL 1   3472                      4228   -756     4103

 COOLING
  YESTERDAY        0                         0      0        0
  MONTH TO DATE    0                         0      0        0
  SINCE DEC 1      0                         0      0        0
  SINCE JAN 1      0                         0      0        0
..................................................................


WIND (MPH)
  HIGHEST WIND SPEED    36   HIGHEST WIND DIRECTION     W (260)
  HIGHEST GUST SPEED    49   HIGHEST GUST DIRECTION     W (250)
  AVERAGE WIND SPEED     8.4


SKY COVER
  POSSIBLE SUNSHINE  MM
  AVERAGE SKY COVER 0.2


WEATHER CONDITIONS
 THE FOLLOWING WEATHER WAS RECORDED YESTERDAY.
  LIGHT RAIN


RELATIVE HUMIDITY (PERCENT)
 HIGHEST    85           200 AM
 LOWEST     39           100 PM
 AVERAGE    62

..........................................................


THE YAKIMA WA CLIMATE NORMALS FOR TODAY
                         NORMAL    RECORD    YEAR
 MAXIMUM TEMPERATURE (F)   47        62      1977
 MINIMUM TEMPERATURE (F)   26         5      2006


SUNRISE AND SUNSET
FEBRUARY 18 2018......SUNRISE   701 AM PST   SUNSET   532 PM PST
FEBRUARY 19 2018......SUNRISE   659 AM PST   SUNSET   534 PM PST


-  INDICATES NEGATIVE NUMBERS.
R  INDICATES RECORD WAS SET OR TIED.
MM INDICATES DATA IS MISSING.
T  INDICATES TRACE AMOUNT.


$$
