000
CDUS46 KPDT 290033 RRB
CLIYKM

CLIMATE REPORT
NATIONAL WEATHER SERVICE PENDLETON OR
532 PM PDT THU JUL 28 2016


...................................

...THE YAKIMA WA CLIMATE SUMMARY FOR JULY 28 2016...
VALID TODAY AS OF 0500 PM LOCAL TIME.

CLIMATE NORMAL PERIOD 1981 TO 2010
CLIMATE RECORD PERIOD 1946 TO 2016


WEATHER ITEM   OBSERVED TIME   RECORD YEAR NORMAL DEPARTURE LAST
                VALUE   (LST)  VALUE       VALUE  FROM      YEAR
                                                  NORMAL
..................................................................
TEMPERATURE (F)
 TODAY
  MAXIMUM        102    352 PM 105    1998  90     12       87
                                      1971
  MINIMUM         69    514 AM  42    1955  55     14       53
                                      1954
  AVERAGE         86                        72     14       70

PRECIPITATION (IN)
  TODAY            0.00          0.36 1993   0.00   0.00     0.00
  MONTH TO DATE    0.22                      0.20   0.02     0.06
  SINCE OCT 1     10.54                      7.61   2.93     6.39
  SINCE JAN 1      5.89                      4.49   1.40     4.29

SNOWFALL (IN)
  TODAY            0.0           0.0  2002   0.0    0.0      0.0
                                      2001
                                      2000
  MONTH TO DATE    0.0                       0.0    0.0      0.0
  SINCE JAN 1     12.5                       8.6    3.9      1.6
  SINCE JUL 1      0.0                       0.0    0.0      0.0
  SNOW DEPTH       0

DEGREE DAYS
 HEATING
  TODAY            0                         0      0        0
  MONTH TO DATE    0                        19    -19        0
  SINCE JUN 1     68                       117    -49        3
  SINCE JUL 1      0                        19    -19        0

 COOLING
  TODAY           21                         7     14        5
  MONTH TO DATE  223                       169     54      343
  SINCE JUN 1    408                       234    174      650
  SINCE JAN 1    447                       254    193      742
..................................................................


WIND (MPH)
  HIGHEST WIND SPEED    15   HIGHEST WIND DIRECTION    NW (300)
  HIGHEST GUST SPEED    23   HIGHEST GUST DIRECTION     W (290)
  AVERAGE WIND SPEED     6.5


SKY COVER
  POSSIBLE SUNSHINE  MM
  AVERAGE SKY COVER 0.0


WEATHER CONDITIONS
 THE FOLLOWING WEATHER WAS RECORDED TODAY.
  NO SIGNIFICANT WEATHER WAS OBSERVED.


RELATIVE HUMIDITY (PERCENT)
 HIGHEST    57           500 AM
 LOWEST     15           300 PM
 AVERAGE    36

..........................................................


THE YAKIMA WA CLIMATE NORMALS FOR TOMORROW
                         NORMAL    RECORD    YEAR
 MAXIMUM TEMPERATURE (F)   90       105      2014
 MINIMUM TEMPERATURE (F)   55        44      1970


SUNRISE AND SUNSET
JULY 28 2016..........SUNRISE   539 AM PDT   SUNSET   838 PM PDT
JULY 29 2016..........SUNRISE   540 AM PDT   SUNSET   836 PM PDT


-  INDICATES NEGATIVE NUMBERS.
R  INDICATES RECORD WAS SET OR TIED.
MM INDICATES DATA IS MISSING.
T  INDICATES TRACE AMOUNT.




$$
