000
CDUS46 KPDT 200042
CLIYKM

CLIMATE REPORT
NATIONAL WEATHER SERVICE PENDLETON OR
539 PM PDT TUE SEP 19 2017


...................................

...THE YAKIMA WA CLIMATE SUMMARY FOR SEPTEMBER 19 2017...
VALID TODAY AS OF 0500 PM LOCAL TIME.

CLIMATE NORMAL PERIOD 1981 TO 2010
CLIMATE RECORD PERIOD 1946 TO 2017


WEATHER ITEM   OBSERVED TIME   RECORD YEAR NORMAL DEPARTURE LAST
                VALUE   (LST)  VALUE       VALUE  FROM      YEAR
                                                  NORMAL
..................................................................
TEMPERATURE (F)
 TODAY
  MAXIMUM         68    126 PM  90    2012  77     -9       72
                                      1967
                                      1952
  MINIMUM         42    502 AM  31    1971  43     -1       45
  AVERAGE         55                        60     -5       59

PRECIPITATION (IN)
  TODAY           MM             0.40 1982   0.01  MM        0.00
  MONTH TO DATE    0.03                      0.22  -0.19     0.16
  SINCE OCT 1     11.74                      8.11   3.63    10.70
  SINCE JAN 1      7.82                      4.99   2.83     6.05

SNOWFALL (IN)
  TODAY            0.0           0.0  2002   0.0    0.0      0.0
                                      2001
                                      1999
  MONTH TO DATE    0.0                       0.0    0.0      0.0
  SINCE JAN 1     29.1                       8.6   20.5     12.5
  SINCE JUL 1      0.0                       0.0    0.0      0.0
  SNOW DEPTH       0

DEGREE DAYS
 HEATING
  TODAY           10                         6      4        6
  MONTH TO DATE   34                        72    -38       47
  SINCE SEP 1     34                        72    -38       47
  SINCE JUL 1     34                       120    -86       50

 COOLING
  TODAY            0                         1     -1        0
  MONTH TO DATE  116                        28     88       12
  SINCE SEP 1    116                        28     88       12
  SINCE JAN 1   1054                       468    586      765
..................................................................


WIND (MPH)
  HIGHEST WIND SPEED    23   HIGHEST WIND DIRECTION     W (280)
  HIGHEST GUST SPEED    32   HIGHEST GUST DIRECTION     W (280)
  AVERAGE WIND SPEED     5.9


SKY COVER
  POSSIBLE SUNSHINE  MM
  AVERAGE SKY COVER 0.5


WEATHER CONDITIONS
 THE FOLLOWING WEATHER WAS RECORDED TODAY.
  NO SIGNIFICANT WEATHER WAS OBSERVED.


RELATIVE HUMIDITY (PERCENT)
 HIGHEST    83           600 AM
 LOWEST     32           200 PM
 AVERAGE    58

..........................................................


THE YAKIMA WA CLIMATE NORMALS FOR TOMORROW
                         NORMAL    RECORD    YEAR
 MAXIMUM TEMPERATURE (F)   77        90      2012
                                             1994
                                             1952
 MINIMUM TEMPERATURE (F)   42        30      1993


SUNRISE AND SUNSET
SEPTEMBER 19 2017.....SUNRISE   646 AM PDT   SUNSET   705 PM PDT
SEPTEMBER 20 2017.....SUNRISE   647 AM PDT   SUNSET   703 PM PDT


-  INDICATES NEGATIVE NUMBERS.
R  INDICATES RECORD WAS SET OR TIED.
MM INDICATES DATA IS MISSING.
T  INDICATES TRACE AMOUNT.




$$
