186
CDUS46 KPDT 120925
CLIYKM

CLIMATE REPORT
NATIONAL WEATHER SERVICE PENDLETON OR
125 AM PST FRI FEB 12 2016


...................................

...THE YAKIMA WA CLIMATE SUMMARY FOR FEBRUARY 11 2016...

CLIMATE NORMAL PERIOD 1981 TO 2010
CLIMATE RECORD PERIOD 1946 TO 2016


WEATHER ITEM   OBSERVED TIME   RECORD YEAR NORMAL DEPARTURE LAST
                VALUE   (LST)  VALUE       VALUE  FROM      YEAR
                                                  NORMAL
..................................................................
TEMPERATURE (F)
 YESTERDAY
  MAXIMUM         50    313 PM  61    1971  45      5       54
  MINIMUM         36    205 AM   5    1948  26     10       36
  AVERAGE         43                        35      8       45

PRECIPITATION (IN)
  YESTERDAY        0.17          0.36 1961   0.03   0.14     0.00
                                      1958
  MONTH TO DATE    0.20                      0.32  -0.12     0.45
  SINCE OCT 1      7.16                      4.58   2.58     3.25
  SINCE JAN 1      2.51                      1.46   1.05     1.15

SNOWFALL (IN)
  YESTERDAY        0.0           2.8  1954   0.1   -0.1      0.0
  MONTH TO DATE    0.8                       1.2   -0.4      0.0
  SINCE JAN 1     12.5                       6.5    6.0      1.6
  SINCE JUL 1     31.4                      19.5   11.9      1.6
  SNOW DEPTH       0

DEGREE DAYS
 HEATING
  YESTERDAY       22                        30     -8       20
  MONTH TO DATE  286                       335    -49      232
  SINCE DEC 1   2284                      2520   -236     2056
  SINCE JUL 1   3398                      4053   -655     3240

 COOLING
  YESTERDAY        0                         0      0        0
  MONTH TO DATE    0                         0      0        0
  SINCE DEC 1      0                         0      0        0
  SINCE JAN 1      0                         0      0        0
..................................................................


WIND (MPH)
  HIGHEST WIND SPEED     9   HIGHEST WIND DIRECTION     W (250)
  HIGHEST GUST SPEED    11   HIGHEST GUST DIRECTION     W (250)
  AVERAGE WIND SPEED     3.9


SKY COVER
  POSSIBLE SUNSHINE  MM
  AVERAGE SKY COVER 0.8


WEATHER CONDITIONS
 THE FOLLOWING WEATHER WAS RECORDED YESTERDAY.
  LIGHT RAIN
  FOG


RELATIVE HUMIDITY (PERCENT)
 HIGHEST    89           700 PM
 LOWEST     71          1100 AM
 AVERAGE    80

..........................................................


THE YAKIMA WA CLIMATE NORMALS FOR TODAY
                         NORMAL    RECORD    YEAR
 MAXIMUM TEMPERATURE (F)   45        67      1977
 MINIMUM TEMPERATURE (F)   26         3      1949


SUNRISE AND SUNSET
FEBRUARY 12 2016......SUNRISE   711 AM PST   SUNSET   522 PM PST
FEBRUARY 13 2016......SUNRISE   709 AM PST   SUNSET   524 PM PST


-  INDICATES NEGATIVE NUMBERS.
R  INDICATES RECORD WAS SET OR TIED.
MM INDICATES DATA IS MISSING.
T  INDICATES TRACE AMOUNT.




$$
