766
CDUS46 KPDT 220832 RRA
CLIYKM

CLIMATE REPORT
NATIONAL WEATHER SERVICE PENDLETON OR
132 AM PDT MON MAY 22 2017


...................................

...THE YAKIMA WA CLIMATE SUMMARY FOR MAY 21 2017...

CLIMATE NORMAL PERIOD 1981 TO 2010
CLIMATE RECORD PERIOD 1946 TO 2017


WEATHER ITEM   OBSERVED TIME   RECORD YEAR NORMAL DEPARTURE LAST
                VALUE   (LST)  VALUE       VALUE  FROM      YEAR
                                                  NORMAL
..................................................................
TEMPERATURE (F)
 YESTERDAY
  MAXIMUM         84    436 PM  93    1958  74     10       67
  MINIMUM         50    452 AM  31    1960  44      6       53
  AVERAGE         67                        59      8       60

PRECIPITATION (IN)
  YESTERDAY        0.00          1.05 2015   0.02  -0.02     0.05
  MONTH TO DATE    0.46                      0.37   0.09     0.64
  SINCE OCT 1     11.21                      6.58   4.63    10.10
  SINCE JAN 1      7.29                      3.46   3.83     5.45

SNOWFALL (IN)
  YESTERDAY        0.0           0.0  2002   0.0    0.0      0.0
                                      2001
                                      2000
  MONTH TO DATE    0.0                       0.0    0.0      0.0
  SINCE JAN 1     29.1                       8.6   20.5     12.5
  SINCE JUL 1     36.5                      21.6   14.9     31.4
  SNOW DEPTH       0

DEGREE DAYS
 HEATING
  YESTERDAY        0                         7     -7        5
  MONTH TO DATE  154                       201    -47       44
  SINCE MAR 1   1180                      1356   -176      799
  SINCE JUL 1   5609                      5883   -274     4549

 COOLING
  YESTERDAY        2                         1      1        0
  MONTH TO DATE    9                        10     -1       33
  SINCE MAR 1      9                        11     -2       39
  SINCE JAN 1      9                        11     -2       39
..................................................................


WIND (MPH)
  HIGHEST WIND SPEED    13   HIGHEST WIND DIRECTION     W (260)
  HIGHEST GUST SPEED    16   HIGHEST GUST DIRECTION     W (260)
  AVERAGE WIND SPEED     5.3


SKY COVER
  POSSIBLE SUNSHINE  MM
  AVERAGE SKY COVER 0.1


WEATHER CONDITIONS
 THE FOLLOWING WEATHER WAS RECORDED YESTERDAY.
  NO SIGNIFICANT WEATHER WAS OBSERVED.


RELATIVE HUMIDITY (PERCENT)
 HIGHEST    77          1200 AM
 LOWEST     27           400 PM
 AVERAGE    52

..........................................................


THE YAKIMA WA CLIMATE NORMALS FOR TODAY
                         NORMAL    RECORD    YEAR
 MAXIMUM TEMPERATURE (F)   74        95      1958
 MINIMUM TEMPERATURE (F)   44        27      1960


SUNRISE AND SUNSET
MAY 22 2017...........SUNRISE   520 AM PDT   SUNSET   838 PM PDT
MAY 23 2017...........SUNRISE   519 AM PDT   SUNSET   839 PM PDT


-  INDICATES NEGATIVE NUMBERS.
R  INDICATES RECORD WAS SET OR TIED.
MM INDICATES DATA IS MISSING.
T  INDICATES TRACE AMOUNT.


$$
