000
CDUS41 KCLE 080545
CLIYNG


CLIMATE REPORT
NATIONAL WEATHER SERVICE CLEVELAND OH
145 AM EDT WED JUL 8 2015


...................................

...THE YOUNGSTOWN OH CLIMATE SUMMARY FOR JULY 7 2015...

CLIMATE NORMAL PERIOD 1981 TO 2010
CLIMATE RECORD PERIOD 1897 TO 2015


WEATHER ITEM   OBSERVED TIME   RECORD YEAR NORMAL DEPARTURE LAST
                VALUE   (LST)  VALUE       VALUE  FROM      YEAR
                                                  NORMAL
..................................................................
TEMPERATURE (F)
 YESTERDAY
  MAXIMUM         84    338 PM 100    1988  82      2       81
  MINIMUM         63   1159 PM  42    1990  60      3       69
  AVERAGE         74                        70      4       75

PRECIPITATION (IN)
  YESTERDAY        0.63                      0.13   0.50     0.08
  MONTH TO DATE    0.84                      0.94  -0.10     0.76
  SINCE JUN 1      9.86                      4.82   5.04     5.56
  SINCE JAN 1     24.84                     19.61   5.23    20.65

SNOWFALL (IN)
  YESTERDAY        0.0                       0.0    0.0      0.0
  MONTH TO DATE    0.0                       0.0    0.0      0.0
  SINCE JUN 1      0.0                       0.0    0.0      0.0
  SINCE JUL 1      0.0                       0.0    0.0      0.0
  SNOW DEPTH       0

DEGREE DAYS
 HEATING
  YESTERDAY        0                         1     -1        0
  MONTH TO DATE    2                         7     -5        5
  SINCE JUN 1     44                        76    -32       33
  SINCE JUL 1      2                         7     -5        5

 COOLING
  YESTERDAY        9                         6      3       10
  MONTH TO DATE   22                        42    -20       39
  SINCE JUN 1    132                       152    -20      192
  SINCE JAN 1    244                       191     53      247
..................................................................


WIND (MPH)
  HIGHEST WIND SPEED    22   HIGHEST WIND DIRECTION    SW (220)
  HIGHEST GUST SPEED    30   HIGHEST GUST DIRECTION     W (280)
  AVERAGE WIND SPEED     8.9


SKY COVER
  POSSIBLE SUNSHINE  MM
  AVERAGE SKY COVER 0.8


WEATHER CONDITIONS
 THE FOLLOWING WEATHER WAS RECORDED YESTERDAY.
  THUNDERSTORM
  HEAVY RAIN
  LIGHT RAIN
  FOG
  HAZE


RELATIVE HUMIDITY (PERCENT)
 HIGHEST    97           900 PM
 LOWEST     65          1200 PM
 AVERAGE    81

..........................................................


THE YOUNGSTOWN OH CLIMATE NORMALS FOR TODAY
                         NORMAL    RECORD    YEAR
 MAXIMUM TEMPERATURE (F)   82        99      1988
 MINIMUM TEMPERATURE (F)   60        44      1984


SUNRISE AND SUNSET
JULY  8 2015..........SUNRISE   557 AM EDT   SUNSET   858 PM EDT
JULY  9 2015..........SUNRISE   558 AM EDT   SUNSET   857 PM EDT


-  INDICATES NEGATIVE NUMBERS.
R  INDICATES RECORD WAS SET OR TIED.
MM INDICATES DATA IS MISSING.
T  INDICATES TRACE AMOUNT.




$$
