000
CDUS41 KCLE 180537
CLIYNG


CLIMATE REPORT
NATIONAL WEATHER SERVICE CLEVELAND OH
1236 AM EST SUN FEB 18 2018


...................................

...THE YOUNGSTOWN OH CLIMATE SUMMARY FOR FEBRUARY 17 2018...

CLIMATE NORMAL PERIOD 1981 TO 2010
CLIMATE RECORD PERIOD 1897 TO 2018


WEATHER ITEM   OBSERVED TIME   RECORD YEAR NORMAL DEPARTURE LAST
                VALUE   (LST)  VALUE       VALUE  FROM      YEAR
                                                  NORMAL
..................................................................
TEMPERATURE (F)
 YESTERDAY
  MAXIMUM         31    411 PM  61    2006  37     -6       47
  MINIMUM         25    139 AM -14    1979  21      4       13
  AVERAGE         28                        29     -1       30

PRECIPITATION (IN)
  YESTERDAY        0.06                      0.08  -0.02     0.00
  MONTH TO DATE    2.25                      1.27   0.98     1.65
  SINCE DEC 1      7.50                      6.81   0.69    10.57
  SINCE JAN 1      5.39                      3.82   1.57     7.00

SNOWFALL (IN)
  YESTERDAY        0.6                       0.4    0.2      0.0
  MONTH TO DATE   14.7                       7.6    7.1      6.0
  SINCE DEC 1     56.8                      39.2   17.6     42.9
  SINCE JUL 1     57.8                      43.6   14.2     47.3
  SNOW DEPTH       0

DEGREE DAYS
 HEATING
  YESTERDAY       37                        36      1       35
  MONTH TO DATE  624                       641    -17      569
  SINCE DEC 1   3024                      2935     89     2650
  SINCE JUL 1   4122                      4264   -142     3622

 COOLING
  YESTERDAY        0                         0      0        0
  MONTH TO DATE    0                         0      0        0
  SINCE DEC 1      0                         0      0        0
  SINCE JAN 1      0                         0      0        0
..................................................................


WIND (MPH)
  HIGHEST WIND SPEED    12   HIGHEST WIND DIRECTION    SE (150)
  HIGHEST GUST SPEED    15   HIGHEST GUST DIRECTION     S (160)
  AVERAGE WIND SPEED     5.2


SKY COVER
  POSSIBLE SUNSHINE  MM
  AVERAGE SKY COVER 1.0


WEATHER CONDITIONS
 THE FOLLOWING WEATHER WAS RECORDED YESTERDAY.
  LIGHT SNOW
  FOG


RELATIVE HUMIDITY (PERCENT)
 HIGHEST   100          1000 PM
 LOWEST     63           900 AM
 AVERAGE    82

..........................................................


THE YOUNGSTOWN OH CLIMATE NORMALS FOR TODAY
                         NORMAL    RECORD    YEAR
 MAXIMUM TEMPERATURE (F)   37        66      2017
 MINIMUM TEMPERATURE (F)   21        -8      1979


SUNRISE AND SUNSET
FEBRUARY 18 2018......SUNRISE   713 AM EST   SUNSET   600 PM EST
FEBRUARY 19 2018......SUNRISE   712 AM EST   SUNSET   602 PM EST


-  INDICATES NEGATIVE NUMBERS.
R  INDICATES RECORD WAS SET OR TIED.
MM INDICATES DATA IS MISSING.
T  INDICATES TRACE AMOUNT.




$$
