000
CDUS41 KCLE 250532
CLIYNG


CLIMATE REPORT
NATIONAL WEATHER SERVICE CLEVELAND OH
1232 AM EST SUN JAN 25 2015


...................................

...THE YOUNGSTOWN OH CLIMATE SUMMARY FOR JANUARY 24 2015...

CLIMATE NORMAL PERIOD 1981 TO 2010
CLIMATE RECORD PERIOD 1897 TO 2015


WEATHER ITEM   OBSERVED TIME   RECORD YEAR NORMAL DEPARTURE LAST
                VALUE   (LST)  VALUE       VALUE  FROM      YEAR
                                                  NORMAL
..................................................................
TEMPERATURE (F)
 YESTERDAY
  MAXIMUM         32   1159 PM  61    1950  33     -1       17
  MINIMUM         22    923 AM -18    1963  19      3       -3
  AVERAGE         27                        26      1        7

PRECIPITATION (IN)
  YESTERDAY        T                         0.07  -0.07     0.01
  MONTH TO DATE    2.43                      2.02   0.41     2.09
  SINCE DEC 1      4.75                      5.01  -0.26     5.61
  SINCE JAN 1      2.43                      2.02   0.41     2.09

SNOWFALL (IN)
  YESTERDAY        T                         0.6   -0.6      0.2
  MONTH TO DATE   18.8                      13.0    5.8     15.5
  SINCE DEC 1     19.5                      28.0   -8.5     36.0
  SINCE JUL 1     31.1                      32.4   -1.3     50.1
  SNOW DEPTH       4

DEGREE DAYS
 HEATING
  YESTERDAY       38                        39     -1       58
  MONTH TO DATE 1025                       942     83     1048
  SINCE DEC 1   1958                      2019    -61     2110
  SINCE JUL 1   3368                      3348     20     3492

 COOLING
  YESTERDAY        0                         0      0        0
  MONTH TO DATE    0                         0      0        0
  SINCE DEC 1      0                         0      0        0
  SINCE JAN 1      0                         0      0        0
..................................................................


WIND (MPH)
  HIGHEST WIND SPEED    16   HIGHEST WIND DIRECTION     W (260)
  HIGHEST GUST SPEED    21   HIGHEST GUST DIRECTION     W (260)
  AVERAGE WIND SPEED     8.7


SKY COVER
  POSSIBLE SUNSHINE  MM
  AVERAGE SKY COVER 1.0


WEATHER CONDITIONS
 THE FOLLOWING WEATHER WAS RECORDED YESTERDAY.
  LT FREEZING RAIN
  LIGHT SNOW
  FOG
  HAZE


RELATIVE HUMIDITY (PERCENT)
 HIGHEST    92           900 AM
 LOWEST     78           600 PM
 AVERAGE    85

..........................................................


THE YOUNGSTOWN OH CLIMATE NORMALS FOR TODAY
                         NORMAL    RECORD    YEAR
 MAXIMUM TEMPERATURE (F)   33        71      1950
 MINIMUM TEMPERATURE (F)   19       -15      1897


SUNRISE AND SUNSET
JANUARY 25 2015.......SUNRISE   740 AM EST   SUNSET   530 PM EST
JANUARY 26 2015.......SUNRISE   739 AM EST   SUNSET   531 PM EST


-  INDICATES NEGATIVE NUMBERS.
R  INDICATES RECORD WAS SET OR TIED.
MM INDICATES DATA IS MISSING.
T  INDICATES TRACE AMOUNT.




$$
