000
CDUS41 KPBZ 290801
CLIZZV


CLIMATE REPORT
NATIONAL WEATHER SERVICE PITTSBURGH PA
301 AM EST MON DEC 29 2014


...................................

...THE ZANESVILLE OH CLIMATE SUMMARY FOR DECEMBER 28 2014...

CLIMATE NORMAL PERIOD 1981 TO 2010
CLIMATE RECORD PERIOD 1946 TO 2014


WEATHER ITEM   OBSERVED TIME   RECORD YEAR NORMAL DEPARTURE LAST
                VALUE   (LST)  VALUE       VALUE  FROM      YEAR
                                                  NORMAL
..................................................................
TEMPERATURE (F)
 YESTERDAY
  MAXIMUM         47    154 AM  69    1984  38      9       52
  MINIMUM         32   1159 PM -10    1950  22     10       32
  AVERAGE         40                        30     10       42

PRECIPITATION (IN)
  YESTERDAY        0.19         MM      MM   0.09   0.10     0.00
  MONTH TO DATE    3.27                      2.33   0.94     3.84
  SINCE JUN 1     22.41                     22.15   0.26    28.01
  SINCE JAN 1     36.74                     37.61  -0.87    38.60

DEGREE DAYS
 HEATING
  YESTERDAY       25                        35    -10       23
  MONTH TO DATE  792                       899   -107      856
  SINCE DEC 1    792                       899   -107      856
  SINCE JUL 1   2099                      2040     59     2032

 COOLING
  YESTERDAY        0                         0      0        0
  MONTH TO DATE    0                         0      0        0
  SINCE DEC 1      0                         0      0        0
  SINCE JAN 1    727                       768    -41      856
..................................................................


WIND (MPH)
  HIGHEST WIND SPEED    17   HIGHEST WIND DIRECTION    NW (310)
  HIGHEST GUST SPEED    27   HIGHEST GUST DIRECTION    NW (330)
  AVERAGE WIND SPEED     6.2


SKY COVER
  POSSIBLE SUNSHINE  MM
  AVERAGE SKY COVER 0.9


WEATHER CONDITIONS
 THE FOLLOWING WEATHER WAS RECORDED YESTERDAY.
  RAIN
  LIGHT RAIN
  FOG


RELATIVE HUMIDITY (PERCENT)
 HIGHEST    93          1200 AM
 LOWEST     70           300 PM
 AVERAGE    82

..........................................................


THE ZANESVILLE OH CLIMATE NORMALS FOR TODAY
                         NORMAL    RECORD    YEAR
 MAXIMUM TEMPERATURE (F)   38        66      1984
 MINIMUM TEMPERATURE (F)   22         0      1993


SUNRISE AND SUNSET
DECEMBER 29 2014......SUNRISE   749 AM EST   SUNSET   511 PM EST
DECEMBER 30 2014......SUNRISE   749 AM EST   SUNSET   511 PM EST


-  INDICATES NEGATIVE NUMBERS.
R  INDICATES RECORD WAS SET OR TIED.
MM INDICATES DATA IS MISSING.
T  INDICATES TRACE AMOUNT.




$$
