000
CDUS41 KPBZ 012115
CLIZZV


CLIMATE REPORT
NATIONAL WEATHER SERVICE PITTSBURGH PA
513 PM EDT SUN MAY 1 2016


...................................

...THE ZANESVILLE OH CLIMATE SUMMARY FOR MAY 1 2016...
VALID TODAY AS OF 0500 PM LOCAL TIME.

CLIMATE NORMAL PERIOD 1981 TO 2010
CLIMATE RECORD PERIOD 1946 TO 2016


WEATHER ITEM   OBSERVED TIME   RECORD YEAR NORMAL DEPARTURE LAST
                VALUE   (LST)  VALUE       VALUE  FROM      YEAR
                                                  NORMAL
..................................................................
TEMPERATURE (F)
 TODAY
  MAXIMUM         78    358 PM  88    1970  68     10       71
  MINIMUM         61   1235 AM  28    1978  45     16       44
  AVERAGE         70                        56     14       58

PRECIPITATION (IN)
  TODAY            0.05         MM      MM   0.12  -0.07     0.06
  MONTH TO DATE    0.05                      0.12  -0.07     0.06
  SINCE JUN 1     34.92                     33.79   1.13    35.86
  SINCE JAN 1     12.59                     11.39   1.20    13.45

DEGREE DAYS
 HEATING
  TODAY            0                         9     -9        7
  MONTH TO DATE    0                         9     -9        7
  SINCE MAR 1    816                      1175   -359     1257
  SINCE JUL 1   4162                      5366  -1204     5914

 COOLING
  TODAY            5                         0      5        0
  MONTH TO DATE    5                         0      5        0
  SINCE MAR 1     13                         9      4        1
  SINCE JAN 1     13                         9      4        1
..................................................................


WIND (MPH)
  HIGHEST WIND SPEED    13   HIGHEST WIND DIRECTION     S (170)
  HIGHEST GUST SPEED    18   HIGHEST GUST DIRECTION     W (270)
  AVERAGE WIND SPEED     6.4


SKY COVER
  POSSIBLE SUNSHINE  MM
  AVERAGE SKY COVER 0.9


WEATHER CONDITIONS
 THE FOLLOWING WEATHER WAS RECORDED TODAY.
  LIGHT RAIN
  FOG


RELATIVE HUMIDITY (PERCENT)
 HIGHEST    90          1200 AM
 LOWEST     52           400 PM
 AVERAGE    71

..........................................................


THE ZANESVILLE OH CLIMATE NORMALS FOR TOMORROW
                         NORMAL    RECORD    YEAR
 MAXIMUM TEMPERATURE (F)   69        85      1965
 MINIMUM TEMPERATURE (F)   45        26      1963


SUNRISE AND SUNSET
MAY  1 2016...........SUNRISE   627 AM EDT   SUNSET   823 PM EDT
MAY  2 2016...........SUNRISE   626 AM EDT   SUNSET   824 PM EDT


-  INDICATES NEGATIVE NUMBERS.
R  INDICATES RECORD WAS SET OR TIED.
MM INDICATES DATA IS MISSING.
T  INDICATES TRACE AMOUNT.




$$
