000
CDUS41 KPBZ 180730
CLIZZV


CLIMATE REPORT
NATIONAL WEATHER SERVICE PITTSBURGH PA
330 AM EDT FRI APR 18 2014


...................................

...THE ZANESVILLE OH CLIMATE SUMMARY FOR APRIL 17 2014...

CLIMATE NORMAL PERIOD 1981 TO 2010
CLIMATE RECORD PERIOD 1946 TO 2014


WEATHER ITEM   OBSERVED TIME   RECORD YEAR NORMAL DEPARTURE LAST
                VALUE   (LST)  VALUE       VALUE  FROM      YEAR
                                                  NORMAL
..................................................................
TEMPERATURE (F)
 YESTERDAY
  MAXIMUM         67    448 PM  85    1976  64      3       64
  MINIMUM         34    512 AM  22    1962  40     -6       53
  AVERAGE         51                        52     -1       59

PRECIPITATION (IN)
  YESTERDAY        0.00         MM      MM   0.12  -0.12     0.04
  MONTH TO DATE    2.96                      1.95   1.01     1.03
  SINCE JUN 1     35.67                     32.18   3.49    31.00
  SINCE JAN 1      7.36                      9.78  -2.42     7.69

DEGREE DAYS
 HEATING
  YESTERDAY       14                        13      1        6
  MONTH TO DATE  238                       268    -30      226
  SINCE MAR 1   1139                      1021    118     1112
  SINCE JUL 1   5696                      5212    484     5243

 COOLING
  YESTERDAY        0                         0      0        0
  MONTH TO DATE    5                         0      5       11
  SINCE MAR 1      5                         1      4       11
  SINCE JAN 1      5                         1      4       11
..................................................................


WIND (MPH)
  HIGHEST WIND SPEED    16   HIGHEST WIND DIRECTION     S (190)
  HIGHEST GUST SPEED    21   HIGHEST GUST DIRECTION     S (180)
  AVERAGE WIND SPEED     6.2


SKY COVER
  POSSIBLE SUNSHINE  MM
  AVERAGE SKY COVER 0.0


WEATHER CONDITIONS
 THE FOLLOWING WEATHER WAS RECORDED YESTERDAY.
  NO SIGNIFICANT WEATHER WAS OBSERVED.


RELATIVE HUMIDITY (PERCENT)
 HIGHEST    56           500 AM
 LOWEST     22           500 PM
 AVERAGE    39

..........................................................


THE ZANESVILLE OH CLIMATE NORMALS FOR TODAY
                         NORMAL    RECORD    YEAR
 MAXIMUM TEMPERATURE (F)   64        87      1976
 MINIMUM TEMPERATURE (F)   41        25      1983


SUNRISE AND SUNSET
APRIL 18 2014.........SUNRISE   645 AM EDT   SUNSET   809 PM EDT
APRIL 19 2014.........SUNRISE   644 AM EDT   SUNSET   810 PM EDT


-  INDICATES NEGATIVE NUMBERS.
R  INDICATES RECORD WAS SET OR TIED.
MM INDICATES DATA IS MISSING.
T  INDICATES TRACE AMOUNT.




$$
