000
CDUS41 KPBZ 220705
CLIZZV


CLIMATE REPORT
NATIONAL WEATHER SERVICE PITTSBURGH PA
304 AM EDT FRI MAY 22 2015


...................................

...THE ZANESVILLE OH CLIMATE SUMMARY FOR MAY 21 2015...

CLIMATE NORMAL PERIOD 1981 TO 2010
CLIMATE RECORD PERIOD 1946 TO 2015


WEATHER ITEM   OBSERVED TIME   RECORD YEAR NORMAL DEPARTURE LAST
                VALUE   (LST)  VALUE       VALUE  FROM      YEAR
                                                  NORMAL
..................................................................
TEMPERATURE (F)
 YESTERDAY
  MAXIMUM         57    323 PM  87    1987  74    -17       76
  MINIMUM         44   1159 PM  35    2002  51     -7       61
  AVERAGE         51                        62    -11       69

PRECIPITATION (IN)
  YESTERDAY        0.03         MM      MM   0.14  -0.11      T
  MONTH TO DATE    1.93                      2.77  -0.84     3.12
  SINCE JUN 1     37.73                     36.44   1.29    42.23
  SINCE JAN 1     15.32                     14.04   1.28    13.92

DEGREE DAYS
 HEATING
  YESTERDAY       14                         5      9        0
  MONTH TO DATE   90                       144    -54      140
  SINCE MAR 1   1340                      1310     30     1407
  SINCE JUL 1   5997                      5501    496     5964

 COOLING
  YESTERDAY        0                         2     -2        4
  MONTH TO DATE   68                        22     46       45
  SINCE MAR 1     69                        31     38       50
  SINCE JAN 1     69                        31     38       50
..................................................................


WIND (MPH)
  HIGHEST WIND SPEED    14   HIGHEST WIND DIRECTION    NW (310)
  HIGHEST GUST SPEED    18   HIGHEST GUST DIRECTION    NW (310)
  AVERAGE WIND SPEED     6.1


SKY COVER
  POSSIBLE SUNSHINE  MM
  AVERAGE SKY COVER 0.8


WEATHER CONDITIONS
 THE FOLLOWING WEATHER WAS RECORDED YESTERDAY.
  LIGHT RAIN
  HAZE


RELATIVE HUMIDITY (PERCENT)
 HIGHEST    86           100 AM
 LOWEST     55           300 PM
 AVERAGE    71

..........................................................


THE ZANESVILLE OH CLIMATE NORMALS FOR TODAY
                         NORMAL    RECORD    YEAR
 MAXIMUM TEMPERATURE (F)   74        86      1991
 MINIMUM TEMPERATURE (F)   51        30      2002


SUNRISE AND SUNSET
MAY 22 2015...........SUNRISE   607 AM EDT   SUNSET   842 PM EDT
MAY 23 2015...........SUNRISE   606 AM EDT   SUNSET   843 PM EDT


-  INDICATES NEGATIVE NUMBERS.
R  INDICATES RECORD WAS SET OR TIED.
MM INDICATES DATA IS MISSING.
T  INDICATES TRACE AMOUNT.




$$
