000
CDUS41 KPBZ 010802
CLIZZV


CLIMATE REPORT
NATIONAL WEATHER SERVICE PITTSBURGH PA
301 AM EST SUN MAR 1 2015


...................................

...THE ZANESVILLE OH CLIMATE SUMMARY FOR FEBRUARY 28 2015...

CLIMATE NORMAL PERIOD 1981 TO 2010
CLIMATE RECORD PERIOD 1946 TO 2015


WEATHER ITEM   OBSERVED TIME   RECORD YEAR NORMAL DEPARTURE LAST
                VALUE   (LST)  VALUE       VALUE  FROM      YEAR
                                                  NORMAL
..................................................................
TEMPERATURE (F)
 YESTERDAY
  MAXIMUM         28    508 PM  64    1965  45    -17       31
  MINIMUM         -2R   731 AM   0    1947  26    -28        1
  AVERAGE         13                        35    -22       16

PRECIPITATION (IN)
  YESTERDAY        0.00         MM      MM   0.08  -0.08     0.00
  MONTH TO DATE    1.05                      2.17  -1.12     1.28
  SINCE JUN 1     25.91                     27.23  -1.32    30.89
  SINCE JAN 1      3.50                      4.83  -1.33     2.58

DEGREE DAYS
 HEATING
  YESTERDAY       52                        30     22       49
  MONTH TO DATE 1243                       923    320     1101
  SINCE DEC 1   3350                      3050    300     3381
  SINCE JUL 1   4657                      4191    466     4557

 COOLING
  YESTERDAY        0                         0      0        0
  MONTH TO DATE    0                         0      0        0
  SINCE DEC 1      0                         0      0        0
  SINCE JAN 1      0                         0      0        0
..................................................................


WIND (MPH)
  HIGHEST WIND SPEED     9   HIGHEST WIND DIRECTION     E (90)
  HIGHEST GUST SPEED    12   HIGHEST GUST DIRECTION     E (100)
  AVERAGE WIND SPEED     2.6


SKY COVER
  POSSIBLE SUNSHINE  MM
  AVERAGE SKY COVER 0.3


WEATHER CONDITIONS
 THE FOLLOWING WEATHER WAS RECORDED YESTERDAY.
  FOG
  HAZE


RELATIVE HUMIDITY (PERCENT)
 HIGHEST    87           400 AM
 LOWEST     31           500 PM
 AVERAGE    59

..........................................................


THE ZANESVILLE OH CLIMATE NORMALS FOR TODAY
                         NORMAL    RECORD    YEAR
 MAXIMUM TEMPERATURE (F)   45        71      1972
 MINIMUM TEMPERATURE (F)   26         3      1960


SUNRISE AND SUNSET
MARCH  1 2015.........SUNRISE   701 AM EST   SUNSET   619 PM EST
MARCH  2 2015.........SUNRISE   700 AM EST   SUNSET   620 PM EST


-  INDICATES NEGATIVE NUMBERS.
R  INDICATES RECORD WAS SET OR TIED.
MM INDICATES DATA IS MISSING.
T  INDICATES TRACE AMOUNT.




$$
