000
CDUS41 KPBZ 211221
CLIZZV


CLIMATE REPORT
NATIONAL WEATHER SERVICE PITTSBURGH PA
820 AM EDT THU SEP 21 2017


...................................

...THE ZANESVILLE OH CLIMATE SUMMARY FOR SEPTEMBER 21 2017...
VALID AS OF 0800 AM LOCAL TIME.

CLIMATE NORMAL PERIOD 1981 TO 2010
CLIMATE RECORD PERIOD 1895 TO 2017


WEATHER ITEM   OBSERVED TIME   RECORD YEAR NORMAL DEPARTURE LAST
                VALUE   (LST)  VALUE       VALUE  FROM      YEAR
                                                  NORMAL
..................................................................
TEMPERATURE (F)
 TODAY
  MAXIMUM         66   1206 AM  95    1895
  MINIMUM         61    651 AM  29    1962  51     10       55

PRECIPITATION (IN)
  TODAY            0.00          2.59 1921   0.10  -0.10     0.00
  MONTH TO DATE    1.55                      2.10  -0.55     1.16
  SINCE JUN 1     13.44                     13.16   0.28     9.25
  SINCE JAN 1     31.56                     28.62   2.94    24.23

DEGREE DAYS
 HEATING
  TODAY            1

 COOLING
  TODAY            0
..................................................................







THE ZANESVILLE OH CLIMATE NORMALS FOR TOMORROW
                         NORMAL    RECORD    YEAR
 MAXIMUM TEMPERATURE (F)   74        94      1908
                                             1895
 MINIMUM TEMPERATURE (F)   50        34      1897


SUNRISE AND SUNSET
SEPTEMBER 21 2017.....SUNRISE   714 AM EDT   SUNSET   726 PM EDT
SEPTEMBER 22 2017.....SUNRISE   715 AM EDT   SUNSET   724 PM EDT


-  INDICATES NEGATIVE NUMBERS.
R  INDICATES RECORD WAS SET OR TIED.
MM INDICATES DATA IS MISSING.
T  INDICATES TRACE AMOUNT.




$$
