000
CXUS52 KTAE 011915
CLMAAF

CLIMATE REPORT
NATIONAL WEATHER SERVICE TALLAHASSEE FL
315 PM EDT WED APR 1 2015

...................................

...THE APALACHICOLA CLIMATE SUMMARY FOR THE MONTH OF MARCH 2015...

CLIMATE NORMAL PERIOD 1981 TO 2010
CLIMATE RECORD PERIOD 1931 TO 2015

WEATHER         OBSERVED                   LAST YEAR`S
                 VALUE   DATE(S)           VALUE  DATE(S)

.........................................................
TEMPERATURE (F)
HIGHEST            88R  03/17                  81  03/23
LOWEST             43   03/07                  39  03/08
AVG. MAXIMUM     76.1                        69.8
AVG. MINIMUM     58.7                        50.7
MEAN             67.4                        60.3
DAYS MAX >= 90      0                           0
DAYS MAX <= 32      0                           0
DAYS MIN <= 32      0                           0
DAYS MIN <= 0       0                           0

PRECIPITATION (INCHES)
TOTALS           1.41                        7.32
DAILY AVG.       0.05                        0.24
DAYS >= .01         4                           9
DAYS >= .10         2                           9
DAYS >= .50         1                           5
DAYS >= 1.00        0                           2
GREATEST
 24 HR. TOTAL    0.91   03/26                3.17

DEGREE_DAYS
HEATING TOTAL      56                         158
 SINCE 7/1       1022                        1106
COOLING TOTAL     138                          20
 SINCE 1/1        154                          33
..........................................................

WIND (MPH)
AVERAGE WIND SPEED              7.3
HIGHEST WIND SPEED/DIRECTION    22/310    DATE  03/27
HIGHEST GUST SPEED/DIRECTION    30/090    DATE  03/13

SKY COVER
AVERAGE SKY COVER           0.40

AVERAGE RH (PERCENT)     72

WEATHER CONDITIONS. NUMBER OF DAYS WITH
THUNDERSTORM              0     MIXED PRECIP               0
HEAVY RAIN                3     RAIN                       3
LIGHT RAIN                5     FREEZING RAIN              0
LT FREEZING RAIN          0     HAIL                       0
HEAVY SNOW                0     SNOW                       0
LIGHT SNOW                0     SLEET                      0
FOG                      16     FOG W/VIS <= 1/4 MILE      9
HAZE                     18

-  INDICATES NEGATIVE NUMBERS.
R  INDICATES RECORD WAS SET OR TIED.
MM INDICATES DATA IS MISSING.
T  INDICATES TRACE AMOUNT.

$$
