000
CXUS52 KTAE 012022
CLMAAF

CLIMATE REPORT
NATIONAL WEATHER SERVICE TALLAHASSEE FL
422 PM EDT SAT JUL 1 2017

...................................

...THE APALACHICOLA CLIMATE SUMMARY FOR THE MONTH OF JUNE 2017...

CLIMATE NORMAL PERIOD 1981 TO 2010
CLIMATE RECORD PERIOD 1931 TO 2017

WEATHER         OBSERVED                   LAST YEAR`S
                 VALUE   DATE(S)           VALUE  DATE(S)

.........................................................
TEMPERATURE (F)
HIGHEST            91   06/27                  96  06/08
LOWEST             65   06/09                  67  06/22
AVG. MAXIMUM     85.8                        89.9
AVG. MINIMUM     73.3                        73.3
MEAN             79.5                        81.6
DAYS MAX >= 90      2                          18
DAYS MAX <= 32      0                           0
DAYS MIN <= 32      0                           0
DAYS MIN <= 0       0                           0

PRECIPITATION (INCHES)
TOTALS          17.42                        4.13
DAILY AVG.       0.58                        0.14
DAYS >= .01        15                           6
DAYS >= .10        13                           5
DAYS >= .50        11                           4
DAYS >= 1.00        6                           2
GREATEST
 24 HR. TOTAL    4.83   06/20 TO 06/20       1.14

DEGREE_DAYS
HEATING TOTAL       0                           0
 SINCE 7/1        679                         917
COOLING TOTAL     442                         507
 SINCE 1/1       1018                        1031
..........................................................

WIND (MPH)
AVERAGE WIND SPEED              6.7
HIGHEST WIND SPEED/DIRECTION    22/110    DATE  06/21
HIGHEST GUST SPEED/DIRECTION    30/110    DATE  06/21

SKY COVER
AVERAGE SKY COVER           0.40

AVERAGE RH (PERCENT)     87

WEATHER CONDITIONS. NUMBER OF DAYS WITH
THUNDERSTORM              0     MIXED PRECIP               0
HEAVY RAIN               12     RAIN                       9
LIGHT RAIN               16     FREEZING RAIN              0
LT FREEZING RAIN          0     HAIL                       0
HEAVY SNOW                0     SNOW                       0
LIGHT SNOW                0     SLEET                      0
FOG                      15     FOG W/VIS <= 1/4 MILE      1
HAZE                      0

-  INDICATES NEGATIVE NUMBERS.
R  INDICATES RECORD WAS SET OR TIED.
MM INDICATES DATA IS MISSING.
T  INDICATES TRACE AMOUNT.

$$
