000
CXUS51 KPHI 011221
CLMABE


CLIMATE REPORT
NATIONAL WEATHER SERVICE MOUNT HOLLY NJ
821 AM EDT MON AUG 1 2016

...................................

...THE ALLENTOWN CLIMATE SUMMARY FOR THE MONTH OF JULY 2016...

CLIMATE NORMAL PERIOD 1981 TO 2010
CLIMATE RECORD PERIOD 1922 TO 2016

WEATHER         OBSERVED          NORMAL  DEPART  LAST YEAR`S
                 VALUE   DATE(S)  VALUE   FROM    VALUE  DATE(S)
                                          NORMAL
................................................................
TEMPERATURE (F)
RECORD
 HIGH             105   07/03/1966
 LOW               46   07/03/2001
                        07/04/1933
                        07/02/1920
HIGHEST            96                95       1       93
LOWEST             56                53       3       56
AVG. MAXIMUM     88.6              84.2     4.4     85.3
AVG. MINIMUM     65.5              62.7     2.8     63.9
MEAN             77.1              73.4     3.7     74.6
DAYS MAX >= 90     15               5.3     9.7        4
DAYS MAX <= 32      0               0.0     0.0        0
DAYS MIN <= 32      0               0.0     0.0        0
DAYS MIN <= 0       0               0.0     0.0        0

PRECIPITATION (INCHES)
RECORD
 MAXIMUM        10.42   1969
 MINIMUM         0.33   1999
TOTALS           6.72              4.95    1.77     5.43
DAILY AVG.       0.22              0.16    0.06     0.18
DAYS >= .01        12              10.9     1.1       12
DAYS >= .10         9               7.3     1.7        9
DAYS >= .50         5               3.2     1.8        4
DAYS >= 1.00        2               1.4     0.6        1
GREATEST
 24 HR. TOTAL    1.74   07/24 TO 07/25              1.35
                        07/25 TO 07/25
                        07/25 TO 07/26

SNOWFALL (INCHES)
RECORDS
 TOTAL             MM   5
 24 HR TOTAL       MM
TOTALS            0.0               0.0     0.0      0.0
SINCE 7/1         0.0               0.0     0.0      0.0
SNOWDEPTH AVG.      0                MM      MM        0
DAYS >= 1.0         0               0.0     0.0        0
GREATEST
 SNOW DEPTH         0   MM                             0  MM
 24 HR TOTAL      0.0   07/31 TO 07/31               0.0

DEGREE_DAYS
HEATING TOTAL       0                 3      -3        0
 SINCE 7/1          0                 3      -3        0
COOLING TOTAL     381               265     116      307
 SINCE 1/1        666               465     201      639
.................................................................

WIND (MPH)
AVERAGE WIND SPEED              4.9
HIGHEST WIND SPEED/DIRECTION    26/270    DATE  07/18
HIGHEST GUST SPEED/DIRECTION    37/280    DATE  07/18

SKY COVER
POSSIBLE SUNSHINE (PERCENT)   MM
AVERAGE SKY COVER           0.30
NUMBER OF DAYS FAIR           19
NUMBER OF DAYS PC              9
NUMBER OF DAYS CLOUDY          3

AVERAGE RH (PERCENT)     66

WEATHER CONDITIONS. NUMBER OF DAYS WITH
THUNDERSTORM              0     MIXED PRECIP               0
HEAVY RAIN                8     RAIN                       9
LIGHT RAIN               10     FREEZING RAIN              0
LT FREEZING RAIN          0     HEAVY SNOW                 0
SNOW                      0     LIGHT SNOW                 0
SLEET                     0     FOG                       15
FOG W/VIS <= 1/4 MILE     2     HAZE                       5

-  INDICATES NEGATIVE NUMBERS.
R  INDICATES RECORD WAS SET OR TIED.
MM INDICATES DATA IS MISSING.
T  INDICATES TRACE AMOUNT.

$$
