000
CXUS55 KABQ 011746
CLMABQ

ABQCLMABQ 000
TTAA00 KABQ 011638


CLIMATE REPORT
NATIONAL WEATHER SERVICE ALBUQUERQUE NM
1147 AM MDT WED JUL 1 2015

...................................

...THE ALBUQUERQUE  NM CLIMATE SUMMARY FOR THE MONTH OF JUNE 2015...

CLIMATE NORMAL PERIOD 1981 TO 2010
CLIMATE RECORD PERIOD 1891 TO 2015

WEATHER         OBSERVED          NORMAL  DEPART  LAST YEAR`S
                 VALUE   DATE(S)  VALUE   FROM    VALUE  DATE(S)
                                          NORMAL
................................................................
TEMPERATURE (F)
RECORD
 HIGH             107   06/26/1994
 LOW               40   06/02/1980
HIGHEST           102   06/22       100       2      100  06/30
LOWEST             56   06/02        48       8       56  06/15
AVG. MAXIMUM     90.8              88.3     2.5     92.6
AVG. MINIMUM     64.4              61.6     2.8     62.8
MEAN             77.6              74.9     2.7     77.7
DAYS MAX >= 90     18              12.5     5.5       24
DAYS MAX <= 32      0               0.0     0.0        0
DAYS MIN <= 32      0               0.0     0.0        0
DAYS MIN <= 0       0               0.0     0.0        0

PRECIPITATION (INCHES)
RECORD
 MAXIMUM         3.81   1933
 MINIMUM            T   2011
                        1975
                        1964
TOTALS           0.56              0.66   -0.10     0.11
DAILY AVG.       0.02              0.02    0.00     0.00
DAYS >= .01         7               4.4     2.6        1
DAYS >= .10         2               1.7     0.3        1
DAYS >= .50         0               0.4    -0.4        0
DAYS >= 1.00        0               0.0     0.0        0
GREATEST
 24 HR. TOTAL    0.29   06/12 TO 06/13              0.11

SNOWFALL (INCHES)
RECORDS
 TOTAL              T   2007
                        2006
TOTALS            0.0               0.0     0.0      0.0
SINCE 7/1        15.2               9.6     5.6      6.6
SNOWDEPTH AVG.      0                MM      MM        0
DAYS >= 1.0         0               0.0     0.0        0
GREATEST
 SNOW DEPTH         0   MM                             0  MM
 24 HR TOTAL      0.0   06/30 TO 06/30               0.0

DEGREE_DAYS
HEATING TOTAL       0                 4      -4        0
 SINCE 7/1       3651              4179    -528     3980
COOLING TOTAL     387               302      85      386
 SINCE 1/1        420               400      20      498
.................................................................

WIND (MPH)
AVERAGE WIND SPEED              8.3
HIGHEST WIND SPEED/DIRECTION    41/190    DATE  06/06
HIGHEST GUST SPEED/DIRECTION    50/180    DATE  06/06

SKY COVER
POSSIBLE SUNSHINE (PERCENT)   MM
AVERAGE SKY COVER           0.40
NUMBER OF DAYS FAIR           10
NUMBER OF DAYS PC             18
NUMBER OF DAYS CLOUDY          2

AVERAGE RH (PERCENT)     36

WEATHER CONDITIONS. NUMBER OF DAYS WITH
THUNDERSTORM              0     MIXED PRECIP               0
HEAVY RAIN                0     RAIN                       1
LIGHT RAIN               13     FREEZING RAIN              0
LT FREEZING RAIN          0     HAIL                       0
HEAVY SNOW                0     SNOW                       0
LIGHT SNOW                0     SLEET                      0
FOG                       1     FOG W/VIS <= 1/4 MILE      0
HAZE                      0

-  INDICATES NEGATIVE NUMBERS.
R  INDICATES RECORD WAS SET OR TIED.
MM INDICATES DATA IS MISSING.
T  INDICATES TRACE AMOUNT.

&&
..................................................................................

THE AVERAGE MAXIMUM TEMPERATURE AT THE ALBUQUERQUE SUNPORT IN
JUNE WAS 90.8 DEGREES WHICH IS 2.5 DEGREES ABOVE NORMAL AND
THE MINIMUM TEMPERATURE WAS 64.4 DEGREES WHICH IS 2.8 DEGREES
ABOVE NORMAL. THE AVERAGE MONTHLY TEMPERATURE WAS 77.6 DEGREES
WHICH WAS 2.7 DEGREES ABOVE NORMAL.

THE HIGHEST TEMPERATURE FOR THE MONTH WAS 102 DEGREES ON THE 22ND.
THE LOWEST TEMPERATURE FOR THE MONTH WAS 56 DEGREES ON 02ND.

TOTAL PRECIPITATION FOR JUNE 2015 WAS 0.56 INCHES WHICH WAS 0.10
INCHES BELOW NORMAL OF 0.66 INCHES. THE HIGHEST 24 HOUR PRECIPITATION
WAS 0.20 INCHES ON THE 12TH AND 27TH.

THE AVERAGE WIND SPEED WAS 8.3 MILES PER HOUR. THE PEAK WIND GUST
FOR MONTH WAS 50 MPH FROM THE SOUTH WHIGH OCCURRED ON THE 06TH.

$$
