000
CXUS54 KFWD 010840
CLMACT

CLIMATE REPORT
NATIONAL WEATHER SERVICE FORT WORTH TX
340 AM CDT SAT APR 1 2017

...................................

...THE WACO CLIMATE SUMMARY FOR THE MONTH OF MARCH 2017...

CLIMATE NORMAL PERIOD 1981 TO 2010
CLIMATE RECORD PERIOD 1901 TO 2017

WEATHER         OBSERVED          NORMAL  DEPART  LAST YEAR`S
                 VALUE   DATE(S)  VALUE   FROM    VALUE  DATE(S)
                                          NORMAL
................................................................
TEMPERATURE (F)
RECORD
 HIGH             100   03/28/1971
 LOW               15   03/11/1948
                        03/03/1943
HIGHEST            84   03/26        86      -2       89  03/14
LOWEST             30   03/03        29       1       30  03/21
AVG. MAXIMUM     74.9              69.2     5.7     72.7
AVG. MINIMUM     53.1              47.1     6.0     49.0
MEAN             64.0              58.2     5.8     60.8
DAYS MAX >= 90      0               0.1    -0.1        0
DAYS MAX <= 32      0               0.0     0.0        0
DAYS MAX >= 100     0                                  0
DAYS MIN <= 32      1               1.8    -0.8        1
DAYS MIN <= 0       0               0.0     0.0        0
DAYS MIN >= 80      0                                  0

PRECIPITATION (INCHES)
RECORD
 MAXIMUM         9.76   2007
 MINIMUM            T   1925
TOTALS           3.32              3.15    0.17     5.33
DAILY AVG.       0.11              0.10    0.01     0.17
DAYS >= .01         6               8.3    -2.3        9
DAYS >= .10         5               4.8     0.2        6
DAYS >= .50         2               2.3    -0.3        4
DAYS >= 1.00        1               0.9     0.1        2
GREATEST
 24 HR. TOTAL    1.89   03/11 TO 03/11              2.57

SNOWFALL (INCHES)
RECORDS
 TOTAL            2.5   1915
 24 HR TOTAL      2.5   03/09/1915 TO 03/09/1915
TOTALS            0.0               0.1    -0.1      0.0
SINCE 7/1           T               0.9    -0.9      0.0
SNOWDEPTH AVG.      0                MM      MM        0
DAYS >= TRACE       0                                  0
DAYS >= 1.0         0               0.1    -0.1        0
GREATEST
 SNOW DEPTH         0   MM                             0  MM
 24 HR TOTAL      0.0   MM                           0.0

DEGREE_DAYS
HEATING TOTAL     118               246    -128      151
 SINCE 7/1       1294              2058    -764     1628
COOLING TOTAL      95                34      61       31
 SINCE 1/1        153                43     110       39
.................................................................

WIND (MPH)
AVERAGE WIND SPEED              11.1
HIGHEST WIND SPEED/DIRECTION    37/280    DATE  03/29
HIGHEST GUST SPEED/DIRECTION    47/290    DATE  03/29

SKY COVER
POSSIBLE SUNSHINE (PERCENT)   MM
AVERAGE SKY COVER           0.40
NUMBER OF DAYS FAIR           14
NUMBER OF DAYS PC             13
NUMBER OF DAYS CLOUDY          4

AVERAGE RH (PERCENT)     71

WEATHER CONDITIONS. NUMBER OF DAYS WITH
THUNDERSTORM              3     MIXED PRECIP               0
HEAVY RAIN                3     RAIN                       5
LIGHT RAIN                9     FREEZING RAIN              0
LT FREEZING RAIN          0     HAIL                       0
HEAVY SNOW                0     SNOW                       0
LIGHT SNOW                0     SLEET                      0
FOG                      15     FOG W/VIS <= 1/4 MILE      0
HAZE                      6

-  INDICATES NEGATIVE NUMBERS.
R  INDICATES RECORD WAS SET OR TIED.
MM INDICATES DATA IS MISSING.
T  INDICATES TRACE AMOUNT.

$$
