655
CXAK58 PADQ 011536
CLMADQ

CLIMATE REPORT
NATIONAL WEATHER SERVICE KODIAK, AK
736 AM AKDT MON AUG 1 2016

...................................

...THE KODIAK AP CLIMATE SUMMARY FOR THE MONTH OF JULY 2016...

CLIMATE NORMAL PERIOD 1981 TO 2010
CLIMATE RECORD PERIOD 1913 TO 2016

WEATHER         OBSERVED          NORMAL  DEPART  LAST YEAR`S
                 VALUE   DATE(S)  VALUE   FROM    VALUE  DATE(S)
                                          NORMAL
................................................................
TEMPERATURE (F)
RECORD
 HIGH              82   7/12/2004
 LOW               37   7/08/2007
HIGHEST            80   7/20         73       7      74  7/02
LOWEST             48                42       6      45  7/31
AVG. MAXIMUM       65.7              59.8     5.9    63.4
AVG. MINIMUM       54.1              49.2     4.9    51.5
MEAN               59.9              54.5     5.4    57.4
DAYS MAX >= 90      0                 0.0     0.0     0
DAYS MAX <= 32      0                 0.0     0.0     0
DAYS MAX >= 80      1                 0.3     0.7     0
DAYS MAX >= 70     10                 2.4     7.6     7
DAYS MIN <= 32      0                 0.0     0.0     0
DAYS MIN <= 0       0                 0.0     0.0     0

PRECIPITATION (INCHES)
RECORD
 MAXIMUM           10.21   1985
 MINIMUM            0.84   1980
TOTALS              2.46              4.93   -2.47    3.32
DAILY AVG.          0.08              0.14   -0.06    0.11
DAYS >= .01        14                14.4    -0.4    16
DAYS >= .10         9                 8.6     0.4     7
DAYS >= .50         1                 2.9    -1.9     1
DAYS >= 1.0         0                 1.4    -1.4     1
GREATEST
 24 HR TOTAL        0.58   7/27                       1.37  7/06

SNOWFALL (INCHES)
RECORDS
 TOTAL              0.0   1949
 24 HR TOTAL        0.0   7-31-2016
 SNOW DEPTH         0     7-31-2016
TOTALS              0.0               0.0     0.0     0.0
SINCE 7/1           0.0               0.0     0.0     0.0
SNOWDEPTH AVG.      0                 0       0       0
DAYS >= TRACE       0                 0.0     0.0     0
DAYS >= 1.0         0                 0.0     0.0     0
DAYS >= 6.0         0                 0.0     0.0     0
GREATEST
 SNOW DEPTH         0   MM                            0  MM
 24 HR TOTAL      0.0   MM                          0.0  MM

DEGREE_DAYS
HEATING TOTAL     171               326    -155     227
 SINCE 7/1        171               326    -155     227
COOLING TOTAL      20                 0      20       0
 SINCE 1/1         20                 0      20       1
................................................................

WIND (MPH)
AVERAGE WIND SPEED                7.6
HIGHEST WIND SPEED/DIRECTION     35/280    DATE   07/23
HIGHEST GUST SPEED/DIRECTION     49/290    DATE   07/23

SKY COVER
POSSIBLE SUNSHINE (PERCENT)   MM
AVERAGE SKY COVER             MM
NUMBER OF DAYS FAIR           MM
NUMBER OF DAYS PC             MM
NUMBER OF DAYS CLOUDY         MM

AVERAGE RH (PERCENT)     MM

WEATHER CONDITIONS. NUMBER OF DAYS WITH
THUNDERSTORM              0     ICE PELLETS                 0
RAIN                     18     GLAZE                       0
DRIZZLE                   0     HAIL                        0
SNOW                      0     HAZE                        0
FOG                      15     FOG W/VIS <= 1/4 MILE       0
BLOWING SNOW              0


-  INDICATES NEGATIVE NUMBERS.
R  INDICATES RECORD WAS SET OR TIED.
MM INDICATES DATA IS MISSING.
T  INDICATES TRACE AMOUNT.

&&
...JULY WARMER WITH LESS THAN NORMAL PRECIPITATION...

TEMPERATURES...THE MAXIMUM TEMPERATURE FOR JULY WAS SEVEN DEGREES WARMER THAN THE
AVERAGE. THE MINIMUM TEMPERATURE WAS SIX DEGREES WARMER THAN AVERAGE. THE MAXIMUM
TEMPERATURE AVERAGE WAS SIX DEGREES ABOVE AND THE MINIMUM TEMPERATURE WAS FIVE
DEGREES ABOVE THE NORMAL TEMPERATURE.

PRECIPITATION...JULY PRECIPITATION TOTALS OF 2.46 INCHES WERE 2.47 INCHES BELOW THE
NORMAL.

RECORDS...THERE WAS NO RECORDS RECORDED FOR THE MONTH OF JULY.

$$
CSB AUG 16
