000
CXUS52 KCAE 020004
CLMAGS


CLIMATE REPORT
NATIONAL WEATHER SERVICE COLUMBIA SC
800 PM EDT SAT APR 1 2017

...................................

...THE AUGUSTA BUSH FIELD GA CLIMATE SUMMARY FOR THE MONTH OF MARCH 2017...

CLIMATE NORMAL PERIOD 1981 TO 2010
CLIMATE RECORD PERIOD 1873 TO 2017

WEATHER         OBSERVED          NORMAL  DEPART
                 VALUE   DATE(S)  VALUE   FROM
                                          NORMAL
................................................
TEMPERATURE (F)
RECORD
 HIGH              93   03/25/1929
                        03/23/1907
 LOW               12   03/03/1980
HIGHEST            91   03/21         0      91
LOWEST             23   03/16        MM      MM
AVG. MAXIMUM     73.7              69.9     3.8
AVG. MINIMUM     43.8              42.0     1.8
MEAN             58.8              55.9     2.9
DAYS MAX >= 90      1               0.1     0.9
DAYS MAX <= 32      0               0.0     0.0
DAYS MIN <= 32      7               4.6     2.4
DAYS MIN <= 0       0               0.0     0.0

PRECIPITATION (INCHES)
RECORD
 MAXIMUM        11.92   1980
 MINIMUM         0.69   1910
TOTALS           1.77              4.18   -2.41
DAILY AVG.       0.06              0.13   -0.07
DAYS >= .01         9               8.6     0.4
DAYS >= .10         6               6.1    -0.1
DAYS >= .50         0               2.8    -2.8
DAYS >= 1.00        0               1.2    -1.2
GREATEST
 24 HR. TOTAL    0.48   03/21 TO 03/21
                        03/13 TO 03/13
 STORM TOTAL       MM
 (MM/DD(HH))            MM

SNOWFALL (INCHES)
RECORDS
 TOTAL             MM   MM
TOTALS            0.0               0.0     0.0
SINCE 7/1           T               0.9    -0.9
DAYS >= TRACE       0               0.0     0.0
DAYS >= 1.0         0               0.0     0.0
GREATEST
 SNOW DEPTH         0   MM

DEGREE_DAYS
HEATING TOTAL     238               296     -58
 SINCE 7/1       1373              2328    -955
COOLING TOTAL      53                15      38
 SINCE 1/1         83                18      65

FREEZE DATES
RECORD
 EARLIEST     MM
 LATEST       MM
EARLIEST                        MM
LATEST                          MM
.................................................

WIND (MPH)
AVERAGE WIND SPEED              6.9
RESULTANT WIND SPEED/DIRECTION   1/251
HIGHEST WIND SPEED/DIRECTION    31/300    DATE  03/01
HIGHEST GUST SPEED/DIRECTION    40/280    DATE  03/01

SKY COVER
POSSIBLE SUNSHINE (PERCENT)   MM
AVERAGE SKY COVER           0.30
NUMBER OF DAYS FAIR           20
NUMBER OF DAYS PC              9
NUMBER OF DAYS CLOUDY          2

AVERAGE RH (PERCENT)     59

WEATHER CONDITIONS. NUMBER OF DAYS WITH
THUNDERSTORM              4     MIXED PRECIP               0
HEAVY RAIN                1     RAIN                       4
LIGHT RAIN               14     FREEZING RAIN              0
LT FREEZING RAIN          0     HAIL                       0
HEAVY SNOW                0     SNOW                       0
LIGHT SNOW                0     SLEET                      0
FOG                      13     FOG W/VIS <= 1/4 MILE      3
HAZE                      5

-  INDICATES NEGATIVE NUMBERS.
R  INDICATES RECORD WAS SET OR TIED.
MM INDICATES DATA IS MISSING.
T  INDICATES TRACE AMOUNT.

$$
