000
CXUS55 KPUB 011907
CLMALS


CLIMATE REPORT
NATIONAL WEATHER SERVICE PUEBLO
107 PM MDT TUE JUL 1 2014

...................................

...THE ALAMOSA CO CLIMATE SUMMARY FOR THE MONTH OF JUNE 2014...

CLIMATE NORMAL PERIOD 1981 TO 2010
CLIMATE RECORD PERIOD 1932 TO 2014

WEATHER         OBSERVED          NORMAL  DEPART  LAST YEAR`S
                 VALUE   DATE(S)  VALUE   FROM    VALUE  DATE(S)
                                          NORMAL
................................................................
TEMPERATURE (F)
RECORD
 HIGH              95   06/26/1994
 LOW               23   06/03/1936
HIGHEST            90   06/29        81       9       94  06/27
LOWEST             29   06/15        37      -8       27  06/02
                        06/10
AVG. MAXIMUM     81.8              78.6     3.2     84.4
AVG. MINIMUM     39.3              40.6    -1.3     39.3
MEAN             60.6              59.6     1.0     61.9
DAYS MAX >= 90      1               0.4     0.6
DAYS MAX <= 32      0               0.0     0.0
DAYS MIN <= 32      2               1.7     0.3
DAYS MIN <= 0       0               0.0     0.0

PRECIPITATION (INCHES)
RECORD
 MAXIMUM         1.95   1933
 MINIMUM            T   1946
                        1980
                        2011
TOTALS           0.02              0.49   -0.47     0.55
DAILY AVG.       0.00              0.02   -0.02
DAYS >= .01         2               5.1    -3.1
DAYS >= .10         0               1.7    -1.7
DAYS >= .50         0               0.0     0.0
DAYS >= 1.00        0               0.0     0.0
GREATEST
 24 HR. TOTAL    0.01   06/30 TO 06/30
                        06/07 TO 06/08
                        06/08 TO 06/08

SNOWFALL (INCHES)
RECORDS
 TOTAL            1.2   1950
TOTALS            0.0               0.0     0.0      0.0
SINCE 7/1        39.8              27.6    12.2     21.1
SNOWDEPTH AVG.      0
DAYS >= 1.0         0               0.0     0.0
GREATEST
 SNOW DEPTH         0   MM                             0
 24 HR TOTAL      0.0   06/30 TO 06/30               0.0

DEGREE_DAYS
HEATING TOTAL     126               168     -42      102
 SINCE 7/1       8672              8594      78     9043
COOLING TOTAL       1                 6      -5       16
 SINCE 1/1          1                 6      -5       16
.................................................................

WIND (MPH)
AVERAGE WIND SPEED              9.6
HIGHEST WIND SPEED/DIRECTION    41/300    DATE  06/08
HIGHEST GUST SPEED/DIRECTION    58/300    DATE  06/08

SKY COVER
POSSIBLE SUNSHINE (PERCENT)   MM
AVERAGE SKY COVER           0.00
NUMBER OF DAYS FAIR           30
NUMBER OF DAYS PC              0
NUMBER OF DAYS CLOUDY          0

AVERAGE RH (PERCENT)     41

WEATHER CONDITIONS. NUMBER OF DAYS WITH
THUNDERSTORM              0     MIXED PRECIP               0
HEAVY RAIN                0     RAIN                       0
LIGHT RAIN                6     FREEZING RAIN              0
LT FREEZING RAIN          0     HAIL                       0
HEAVY SNOW                0     SNOW                       0
LIGHT SNOW                0     SLEET                      0
FOG                       0     FOG W/VIS <= 1/4 MILE      0
HAZE                      5

-  INDICATES NEGATIVE NUMBERS.
R  INDICATES RECORD WAS SET OR TIED.
MM INDICATES DATA IS MISSING.
T  INDICATES TRACE AMOUNT.

$$
