000
CXUS52 KJAX 062012 RRA
CLMAMG

CLIMATE REPORT
NATIONAL WEATHER SERVICE JACKSONVILLE FL
1217 PM EST SUN FEB 1 2015

...................................

...THE ALMA CLIMATE SUMMARY FOR THE MONTH OF JANUARY 2015...

CLIMATE NORMAL PERIOD 1981 TO 2010
CLIMATE RECORD PERIOD 1948 TO 2015

WEATHER         OBSERVED          NORMAL  DEPART  LAST YEAR`S
                 VALUE   DATE(S)  VALUE   FROM    VALUE  DATE(S)
                                          NORMAL
................................................................
TEMPERATURE (F)
RECORD
 HIGH              83   01/29/2013
                        01/26/2012
                        01/30/1975
 LOW                    01/21/1985
HIGHEST            76   01/03        62      14       75  01/11
LOWEST             22   01/08        41     -19       18  01/07
AVG. MAXIMUM     60.4              61.6    -1.2     56.4
AVG. MINIMUM     38.4              39.8    -1.4     34.2
MEAN             49.4              50.7    -1.3     45.3
DAYS MAX >= 90      0               0.0     0.0        0
DAYS MAX <= 32      0               0.1    -0.1        1
DAYS MIN <= 32      7               8.3    -1.3       15
DAYS MIN <= 0       0               0.0     0.0        0

PRECIPITATION (INCHES)
RECORD
 MAXIMUM        14.86   1991
 MINIMUM         0.30   2003
TOTALS           2.21              4.26   -2.05     1.61
DAILY AVG.       0.07              0.14   -0.07     0.05
DAYS >= .01         5               9.5    -4.5       10
DAYS >= .10         4               6.6    -2.6        7
DAYS >= .50         2               2.9    -0.9        1
DAYS >= 1.00        1               1.3    -0.3        0
GREATEST
 24 HR. TOTAL    1.35

SNOWFALL (INCHES)
RECORDS
 TOTAL              T   2014
                        2000
TOTALS            0.0               0.0     0.0        T
SINCE 7/1         0.0               0.1    -0.1        T
SNOWDEPTH AVG.      0                MM      MM        0
DAYS >= 1.0         0               0.0     0.0        0
GREATEST
 SNOW DEPTH         0   MM                             0  MM
 24 HR TOTAL      0.0

DEGREE_DAYS
HEATING TOTAL     480               449      31      604
 SINCE 7/1       1198              1089     109     1164
COOLING TOTAL       3                 5      -2        1
 SINCE 1/1          3                 0       3        1
.................................................................

WIND (MPH)
AVERAGE WIND SPEED              5.4
HIGHEST WIND SPEED/DIRECTION    25/240    DATE  01/24
HIGHEST GUST SPEED/DIRECTION    36/240    DATE  01/24

SKY COVER
POSSIBLE SUNSHINE (PERCENT)   MM
AVERAGE SKY COVER           0.40
NUMBER OF DAYS FAIR           18
NUMBER OF DAYS PC              5
NUMBER OF DAYS CLOUDY          8

AVERAGE RH (PERCENT)     69

WEATHER CONDITIONS. NUMBER OF DAYS WITH
THUNDERSTORM              0     MIXED PRECIP               0
HEAVY RAIN                2     RAIN                       4
LIGHT RAIN                6     FREEZING RAIN              0
LT FREEZING RAIN          0     HAIL                       0
HEAVY SNOW                0     SNOW                       0
LIGHT SNOW                0     SLEET                      0
FOG                      19     FOG W/VIS <= 1/4 MILE      1
HAZE                      4

-  INDICATES NEGATIVE NUMBERS.
R  INDICATES RECORD WAS SET OR TIED.
MM INDICATES DATA IS MISSING.
T  INDICATES TRACE AMOUNT.

$$
