000
CXUS53 KAPX 062353
CLMANJ


CLIMATE REPORT
NATIONAL WEATHER SERVICE GAYLORD MI
653 PM EST SAT DEC 6 2014

...................................

...THE SAULT STE MARIE MI CLIMATE SUMMARY FOR THE MONTH OF NOVEMBER 2014...

CLIMATE NORMAL PERIOD 1981 TO 2010
CLIMATE RECORD PERIOD 1888 TO 2014

WEATHER         OBSERVED          NORMAL  DEPART  LAST YEAR`S
                 VALUE   DATE(S)  VALUE   FROM    VALUE  DATE(S)
                                          NORMAL
................................................................
TEMPERATURE (F)
RECORD
 HIGH              74   11/03/1938
 LOW              -12   11/29/1929
HIGHEST            54   11/03        MM      MM       56  11/17
                                                          11/05
LOWEST             -4   11/28        MM      MM        4  11/24
AVG. MAXIMUM     33.6              40.1    -6.5     38.3
AVG. MINIMUM     20.8              28.1    -7.3     26.4
MEAN             27.2              34.1    -6.9     32.3
DAYS MAX >= 90      0               0.0     0.0        0
DAYS MAX <= 32     16               5.7    10.3        8
DAYS MIN <= 32     26              19.2     6.8       21
DAYS MIN <= 0       1               0.0     1.0        0

PRECIPITATION (INCHES)
RECORD
 MAXIMUM           MM   MM
 MINIMUM           MM   MM
TOTALS           6.67              3.37    3.30     6.34
DAILY AVG.       0.22              0.11    0.11     0.21
DAYS >= .01        22              16.7     5.3       19
DAYS >= .10        13               9.4     3.6       16
DAYS >= .50         4               1.6     2.4        2
DAYS >= 1.00        2               0.4     1.6        1
GREATEST
 24 HR. TOTAL    1.37   11/13 TO 11/13
 STORM TOTAL       MM
 (MM/DD(HH))            MM

SNOWFALL (INCHES)
RECORDS
 TOTAL             MM   MM
TOTALS           65.4              15.1    50.3     15.0
SINCE 7/1        65.4              16.7    48.7     21.7
SNOWDEPTH AVG.     10                 4       6        1
DAYS >= TRACE      21              10.0    11.0       16
DAYS >= 1.0        13               5.2     7.8        8
GREATEST
 SNOW DEPTH        28   11/21                          4  11/30
                                                          11/29
                                                          11/28
 24 HR TOTAL     18.2   MM                           2.1

DEGREE_DAYS
HEATING TOTAL    1125               927     198
 SINCE 7/1       2163              1932     231

FREEZE DATES
RECORD
 EARLIEST     MM
 LATEST       MM
EARLIEST      11/01             MM
LATEST                          MM
.................................................................

WIND (MPH)
AVERAGE WIND SPEED              7.9
HIGHEST WIND SPEED/DIRECTION    27/280    DATE  11/20
HIGHEST GUST SPEED/DIRECTION    44/MM     DATE   MM

SKY COVER
POSSIBLE SUNSHINE (PERCENT)   MM
AVERAGE SKY COVER           0.80
NUMBER OF DAYS FAIR            3
NUMBER OF DAYS PC              6
NUMBER OF DAYS CLOUDY         21

AVERAGE RH (PERCENT)     77

WEATHER CONDITIONS. NUMBER OF DAYS WITH
THUNDERSTORM              0     MIXED PRECIP               0
HEAVY RAIN                0     RAIN                       3
LIGHT RAIN                7     FREEZING RAIN              1
LT FREEZING RAIN          2     HAIL                       0
HEAVY SNOW                5     SNOW                       9
LIGHT SNOW               22     SLEET                      0
FOG                      20     FOG W/VIS <= 1/4 MILE      5
HAZE                      1

-  INDICATES NEGATIVE NUMBERS.
R  INDICATES RECORD WAS SET OR TIED.
MM INDICATES DATA IS MISSING.
T  INDICATES TRACE AMOUNT.

$$
