000
CXUS52 KMFL 011417
CLMAPF

CLIMATE REPORT
NATIONAL WEATHER SERVICE MIAMI, FL
915 AM EST SUN MAR 1 2015

...................................

...THE NAPLES CLIMATE SUMMARY FOR THE MONTH OF FEBRUARY 2015...

CLIMATE NORMAL PERIOD 1981 TO 2010
CLIMATE RECORD PERIOD 1942 TO 2015

WEATHER         OBSERVED          NORMAL  DEPART  LAST YEAR`S
                 VALUE   DATE(S)  VALUE   FROM    VALUE  DATE(S)
                                          NORMAL
................................................................
TEMPERATURE (F)
RECORD
 HIGH              89   02/22/1974
                        02/21/1974
                        02/26/1962
 LOW               28   02/04/1981
HIGHEST            86   02/28                         87  02/04
LOWEST             36   02/20                         47  02/14
AVG. MAXIMUM     73.8              76.9    -3.1     79.4
AVG. MINIMUM     54.2              56.8    -2.6     61.8
MEAN             64.0              66.9    -2.9     70.6
DAYS MAX >= 90      0                                  0
DAYS MAX <= 32      0                                  0
DAYS MIN <= 32      0                                  0
DAYS MIN <= 0       0                                  0

PRECIPITATION (INCHES)
RECORD
 MAXIMUM         7.99   1983
 MINIMUM         0.00   1949
                        1948
TOTALS           1.54              2.10   -0.56     0.77
DAILY AVG.       0.05              0.07   -0.02     0.03
DAYS >= .01         4                                  4
DAYS >= .10         4                                  3
DAYS >= .50         1                                  0
DAYS >= 1.00        1                                  0
GREATEST
 24 HR. TOTAL    1.11   02/05 TO 02/05              0.55

DEGREE_DAYS
HEATING TOTAL      80                53      27       17
 SINCE 7/1        197               233     -36      142
COOLING TOTAL      59               105     -46      182
 SINCE 1/1        176               191     -15      273
.................................................................

WIND (MPH)
AVERAGE WIND SPEED              8.9
HIGHEST WIND SPEED/DIRECTION    25/310    DATE  02/19
HIGHEST GUST SPEED/DIRECTION    36/320    DATE  02/19

SKY COVER
POSSIBLE SUNSHINE (PERCENT)   MM
AVERAGE SKY COVER           0.30
NUMBER OF DAYS FAIR           17
NUMBER OF DAYS PC              8
NUMBER OF DAYS CLOUDY          3

AVERAGE RH (PERCENT)     72

WEATHER CONDITIONS. NUMBER OF DAYS WITH
THUNDERSTORM              3     MIXED PRECIP               0
HEAVY RAIN                3     RAIN                       4
LIGHT RAIN                6     FREEZING RAIN              0
LT FREEZING RAIN          0     HAIL                       0
HEAVY SNOW                0     SNOW                       0
LIGHT SNOW                0     SLEET                      0
FOG                      14     FOG W/VIS <= 1/4 MILE      3
HAZE                      6

-  INDICATES NEGATIVE NUMBERS.
R  INDICATES RECORD WAS SET OR TIED.
MM INDICATES DATA IS MISSING.
T  INDICATES TRACE AMOUNT.

$$
