000
CXUS52 KMFL 011346
CLMAPF


CLIMATE REPORT
NATIONAL WEATHER SERVICE MIAMI, FL
946 AM EDT WED JUL 1 2015

...................................

...THE NAPLES CLIMATE SUMMARY FOR THE MONTH OF JUNE 2015...

CLIMATE NORMAL PERIOD 1981 TO 2010
CLIMATE RECORD PERIOD 1942 TO 2015

WEATHER         OBSERVED          NORMAL  DEPART  LAST YEAR`S
                 VALUE   DATE(S)  VALUE   FROM    VALUE  DATE(S)
                                          NORMAL
................................................................
TEMPERATURE (F)
RECORD
 HIGH              98   06/06/1985
                        06/05/1985
                        06/13/1981
 LOW               59   06/01/1984
HIGHEST            93   06/30                         95  06/26
                        06/12
LOWEST             69   06/03                         70  06/15
                                                          06/04
AVG. MAXIMUM     90.0              89.9     0.1     89.3
AVG. MINIMUM     73.6              73.9    -0.3     74.0
MEAN             81.8              81.9    -0.1     81.7
DAYS MAX >= 90     21                                 11
DAYS MAX <= 32      0                                  0
DAYS MIN <= 32      0                                  0
DAYS MIN <= 0       0                                  0

PRECIPITATION (INCHES)
RECORD
 MAXIMUM        21.28   2005
 MINIMUM         0.91   1980
TOTALS           6.32              8.82   -2.50     8.18
DAILY AVG.       0.21              0.29   -0.08     0.27
DAYS >= .01        15                                 15
DAYS >= .10        11                                 13
DAYS >= .50         6                                  4
DAYS >= 1.00        0                                  3
GREATEST
 24 HR. TOTAL    0.96   06/05 TO 06/05              1.61
                        06/04 TO 06/05
                        06/05 TO 06/05

DEGREE_DAYS
HEATING TOTAL       0                 0       0        0
 SINCE 7/1        198               260     -62      149
COOLING TOTAL     510               507       3      507
 SINCE 1/1       1865              1535     330     1696
.................................................................

WIND (MPH)
AVERAGE WIND SPEED              6.2
HIGHEST WIND SPEED/DIRECTION    31/080    DATE  06/20
HIGHEST GUST SPEED/DIRECTION    52/050    DATE  06/20

SKY COVER
POSSIBLE SUNSHINE (PERCENT)   MM
AVERAGE SKY COVER           0.20
NUMBER OF DAYS FAIR           26
NUMBER OF DAYS PC              4
NUMBER OF DAYS CLOUDY          0

AVERAGE RH (PERCENT)     76

WEATHER CONDITIONS. NUMBER OF DAYS WITH
THUNDERSTORM             22     MIXED PRECIP               0
HEAVY RAIN               10     RAIN                      10
LIGHT RAIN               18     FREEZING RAIN              0
LT FREEZING RAIN          0     HAIL                       0
HEAVY SNOW                0     SNOW                       0
LIGHT SNOW                0     SLEET                      0
FOG                      13     FOG W/VIS <= 1/4 MILE      0
HAZE                      6

-  INDICATES NEGATIVE NUMBERS.
R  INDICATES RECORD WAS SET OR TIED.
MM INDICATES DATA IS MISSING.
T  INDICATES TRACE AMOUNT.

$$
