000
CXUS43 KLOT 011548
CLMARR


CLIMATE REPORT
NATIONAL WEATHER SERVICE CHICAGO IL
828 AM CST SUN MAR 1 2015

...................................

...THE AURORA MUNICIPAL AIRPORT CLIMATE SUMMARY FOR THE MONTH OF FEBRUARY 2015...

CLIMATE NORMAL PERIOD 1981 TO 2010
CLIMATE RECORD PERIOD 1998 TO 2015

WEATHER         OBSERVED          NORMAL  DEPART  LAST YEAR`S
                 VALUE   DATE(S)  VALUE   FROM    VALUE
                                          NORMAL
.............................................................
TEMPERATURE (F)
RECORD
 HIGH              70   02/25/2000
 LOW              -23   02/11/2014
HIGHEST            40   02/07        MM      MM       45
LOWEST            -18   02/28        MM      MM      -23
                        02/05
AVG. MAXIMUM     22.9              33.7   -10.8     22.8
AVG. MINIMUM      0.1              16.2   -16.1      1.6
MEAN             11.5              24.9   -13.4     12.2

PRECIPITATION (INCHES)
RECORD
 MAXIMUM         3.12   2009
 MINIMUM         0.02   2003
TOTALS              TR             1.62   -1.62     1.05

DEGREE_DAYS
HEATING TOTAL    1491              1121     370     1472
 SINCE 7/1       5455              5138     317     5576
COOLING TOTAL       0                 0       0        0
 SINCE 1/1          0                 0       0        0
..............................................................

WIND (MPH)
AVERAGE WIND SPEED              10.2
HIGHEST WIND SPEED/DIRECTION    41/340    DATE  02/14
HIGHEST GUST SPEED/DIRECTION    49/330    DATE  02/14

AVERAGE RH (PERCENT)     69


-  INDICATES NEGATIVE NUMBERS.
R  INDICATES RECORD WAS SET OR TIED.
MM INDICATES DATA IS MISSING.
T  INDICATES TRACE AMOUNT.

$$
