000
CXUS56 KPQR 011743
CLMAST


CLIMATE REPORT
NATIONAL WEATHER SERVICE PORTLAND OREGON
943 AM PST MON FEB 1 2016

...................................

...THE ASTORIA OR CLIMATE SUMMARY FOR THE MONTH OF JANUARY 2016...

CLIMATE NORMAL PERIOD 1981 TO 2010
CLIMATE RECORD PERIOD 1892 TO 2016

WEATHER         OBSERVED          NORMAL  DEPART  LAST YEAR`S
                 VALUE   DATE(S)  VALUE   FROM    VALUE  DATE(S)
                                          NORMAL
................................................................
TEMPERATURE (F)
HIGHEST            61                                 63  01/25
LOWEST             29                                 27  01/02
AVG. MAXIMUM     51.3              49.8     1.5     53.3
AVG. MINIMUM     40.2              37.7     2.5     39.2
MEAN             45.7              43.8     1.9     46.3
DAYS MAX >= 90      0               0.0     0.0        0
DAYS MAX <= 32      0               0.1    -0.1        0
DAYS MIN <= 32      3               6.3    -3.3        3
DAYS MIN <= 0       0               0.0     0.0        0

PRECIPITATION (INCHES)
RECORD
 MAXIMUM        24.10   2006
 MINIMUM         0.69   1985
TOTALS          13.75             10.20    3.55     9.19
DAYS >= .01        24              21.4     2.6       17
DAYS >= .10        22              16.6     5.4        9
DAYS >= .50        11               7.6     3.4        4
DAYS >= 1.00        3               2.5     0.5        3
GREATEST
 24 HR. TOTAL    3.64   01/21 TO 01/22

DEGREE_DAYS
HEATING TOTAL     591               659     -68      573
 SINCE 7/1       2164              2765    -601     2109
COOLING TOTAL       0                 0       0        0
 SINCE 1/1          0                 0       0        0
.................................................................

WIND (MPH)
AVERAGE WIND SPEED              7.9
RESULTANT WIND SPEED/DIRECTION   5/120
HIGHEST WIND SPEED/DIRECTION    37/190    DATE  01/28
HIGHEST GUST SPEED/DIRECTION    62/200    DATE  01/28

SKY COVER
POSSIBLE SUNSHINE (PERCENT)   MM
AVERAGE SKY COVER           0.70
NUMBER OF DAYS FAIR            3
NUMBER OF DAYS PC              7
NUMBER OF DAYS CLOUDY         21

AVERAGE RH (PERCENT)     83

WEATHER CONDITIONS. NUMBER OF DAYS WITH
THUNDERSTORM              0     MIXED PRECIP               0
HEAVY RAIN                4     RAIN                      17
LIGHT RAIN               27     FREEZING RAIN              0
LT FREEZING RAIN          0     HAIL                       0
HEAVY SNOW                0     SNOW                       0
LIGHT SNOW                0     SLEET                      0
FOG                      25     FOG W/VIS <= 1/4 MILE      0
HAZE                      7

-  INDICATES NEGATIVE NUMBERS.
R  INDICATES RECORD WAS SET OR TIED.
MM INDICATES DATA IS MISSING.
T  INDICATES TRACE AMOUNT.

$$
