000
CXUS56 KPQR 011511
CLMAST


CLIMATE REPORT
NATIONAL WEATHER SERVICE PORTLAND OREGON
811 AM PDT FRI SEP 1 2017

...................................

...THE ASTORIA OR CLIMATE SUMMARY FOR THE MONTH OF AUGUST 2017...

CLIMATE NORMAL PERIOD 1981 TO 2010
CLIMATE RECORD PERIOD 1892 TO 2017

WEATHER         OBSERVED          NORMAL  DEPART  LAST YEAR`S
                 VALUE   DATE(S)  VALUE   FROM    VALUE  DATE(S)
                                          NORMAL
................................................................
TEMPERATURE (F)
HIGHEST            93                                 98  08/19
LOWEST             47                                 51  08/29
                                                          08/24
AVG. MAXIMUM     70.6              68.7     1.9     72.8
AVG. MINIMUM     53.6              53.1     0.5     55.7
MEAN             62.1              60.9     1.2     64.3
DAYS MAX >= 90      1               0.0     1.0        3
DAYS MAX <= 32      0               0.0     0.0        0
DAYS MIN <= 32      0               0.0     0.0        0
DAYS MIN <= 0       0               0.0     0.0        0

PRECIPITATION (INCHES)
RECORD
 MAXIMUM         5.22   1968
 MINIMUM         0.02   1917
TOTALS           0.39              1.16   -0.77     0.50
DAYS >= .01         4               7.4    -3.4        6
DAYS >= .10         2               2.6    -0.6        1
DAYS >= .50         0               0.7    -0.7        0
DAYS >= 1.00        0               0.2    -0.2        0
GREATEST
 24 HR. TOTAL    0.20   08/13 TO 08/13

DEGREE_DAYS
HEATING TOTAL      99               131     -32       60
 SINCE 7/1        240               281     -41      121
COOLING TOTAL      17                 4      13       44
 SINCE 1/1         33                 7      26       55
.................................................................

WIND (MPH)
AVERAGE WIND SPEED              7.1
RESULTANT WIND SPEED/DIRECTION   5/295
HIGHEST WIND SPEED/DIRECTION    25/230    DATE  08/31
HIGHEST GUST SPEED/DIRECTION    29/200    DATE  08/13

SKY COVER
POSSIBLE SUNSHINE (PERCENT)   MM
AVERAGE SKY COVER           0.50
NUMBER OF DAYS FAIR           13
NUMBER OF DAYS PC              5
NUMBER OF DAYS CLOUDY         13

AVERAGE RH (PERCENT)     78

WEATHER CONDITIONS. NUMBER OF DAYS WITH
THUNDERSTORM              0     MIXED PRECIP               0
HEAVY RAIN                0     RAIN                       0
LIGHT RAIN                7     FREEZING RAIN              0
LT FREEZING RAIN          0     HAIL                       0
HEAVY SNOW                0     SNOW                       0
LIGHT SNOW                0     SLEET                      0
FOG                      19     FOG W/VIS <= 1/4 MILE      1
HAZE                      5

-  INDICATES NEGATIVE NUMBERS.
R  INDICATES RECORD WAS SET OR TIED.
MM INDICATES DATA IS MISSING.
T  INDICATES TRACE AMOUNT.

$$
