000
CXUS51 KGYX 020301
CLMAUG

PWMCLMAUG 000
TTAA00 KGYX 020258


CLIMATE REPORT
NATIONAL WEATHER SERVICE GRAY ME
1058 PM EDT SAT NOV 1 2014

...................................

...THE AUGUSTA CLIMATE SUMMARY FOR THE MONTH OF OCTOBER 2014...

CLIMATE NORMAL PERIOD 1981 TO 2010
CLIMATE RECORD PERIOD 1948 TO 2014

WEATHER         OBSERVED          NORMAL  DEPART  LAST YEAR`S
                 VALUE   DATE(S)  VALUE   FROM    VALUE  DATE(S)
                                          NORMAL
................................................................
TEMPERATURE (F)
RECORD
 HIGH              85   10/01/1954
 LOW               21   10/19/1974
                        10/28/1957
HIGHEST            75   10/15        75       0       77  10/02
LOWEST             34   10/13        28       6       25  10/29
AVG. MAXIMUM     59.2              57.2     2.0     60.3
AVG. MINIMUM     44.7              39.6     5.1     41.3
MEAN             52.0              48.4     3.6     50.8
DAYS MAX >= 90      0               0.0     0.0        0
DAYS MAX <= 32      0               0.0     0.0        0
DAYS MIN <= 32      0               5.3    -5.3        5
DAYS MIN <= 0       0               0.0     0.0        0

PRECIPITATION (INCHES)
RECORD
 MAXIMUM        13.47   2005
 MINIMUM         1.11   1997
TOTALS           4.94              4.36    0.58     1.34
DAILY AVG.       0.16              0.14    0.02     0.04
DAYS >= .01        15              11.4     3.6        9
DAYS >= .10        10               6.7     3.3        3
DAYS >= .50         3               2.6     0.4        1
DAYS >= 1.00        2               1.3     0.7        0
GREATEST
 24 HR. TOTAL    1.53   10/23

DEGREE_DAYS
HEATING TOTAL     400               515    -115      433
 SINCE 7/1        614               735    -121      634
COOLING TOTAL       4                 1       3        0
 SINCE 1/1        371               388     -17      428
.................................................................

WIND (MPH)
AVERAGE WIND SPEED              7.4
HIGHEST WIND SPEED/DIRECTION    29/030    DATE  10/22
HIGHEST GUST SPEED/DIRECTION    41/040    DATE  10/22

SKY COVER
AVERAGE SKY COVER           0.60

AVERAGE RH (PERCENT)     75

WEATHER CONDITIONS. NUMBER OF DAYS WITH
THUNDERSTORM              0     HEAVY RAIN                 3
RAIN                      8     LIGHT RAIN                15
FREEZING RAIN             0     LT FREEZING RAIN           0
HEAVY SNOW                0     SNOW                       0
LIGHT SNOW                0     FOG                       19
FOG W/VIS <= 1/4 MILE     5     HAZE                       2

-  INDICATES NEGATIVE NUMBERS.
R  INDICATES RECORD WAS SET OR TIED.
MM INDICATES DATA IS MISSING.
T  INDICATES TRACE AMOUNT.

$$

KIMBLE
