000
CXUS54 KEWX 011837
CLMAUS

SATCLMAUS 000
TTAA00 KEWX 011827


CLIMATE REPORT
NATIONAL WEATHER SERVICE AUSTIN/SAN ANTONIO, TX
137 PM CDT SAT APR 1 2017

...................................

...THE AUSTIN BERGSTROM CLIMATE SUMMARY FOR THE MONTH OF MARCH 2017...

CLIMATE NORMAL PERIOD 1981 TO 2010
CLIMATE RECORD PERIOD 1943 TO 2017

WEATHER         OBSERVED          NORMAL  DEPART  LAST YEAR`S
                 VALUE   DATE(S)  VALUE   FROM    VALUE  DATE(S)
                                          NORMAL
................................................................
TEMPERATURE (F)
HIGHEST            88   03/28                         88  03/14
LOWEST             34   03/03                         32  03/21
AVG. MAXIMUM     78.7              71.8     6.9     76.0
AVG. MINIMUM     56.1              46.6     9.5     51.1
MEAN             67.4              59.2     8.2     63.5
DAYS MAX >= 90      0                                  0
DAYS MAX <= 32      0                                  0
DAYS MIN <= 32      0                                  1
DAYS MIN <= 0       0                                  0

PRECIPITATION (INCHES)
TOTALS           3.33              2.78    0.55     3.81
DAILY AVG.       0.11              0.09    0.02     0.12
DAYS >= .01         7                                 11
DAYS >= .10         4                                  5
DAYS >= .50         3                                  2
DAYS >= 1.00        1                                  1
GREATEST
 24 HR. TOTAL    1.31   03/29 TO 03/29

SNOWFALL (INCHES)
TOTALS            0.0                MM      MM      0.0
SINCE 7/1         0.0                MM      MM        T

DEGREE_DAYS
HEATING TOTAL      73               222    -149      108
 SINCE 7/1        947              1837    -890     1342
COOLING TOTAL     153                42     111       72
 SINCE 1/1        262                58     204       95
.................................................................

WIND (MPH)
AVERAGE WIND SPEED              9.4
HIGHEST WIND SPEED/DIRECTION    32/140    DATE  03/28
HIGHEST GUST SPEED/DIRECTION    41/190    DATE  03/23

SKY COVER
POSSIBLE SUNSHINE (PERCENT)   MM
AVERAGE SKY COVER           0.60
NUMBER OF DAYS FAIR            5
NUMBER OF DAYS PC             16
NUMBER OF DAYS CLOUDY         10

AVERAGE RH (PERCENT)     69

WEATHER CONDITIONS. NUMBER OF DAYS WITH
THUNDERSTORM              0     MIXED PRECIP               0
HEAVY RAIN                3     RAIN                       4
LIGHT RAIN               13     FREEZING RAIN              0
LT FREEZING RAIN          0     HAIL                       0
HEAVY SNOW                0     SNOW                       0
LIGHT SNOW                0     SLEET                      0
FOG                      15     FOG W/VIS <= 1/4 MILE      2
HAZE                      1

-  INDICATES NEGATIVE NUMBERS.
R  INDICATES RECORD WAS SET OR TIED.
MM INDICATES DATA IS MISSING.
T  INDICATES TRACE AMOUNT.

&&

MONTHLY CLIMATE SUMMARY:
MARCH 2017 WAS THE 4TH WARMEST AND 17TH WETTEST
SINCE RECORD KEEPING BEGAN.

SEA LEVEL PRESSURE DATA:
HIGHEST SLP 30.56 INCHES ON THE 3RD
LOWEST  SLP  29.60 INCHES ON THE 28TH


PRELIMINARY LOCAL CLIMATOLOGICAL DATA (WS FORM: F-6)

                                          STATION:   AUSTIN BERGSTROM
                                          MONTH:     MARCH
                                          YEAR:      2017
                                          LATITUDE:   30 13 N
                                          LONGITUDE:  97 40 W

  TEMPERATURE IN F:       :PCPN:    SNOW:  WIND      :SUNSHINE: SKY     :PK WND
================================================================================
1   2   3   4   5  6A  6B    7    8   9   10  11  12  13   14  15   16   17  18
                                     12Z  AVG MX 2MIN
DY MAX MIN AVG DEP HDD CDD  WTR  SNW DPTH SPD SPD DIR MIN PSBL S-S WX    SPD DR
================================================================================

 1  73  45  59   4   6   0 0.00  0.0    0 12.8 26 360   M    M   7 1      33  20
 2  67  40  54  -1  11   0 0.00  0.0    0  9.5 20  20   M    M   5        26  40
 3  70  34  52  -4  13   0 0.00  0.0    0  6.8 18 150   M    M   6        23 110
 4  60  52  56   0   9   0 0.78  0.0    0  5.2 15 110   M    M  10 1      19 110
 5  75  59  67  11   0   2 0.44  0.0    0  6.2 16 190   M    M   8 1      19 200
 6  85  68  77  21   0  12 0.00  0.0    0 15.7 28 180   M    M   9        36 180
 7  77  59  68  11   0   3    T  0.0    0 11.3 28  10   M    M   8 1      34  10
 8  76  59  68  11   0   3    T  0.0    0  6.6 13 140   M    M  10        14  40
 9  81  66  74  17   0   9    T  0.0    0  7.9 21 170   M    M  10 13     26 180
10  83  57  70  12   0   5 0.00  0.0    0  4.1 17 190   M    M   8        21 200
11  68  60  64   6   1   0 0.68  0.0    0  6.6 14 110   M    M   9 1      20 120
12  64  48  56  -2   9   0    T  0.0    0 12.8 30  20   M    M  10 1      35  20
13  69  44  57  -1   8   0 0.02  0.0    0  7.5 21  40   M    M   6 18     27  20
14  72  39  56  -3   9   0 0.00  0.0    0  4.3 16 170   M    M   1        21 150
15  75  41  58  -1   7   0 0.00  0.0    0  6.5 17 130   M    M   3 1      23 130
16  80  60  70  11   0   5 0.01  0.0    0 11.0 21 160   M    M   8 1      27 150
17  83  65  74  14   0   9    T  0.0    0 14.3 25 180   M    M   7        35 190
18  84  56  70  10   0   5 0.00  0.0    0  6.6 15 190   M    M   6 12     19 190
19  84  64  74  14   0   9 0.00  0.0    0 10.0 20 180   M    M   4        24 170
20  85  64  75  15   0  10 0.00  0.0    0 12.5 21 180   M    M   4        27 190
21  84  63  74  13   0   9 0.00  0.0    0 11.7 22 190   M    M   5        30 200
22  83  65  74  13   0   9 0.00  0.0    0 10.4 18 150   M    M   6        23 170
23  86  66  76  15   0  11 0.00  0.0    0 18.0 32 180   M    M   6        41 190
24  83  64  74  13   0   9 0.09  0.0    0 11.6 24 180   M    M   6 1      31 170
25  82  49  66   4   0   1 0.00  0.0    0  4.6 15 320   M    M   0        22 320
26  86  54  70   8   0   5    T  0.0    0 11.6 24 180   M    M   6 12     29 150
27  84  68  76  14   0  11 0.00  0.0    0  6.8 17 180   M    M   6        22 180
28  88  70  79  17   0  14    T  0.0    0 15.1 32 140   M    M   7 1      40 150
29  85  61  73  10   0   8 1.31  0.0    0  5.3 25 320   M    M   5 13     35 310
30  81  52  67   4   0   2 0.00  0.0    0  7.5 16 340   M    M   1        24 320
31  86  48  67   4   0   2 0.00  0.0    0 11.2 23 150   M    M   0        29 150
================================================================================
SM 2439 1740        73 153  3.33     0.0 292.0          M      187
================================================================================
AV 78.7 56.1                               9.4 FASTST   M    M   6    MAX(MPH)
                                 MISC ---->  # 32 180               # 41  190
================================================================================

NOTES:
# LAST OF SEVERAL OCCURRENCES

COLUMN 17 PEAK WIND IN M.P.H.

SYMBOLS USED IN COLUMN 16
1 = FOG OR MIST
2 = FOG REDUCING VISIBILITY
3 = THUNDER
4 = ICE PELLETS
5 = HAIL
6 = FREEZING RAIN OR DRIZZLE
7 = DUSTSTORM OR SANDSTORM:
8 = SMOKE OR HAZE
9 = BLOWING SNOW
X = TORNADO

$$
