000
CXUS53 KGRB 011055
CLMAUW


CLIMATE REPORT
NATIONAL WEATHER SERVICE GREEN BAY
454 AM CST MON JAN 1 2018

...................................

...THE WAUSAU WI CLIMATE SUMMARY FOR THE MONTH OF DECEMBER 2017...

CLIMATE NORMAL PERIOD 1981 TO 2010
CLIMATE RECORD PERIOD 1896 TO 2017

WEATHER         OBSERVED          NORMAL  DEPART  LAST YEAR`S
                 VALUE   DATE(S)  VALUE   FROM    VALUE  DATE(S)
                                          NORMAL
................................................................
TEMPERATURE (F)
RECORD
 HIGH              61   12/05/2001
                        12/02/1982
 LOW              -31   12/31/1946
HIGHEST            55   12/04        43      12       40  12/26
LOWEST            -16   12/27       -13      -3      -15  12/18
                        12/26
AVG. MAXIMUM     22.0              26.5    -4.5     24.5
AVG. MINIMUM      8.8              11.4    -2.6     13.6
MEAN             15.4              19.0    -3.6     19.0
DAYS MAX >= 90      0               0.0     0.0        0
DAYS MAX <= 32     24              21.3     2.7       22
DAYS MIN <= 32     30              30.0     0.0       31
DAYS MIN <= 0       7               6.7     0.3        5

PRECIPITATION (INCHES)
RECORD
 MAXIMUM         4.94   2015
 MINIMUM         0.10   1958
TOTALS           1.16              1.36   -0.20     2.66
DAILY AVG.       0.04              0.04    0.00     0.09
DAYS >= .01        14              10.1     3.9       12
DAYS >= .10         2               3.8    -1.8        9
DAYS >= .50         1               0.5     0.5
DAYS >= 1.00        0               0.1    -0.1        0
GREATEST
 STORM TOTAL       MM
 (MM/DD(HH))            MM

SNOWFALL (INCHES)
RECORDS
 TOTAL           37.6   2008
 24 HR TOTAL     12.8   MM
TOTALS            9.6              13.9    -4.3     24.1
SINCE 7/1        17.9              22.2    -4.3     27.2
DAYS >= TRACE      21              10.0    11.0
DAYS >= 1.0         3               4.3    -1.3        7
GREATEST
 SNOW DEPTH         5   12/31                         12  12/23
                        12/30
                        12/29
 24 HR TOTAL      3.1   12/13 TO 12/13

DEGREE_DAYS
HEATING TOTAL    1530              1427     103     1417
 SINCE 7/1       3215              3286     -71     2695
COOLING TOTAL       0                 0       0        0
 SINCE 1/1        339               407     -68      512
.................................................................

WIND (MPH)
AVERAGE WIND SPEED              8.6
HIGHEST WIND SPEED/DIRECTION    33/230    DATE  12/04
HIGHEST GUST SPEED/DIRECTION    50/250    DATE  12/04

SKY COVER
POSSIBLE SUNSHINE (PERCENT)   MM
AVERAGE SKY COVER           0.60
NUMBER OF DAYS FAIR            9
NUMBER OF DAYS PC              6
NUMBER OF DAYS CLOUDY         16

AVERAGE RH (PERCENT)     77

WEATHER CONDITIONS. NUMBER OF DAYS WITH
THUNDERSTORM              0     MIXED PRECIP               0
HEAVY RAIN                1     RAIN                       1
LIGHT RAIN                3     FREEZING RAIN              0
LT FREEZING RAIN          0     HAIL                       0
HEAVY SNOW                0     SNOW                       0
LIGHT SNOW               22     SLEET                      0
FOG                      21     FOG W/VIS <= 1/4 MILE      1
HAZE                      5

-  INDICATES NEGATIVE NUMBERS.
R  INDICATES RECORD WAS SET OR TIED.
MM INDICATES DATA IS MISSING.
T  INDICATES TRACE AMOUNT.

$$
