000
CXUS53 KGRB 010704
CLMAUW


CLIMATE REPORT
NATIONAL WEATHER SERVICE GREEN BAY
204 AM CDT FRI AUG 1 2014

...................................

...THE WAUSAU WI CLIMATE SUMMARY FOR THE MONTH OF JULY 2014...

CLIMATE NORMAL PERIOD 1981 TO 2010
CLIMATE RECORD PERIOD 1896 TO 2014

WEATHER         OBSERVED          NORMAL  DEPART  LAST YEAR`S
                 VALUE   DATE(S)  VALUE   FROM    VALUE  DATE(S)
                                          NORMAL
................................................................
TEMPERATURE (F)
RECORD
 HIGH             107   07/13/1936
 LOW               37   07/21/1904
HIGHEST            87   07/22        91      -4       92  07/17
                                                          07/16
LOWEST             44   07/16        48      -4       47  07/28
                                                          07/27
AVG. MAXIMUM     76.4              80.0    -3.6     80.5
AVG. MINIMUM     55.9              58.6    -2.7     59.1
MEAN             66.2              69.3    -3.1     69.8
DAYS MAX >= 90      0               1.9    -1.9        3
DAYS MAX <= 32      0               0.0     0.0        0
DAYS MIN <= 32      0               0.0     0.0        0
DAYS MIN <= 0       0               0.0     0.0        0

PRECIPITATION (INCHES)
RECORD
 MAXIMUM        13.02   1900
 MINIMUM         0.94   1937
TOTALS           2.60              3.83   -1.23     3.82
DAILY AVG.       0.08              0.12   -0.04     0.12
DAYS >= .01        13              11.7     1.3       13
DAYS >= .10         8               7.1     0.9        7
DAYS >= .50         0               2.3    -2.3
DAYS >= 1.00        0               1.0    -1.0        1
GREATEST
 STORM TOTAL       MM
 (MM/DD(HH))            MM

SNOWFALL (INCHES)
RECORDS
 TOTAL            0.0   MM
 24 HR TOTAL      0.0   MM
TOTALS            0.0               0.0     0.0      0.0
SINCE 7/1         0.0               0.0     0.0      0.0
DAYS >= TRACE       0               0.0     0.0
DAYS >= 1.0         0               0.0     0.0        0
GREATEST
 SNOW DEPTH         0   MM                             0  MM
 24 HR TOTAL      0.0   07/31 TO 07/31

DEGREE_DAYS
HEATING TOTAL      39                23      16       30
 SINCE 7/1         39                23      16       30
COOLING TOTAL      84               156     -72      185
 SINCE 1/1        219               260     -41      306
.................................................................

WIND (MPH)
AVERAGE WIND SPEED              7.8
HIGHEST WIND SPEED/DIRECTION    25/310    DATE  07/14
HIGHEST GUST SPEED/DIRECTION    33/200    DATE  07/11

SKY COVER
POSSIBLE SUNSHINE (PERCENT)   MM
AVERAGE SKY COVER           0.40
NUMBER OF DAYS FAIR           12
NUMBER OF DAYS PC             18
NUMBER OF DAYS CLOUDY          1

AVERAGE RH (PERCENT)     71

WEATHER CONDITIONS. NUMBER OF DAYS WITH
THUNDERSTORM              0     MIXED PRECIP               0
HEAVY RAIN                5     RAIN                       6
LIGHT RAIN               16     FREEZING RAIN              0
LT FREEZING RAIN          0     HAIL                       0
HEAVY SNOW                0     SNOW                       0
LIGHT SNOW                0     SLEET                      0
FOG                      14     FOG W/VIS <= 1/4 MILE      0
HAZE                      2

-  INDICATES NEGATIVE NUMBERS.
R  INDICATES RECORD WAS SET OR TIED.
MM INDICATES DATA IS MISSING.
T  INDICATES TRACE AMOUNT.

$$
