000
CXUS52 KGSP 011520
CLMAVL

CLIMATE REPORT
NATIONAL WEATHER SERVICE GREENVILLE-SPARTANBURG SC
1120 AM EDT TUE AUG 1 2017

...................................

...THE ASHEVILLE CLIMATE SUMMARY FOR THE MONTH OF JULY 2017...

CLIMATE NORMAL PERIOD 1981 TO 2010
CLIMATE RECORD PERIOD 1869 TO 2017

WEATHER         OBSERVED          NORMAL  DEPART  LAST YEAR`S
                 VALUE   DATE(S)  VALUE   FROM    VALUE  DATE(S)
                                          NORMAL
................................................................
TEMPERATURE (F)
RECORD
 HIGH              99   07/10/1936
 LOW               44   07/02/1988
HIGHEST            91   07/22        MM      MM       92  07/27
                        07/21                             07/08
                        07/13
LOWEST             55   07/31        MM      MM       62  07/02
AVG. MAXIMUM     86.0              84.0     2.0     88.0
AVG. MINIMUM     65.0              63.7     1.3     66.3
MEAN             75.5              73.8     1.7     77.1
DAYS MAX >= 90      5               3.1     1.9        9
DAYS MAX <= 32      0               0.0     0.0        0
DAYS MIN <= 32      0               0.0     0.0        0
DAYS MIN <= 0       0               0.0     0.0        0

PRECIPITATION (INCHES)
RECORD
 MAXIMUM        13.69   2013
 MINIMUM         0.46   1986
TOTALS           4.53              4.31    0.22     4.39
DAILY AVG.       0.15              0.14    0.01     0.14
DAYS >= .01        16              12.9     3.1       19
DAYS >= .10        10               8.1     1.9        9
DAYS >= .50         4               3.0     1.0        3
DAYS >= 1.00        0               0.9    -0.9        0
GREATEST
 24 HR. TOTAL    1.24   07/14 TO 07/15           07/06 TO 07/07
                                                          07/31 TO 07/31
                                                          07/31 TO 07/31
 STORM TOTAL       MM                                 MM
 (MM/DD(HH))            MM                    07/07(00) TO 07/07(00)
                                                 07/31(00) TO 07/31(00)1
                                                 07/31(00) TO 07/31(00)1

DEGREE_DAYS
HEATING TOTAL       0                 0       0        0
 SINCE 7/1          0                 0       0        0
COOLING TOTAL     334               275      59      383
 SINCE 1/1        615               510     105      733

FREEZE DATES
RECORD
 EARLIEST     MM
 LATEST       MM
EARLIEST                        MM
LATEST                          MM
..................................................

WIND (MPH)
AVERAGE WIND SPEED              4.3
HIGHEST WIND SPEED/DIRECTION    24/340    DATE  07/29
HIGHEST GUST SPEED/DIRECTION    33/350    DATE  07/01

SKY COVER
POSSIBLE SUNSHINE (PERCENT)   MM
AVERAGE SKY COVER           0.30
NUMBER OF DAYS FAIR           17
NUMBER OF DAYS PC             14
NUMBER OF DAYS CLOUDY          0

AVERAGE RH (PERCENT)     74

WEATHER CONDITIONS. NUMBER OF DAYS WITH
THUNDERSTORM             18     MIXED PRECIP               0
HEAVY RAIN                9     RAIN                      11
LIGHT RAIN               20     FREEZING RAIN              0
LT FREEZING RAIN          0     HAIL                       0
HEAVY SNOW                0     SNOW                       0
LIGHT SNOW                0     SLEET                      0
FOG                      27     FOG W/VIS <= 1/4 MILE      9
HAZE                      6

-  INDICATES NEGATIVE NUMBERS.
R  INDICATES RECORD WAS SET OR TIED.
MM INDICATES DATA IS MISSING.
T  INDICATES TRACE AMOUNT.

$$

OUTLAW
