005
CXUS52 KGSP 012352 CCA
CLMAVL

CLIMATE REPORT...CORRECTED MISSING DEGREE DAY SECTION
NATIONAL WEATHER SERVICE GREENVILLE-SPARTANBURG SC
407 AM EST MON JAN 1 2018

...................................

...THE ASHEVILLE CLIMATE SUMMARY FOR THE MONTH OF DECEMBER 2017...

CLIMATE NORMAL PERIOD 1981 TO 2010
CLIMATE RECORD PERIOD 1869 TO 2017

WEATHER         OBSERVED          NORMAL  DEPART  LAST YEAR`S
                 VALUE   DATE(S)  VALUE   FROM    VALUE  DATE(S)
                                          NORMAL
................................................................
TEMPERATURE (F)
RECORD
 HIGH              81   12/31/1951
 LOW               -7   12/25/1983
HIGHEST            67   12/19        MM      MM       65  12/25
                                                          12/24
LOWEST             19   12/31        MM      MM       17  12/10
AVG. MAXIMUM     49.2              49.5    -0.3     51.1
AVG. MINIMUM     31.4              29.3     2.1     32.8
MEAN             40.3              39.4     0.9     42.0
DAYS MAX >= 90      0               0.0     0.0        0
DAYS MAX <= 32      1               1.4    -0.4        0
DAYS MIN <= 32     20              20.3    -0.3       14
DAYS MIN <= 0       0               0.1    -0.1        0

PRECIPITATION (INCHES)
RECORD
 MAXIMUM         9.16   2009
 MINIMUM         0.16   1985
TOTALS           2.47              3.59   -1.12     2.31
DAILY AVG.       0.08              0.12   -0.04     0.07
DAYS >= .01         6               9.7    -3.7        9
DAYS >= .10         5               5.8    -0.8        5
DAYS >= .50         3               2.4     0.6        1
DAYS >= 1.00        0               0.9    -0.9        1
GREATEST
 24 HR. TOTAL    0.93   12/08 TO 12/09


SNOWFALL (INCHES)
RECORDS
 TOTAL           17.2   1876
 24 HR TOTAL     16.3   12/03/1971 TO 12/03/1971
 SNOW DEPTH        14   12/04/1971
TOTALS            8.7               0.9     7.8      0.0
 LIQUID EQUIV    0.87              0.10    0.77     0.00
SINCE 7/1         8.7               1.0     7.7      0.0
 LIQUID 7/1      0.87              0.10    0.77     0.00
SNOWDEPTH AVG.      1                MM      MM        0
DAYS >= TRACE       3               1.0     2.0        0
DAYS >= 1.0         2               0.4     1.6        0
GREATEST
 SNOW DEPTH         8   12/09                          0
 24 HR TOTAL      8.5   12/08 TO 12/09

DEGREE_DAYS
HEATING TOTAL     758               794     -36      707
 SINCE 7/1       1476              1661    -185     1278
COOLING TOTAL       0                 0       0        0
 SINCE 1/1       1042               863     179     1317

FREEZE DATES
RECORD
 EARLIEST     MM
 LATEST       MM
EARLIEST                        MM
LATEST                          MM
.................................................................

WIND (MPH)
AVERAGE WIND SPEED              7.5
HIGHEST WIND SPEED/DIRECTION    31/330    DATE  12/12
HIGHEST GUST SPEED/DIRECTION    41/330    DATE  12/12

SKY COVER
POSSIBLE SUNSHINE (PERCENT)   MM
AVERAGE SKY COVER           0.40
NUMBER OF DAYS FAIR           17
NUMBER OF DAYS PC              7
NUMBER OF DAYS CLOUDY          7

AVERAGE RH (PERCENT)     67

WEATHER CONDITIONS. NUMBER OF DAYS WITH
THUNDERSTORM              0     MIXED PRECIP               0
HEAVY RAIN                1     RAIN                       3
LIGHT RAIN                6     FREEZING RAIN              0
LT FREEZING RAIN          1     HAIL                       0
HEAVY SNOW                1     SNOW                       2
LIGHT SNOW                2     SLEET                      1
FOG                       9     FOG W/VIS <= 1/4 MILE      2
HAZE                      1

-  INDICATES NEGATIVE NUMBERS.
R  INDICATES RECORD WAS SET OR TIED.
MM INDICATES DATA IS MISSING.
T  INDICATES TRACE AMOUNT.

$$

OUTLAW
