000
CXUS51 KBGM 011454
CLMAVP


CLIMATE REPORT
NATIONAL WEATHER SERVICE BINGHAMTON NY
1050 AM EDT FRI JUL 1 2016

...................................

...THE AVOCA PA CLIMATE SUMMARY FOR THE MONTH OF JUNE 2016...

CLIMATE NORMAL PERIOD 1981 TO 2010
CLIMATE RECORD PERIOD 1901 TO 2016

WEATHER         OBSERVED          NORMAL  DEPART  LAST YEAR`S
                 VALUE   DATE(S)  VALUE   FROM    VALUE  DATE(S)
                                          NORMAL
................................................................
TEMPERATURE (F)
RECORD
 HIGH              97   06/30/1964
 LOW               34   06/11/1972
HIGHEST            89   06/20        78      11       90  06/12
                        06/19
                        06/11
LOWEST             46   06/09        57     -11       47  06/07
AVG. MAXIMUM     80.5              77.7     2.8     78.6
AVG. MINIMUM     57.0              56.5     0.5     59.5
MEAN             68.8              67.1     1.7     69.1
DAYS MAX >= 90      0               0.9    -0.9        1
DAYS MAX <= 32      0               0.0     0.0        0
DAYS MIN <= 32      0               0.0     0.0        0
DAYS MIN <= 0       0               0.0     0.0        0

PRECIPITATION (INCHES)
RECORD
 MAXIMUM         9.00   2006
 MINIMUM         0.27   1966
TOTALS           1.59              4.03   -2.44     6.52
DAILY AVG.       0.05              0.13   -0.08     0.22
DAYS >= .01         9              12.8    -3.8       16
DAYS >= .10         5               8.0    -3.0       13
DAYS >= .50         1               2.4    -1.4        5
DAYS >= 1.00        0               0.7    -0.7        1
GREATEST
 24 HR. TOTAL    0.58   06/04 TO 06/05

SNOWFALL (INCHES)
RECORDS
 TOTAL            0.0   2007
                        2006
                        2005
 24 HR TOTAL      0.0   MM
TOTALS            0.0               0.0     0.0      0.0
SINCE 7/1        15.5              46.2   -30.7     51.4
DAYS >= TRACE       0               0.0     0.0        0
DAYS >= 1.0         0               0.0     0.0        0
GREATEST
 24 HR TOTAL      0.0   06/30 TO 06/30

DEGREE_DAYS
HEATING TOTAL      24                54     -30       24
 SINCE 7/1       4966              6255   -1289     6268
COOLING TOTAL     143               117      26      155
 SINCE 1/1        215               154      61      303
.................................................................

WIND (MPH)
AVERAGE WIND SPEED              6.2
RESULTANT WIND SPEED/DIRECTION   2/276
HIGHEST WIND SPEED/DIRECTION    28/340    DATE  06/12
HIGHEST GUST SPEED/DIRECTION    35/340    DATE  06/12

SKY COVER
POSSIBLE SUNSHINE (PERCENT)   MM
AVERAGE SKY COVER           0.40
NUMBER OF DAYS FAIR           15
NUMBER OF DAYS PC             10
NUMBER OF DAYS CLOUDY          5

AVERAGE RH (PERCENT)     63

WEATHER CONDITIONS. NUMBER OF DAYS WITH
THUNDERSTORM              4     MIXED PRECIP               0
HEAVY RAIN                4     RAIN                       7
LIGHT RAIN               12     FREEZING RAIN              0
LT FREEZING RAIN          0     HAIL                       0
HEAVY SNOW                0     SNOW                       0
LIGHT SNOW                0     SLEET                      0
FOG                      11     FOG W/VIS <= 1/4 MILE      0
HAZE                      4

-  INDICATES NEGATIVE NUMBERS.
R  INDICATES RECORD WAS SET OR TIED.
MM INDICATES DATA IS MISSING.
T  INDICATES TRACE AMOUNT.

&&
9TH LOWEST JUNE RAINFALL
$$
