000
CXUS53 KGRR 011246
CLMAZO

CLIMATE REPORT
NATIONAL WEATHER SERVICE GRAND RAPIDS, MI
746 AM EST MON FEB 1 2016

...................................

...THE KALAMAZOO MI CLIMATE SUMMARY FOR THE MONTH OF JANUARY 2016...

CLIMATE NORMAL PERIOD 1981 TO 2010
CLIMATE RECORD PERIOD 1998 TO 2016

WEATHER         OBSERVED          NORMAL  DEPART  LAST YEAR`S
                 VALUE   DATE(S)  VALUE   FROM    VALUE  DATE(S)
                                          NORMAL
................................................................
TEMPERATURE (F)
HIGHEST            50   01/31        MM      MM       45  01/17
LOWEST              6   01/19        MM      MM      -11  01/14
                        01/17
AVG. MAXIMUM     32.5              30.9     1.6     28.6
AVG. MINIMUM     20.3              18.0     2.3     14.7
MEAN             26.4              24.5     1.9     21.7
DAYS MAX >= 90      0               0.0     0.0        0
DAYS MAX <= 32     15              17.2    -2.2       20
DAYS MIN <= 32     28              27.5     0.5       30
DAYS MIN <= 0       0               2.2    -2.2        3

PRECIPITATION (INCHES)
TOTALS           0.88              1.79   -0.91     0.96
DAILY AVG.       0.03              0.06   -0.03     0.03
DAYS >= .01        12                MM      MM       12
DAYS >= .10         2                MM      MM        1
DAYS >= .50         0                MM      MM        1
DAYS >= 1.00        0                MM      MM        0
GREATEST
 24 HR. TOTAL    0.49   01/08 TO 01/09

DEGREE_DAYS
HEATING TOTAL    1189              1257     -68     1335
 SINCE 7/1       3019              3708    -689     3850
COOLING TOTAL       0                 0       0        0
 SINCE 1/1          0                 0       0        0
.....................................................

WIND (MPH)
AVERAGE WIND SPEED              9.5
RESULTANT WIND SPEED/DIRECTION   5/238
HIGHEST WIND SPEED/DIRECTION    30/240    DATE  01/26
HIGHEST GUST SPEED/DIRECTION    40/310    DATE  01/10

SKY COVER
POSSIBLE SUNSHINE (PERCENT)   MM
AVERAGE SKY COVER           0.70
NUMBER OF DAYS FAIR            6
NUMBER OF DAYS PC              7
NUMBER OF DAYS CLOUDY         18

AVERAGE RH (PERCENT)     72

WEATHER CONDITIONS. NUMBER OF DAYS WITH
THUNDERSTORM              0     MIXED PRECIP               0
HEAVY RAIN                0     RAIN                       2
LIGHT RAIN                8     FREEZING RAIN              0
LT FREEZING RAIN          0     HAIL                       0
HEAVY SNOW                0     SNOW                       3
LIGHT SNOW               19     SLEET                      0
FOG                      16     FOG W/VIS <= 1/4 MILE      2
HAZE                     12

-  INDICATES NEGATIVE NUMBERS.
R  INDICATES RECORD WAS SET OR TIED.
MM INDICATES DATA IS MISSING.
T  INDICATES TRACE AMOUNT.

&&

JANUARY 2016 TEMPERATURES IN THE SOUTHWEST QUARTER OF LOWER MICHIGAN AVERAGED 1
TO 2 DEGREES ABOVE NORMAL. SNOWFALL AND PRECIPITATION WERE ABOVE NORMAL IN
MUSKEGON... NEAR NORMAL IN GRAND RAPIDS... AND BELOW NORMAL IN LANSING.

THERE WERE SEVERAL TEMPERATURE SWINGS BETWEEN COLD AND MILD DURING THE MONTH...
BUT OVERALL THERE WERE VERY FEW EXTREMES. LANSING SET A RECORD WARM LOW
TEMPERATURE ON THE 9TH. A FEW DAYS FEATURED TEMPERATURES DIPPING BELOW 10
DEGREES AND HIGHS REMAINING IN THE TEENS. THE END OF THE MONTH WAS QUITE MILD
WITH TEMPERATURES IN THE 40S TO AROUND 50.

FOLLOWING A RECORD WARM DECEMBER... LAKE MICHIGAN WATER TEMPERATURES IN THE LOW
40S IN EARLY TO MID JANUARY AFFORDED THE ATMOSPHERE OPPORTUNITIES TO PRODUCE
SIGNIFICANT LAKE EFFECT SNOW WHEN POLAR AIR MASSES MOVED IN FROM THE NORTHWEST.
HEAVY LAKE EFFECT SNOW DID INDEED OCCUR ON A COUPLE OCCASIONS AND MAINLY
FAVORED THE NORTHWEST AND SOUTHWEST WIND SNOW BELTS. MUSKEGON RECEIVED OVER 20
INCHES OF SNOW BETWEEN THE 9TH AND 13TH FROM BOTH LAKE EFFECT AND LAKE ENHANCED
LOW PRESSURE SYSTEMS. ANOTHER FOOT OF SNOW FELL BETWEEN THE 17TH AND 20TH.
VARIOUS LOW PRESSURE SYSTEMS PRODUCED RAIN AND OCCASIONAL ACCUMULATIONS OF SNOW
FOR ALL AREAS... THOUGH NO MEMORABLE WINTER STORM OCCURRED.


$$

CAS/EBW
