000
CXUS53 KLBF 011252
CLMBBW


CLIMATE REPORT
NATIONAL WEATHER SERVICE NORTH PLATTE
750 AM CDT THU JUN 1 2017

...................................

...THE BROKEN BOW NE CLIMATE SUMMARY FOR THE MONTH OF MAY 2017...

CLIMATE NORMAL PERIOD 1981 TO 2010
CLIMATE RECORD PERIOD 1894 TO 2017

WEATHER         OBSERVED          NORMAL  DEPART  LAST YEAR`S
                 VALUE   DATE(S)  VALUE   FROM    VALUE  DATE(S)
                                          NORMAL
................................................................
TEMPERATURE (F)
RECORD
 HIGH             110   05/08/1895
 LOW               15   05/03/1954
HIGHEST            86   05/07        87      -1       84  05/06
LOWEST             34   05/05        27       7       30  05/02
AVG. MAXIMUM     69.7              71.1    -1.4     70.0
AVG. MINIMUM     44.8              46.5    -1.7     45.2
MEAN             57.3              58.8    -1.5     57.6
DAYS MAX >= 90      0               0.5    -0.5        0
DAYS MAX <= 32      0               0.0     0.0        0
DAYS MIN <= 32      0               0.8    -0.8        2
DAYS MIN <= 0       0               0.0     0.0        0

PRECIPITATION (INCHES)
RECORD
 MAXIMUM        10.82   2007
 MINIMUM         0.19   2006
TOTALS           2.52              3.90   -1.38     5.34
DAILY AVG.       0.08              0.13   -0.05     0.17
DAYS >= .01        11                MM      MM       15
DAYS >= .10         7                MM      MM       14
DAYS >= .50         2                MM      MM        3
DAYS >= 1.00        0                MM      MM        1
GREATEST
 24 HR. TOTAL    0.62   05/20 TO 05/20

SNOWFALL (INCHES)
TOTALS             MM
SINCE 7/1          MM
SNOWDEPTH AVG.     MM
DAYS >= TRACE      MM
DAYS >= 1.0        MM
GREATEST
 SNOW DEPTH        MM

DEGREE_DAYS
HEATING TOTAL     243               225      18      241
 SINCE 7/1       5777              6605    -828     5554
COOLING TOTAL      11                33     -22       17
 SINCE 1/1         12                34     -22       17
..................................................

WIND (MPH)
AVERAGE WIND SPEED              11.1
HIGHEST WIND SPEED/DIRECTION    43/170    DATE  05/15
HIGHEST GUST SPEED/DIRECTION    56/170    DATE  05/15

AVERAGE RH (PERCENT)     66

WEATHER CONDITIONS. NUMBER OF DAYS WITH
THUNDERSTORM              0     MIXED PRECIP               0
HEAVY RAIN                1     RAIN                       6
LIGHT RAIN               14     FREEZING RAIN              0
LT FREEZING RAIN          0     HAIL                       0
HEAVY SNOW                0     SNOW                       0
LIGHT SNOW                1     SLEET                      0
FOG                       4     FOG W/VIS <= 1/4 MILE      0
HAZE                      0

-  INDICATES NEGATIVE NUMBERS.
R  INDICATES RECORD WAS SET OR TIED.
MM INDICATES DATA IS MISSING.
T  INDICATES TRACE AMOUNT.

$$
