000
CXUS51 KOKX 011502
CLMBDR

CLIMATE REPORT
NATIONAL WEATHER SERVICE NEW YORK NY
1056 AM EDT SAT APR 1 2017

...................................

...THE BRIDGEPORT CT CLIMATE SUMMARY FOR THE MONTH OF MARCH 2017...

CLIMATE NORMAL PERIOD 1981 TO 2010
CLIMATE RECORD PERIOD 1948 TO 2017

WEATHER         OBSERVED          NORMAL  DEPART  LAST YEAR`S
                 VALUE   DATE(S)  VALUE   FROM    VALUE  DATE(S)
                                          NORMAL
................................................................
TEMPERATURE (F)
RECORD
 HIGH              84   03/13/1990
 LOW                4   03/19/1967
HIGHEST            61   03/09        MM      MM       68  03/10
                        03/02
LOWEST             13   03/05        MM      MM       24  03/03
AVG. MAXIMUM     45.0              47.2    -2.2     52.6
AVG. MINIMUM     29.8              31.4    -1.6     36.8
MEAN             37.4              39.3    -1.9     44.7
DAYS MAX >= 90      0               0.0     0.0        0
DAYS MAX <= 32      4               0.8     3.2        0
DAYS MIN <= 32     16              15.4     0.6       10
DAYS MIN <= 0       0               0.0     0.0        0

PRECIPITATION (INCHES)
RECORD
 MAXIMUM        10.19   2010
 MINIMUM         0.69   1981
TOTALS           4.34              4.05    0.29     2.17
DAILY AVG.       0.14              0.13    0.01     0.07
DAYS >= .01        10              11.3    -1.3       12
DAYS >= .10         6               7.3    -1.3        5
DAYS >= .50         3               2.6     0.4        2
DAYS >= 1.00        2               0.9     1.1        0
GREATEST
 24 HR. TOTAL    1.35   03/14 TO 03/14           03/14 TO 03/15
                                                          03/21 TO 03/21
                                                          03/21 TO 03/21
 STORM TOTAL       MM                                 MM
 (MM/DD(HH))            MM                    03/15(00) TO 03/15(00)
                                                 03/21(00) TO 03/21(00)1
                                                 03/21(00) TO 03/21(00)1

SNOWFALL (INCHES)
TOTALS           11.1               5.1     6.0      2.3
 LIQUID EQUIV    1.11              0.50    0.61     0.23
SINCE 7/1        40.9              26.7    14.2     27.2
 LIQUID 7/1      4.09              2.70    1.39     2.72
SNOWDEPTH AVG.      2                MM      MM        0
DAYS >= TRACE       6               2.4     3.6        3
DAYS >= 1.0         2               1.6     0.4        1
GREATEST
 SNOW DEPTH         7   03/16                          2  03/21
                        03/15
 24 HR TOTAL      7.1   03/14 TO 03/14           03/21 TO 03/21
                                                          03/21 TO 03/21
                                                          03/21 TO 03/21
 STORM TOTAL       MM                                 MM
 (MM/DD(HH))            MM                    03/21(00) TO 03/21(00)
                                                 03/21(00) TO 03/21(00)1
                                                 03/21(00) TO 03/21(00)1

DEGREE_DAYS
HEATING TOTAL     848               797      51      623
 SINCE 7/1       4015              4684    -669     3758
COOLING TOTAL       0                 0       0        0
 SINCE 1/1          0                 0       0        0
..................................................

WIND (MPH)
AVERAGE WIND SPEED              11.7
HIGHEST WIND SPEED/DIRECTION    38/040    DATE  03/14
HIGHEST GUST SPEED/DIRECTION    52/280    DATE  03/02


WEATHER CONDITIONS. NUMBER OF DAYS WITH
THUNDERSTORM              0     MIXED PRECIP               0
HEAVY RAIN                3     RAIN                       5
LIGHT RAIN                9     FREEZING RAIN              1
LT FREEZING RAIN          0     HAIL                       0
HEAVY SNOW                1     SNOW                       2
LIGHT SNOW                3     SLEET                      0
FOG                       9     FOG W/VIS <= 1/4 MILE      3
HAZE                      6

-  INDICATES NEGATIVE NUMBERS.
R  INDICATES RECORD WAS SET OR TIED.
MM INDICATES DATA IS MISSING.
T  INDICATES TRACE AMOUNT.

$$
