000
CXUS46 KHNX 011250
CLMBFL


CLIMATE REPORT
NATIONAL WEATHER SERVICE SAN JOAQUIN VALLEY - HANFORD CA
550 AM PDT WED JUL 1 2015

...................................

...THE BAKERSFIELD CLIMATE SUMMARY FOR THE MONTH OF JUNE 2015...

CLIMATE NORMAL PERIOD 1981 TO 2010
CLIMATE RECORD PERIOD 1889 TO 2015

WEATHER         OBSERVED          NORMAL  DEPART  LAST YEAR`S
                 VALUE   DATE(S)  VALUE   FROM    VALUE  DATE(S)
                                          NORMAL
................................................................
TEMPERATURE (F)
RECORD
 HIGH             114   06/28/1976
 LOW               38   06/07/1914
                        06/02/1908
                        06/12/1907
HIGHEST           106   06/30        MM      MM      110  06/09
                        06/26
                        06/08
LOWEST             58   06/01        MM      MM       61  06/17
AVG. MAXIMUM     97.4              90.9     6.5     95.6
AVG. MINIMUM     69.1              64.2     4.9     67.4
MEAN             83.2              77.5     5.7     81.5
DAYS MAX >= 90     24              16.7     7.3       27
DAYS MIN <= 32      0               0.0     0.0        0

PRECIPITATION (INCHES)
RECORD
 MAXIMUM         1.11   1972
TOTALS              T              0.08   -0.08     0.00
DAYS >= .01         0               0.5    -0.5        0
DAYS >= .10         0               0.3    -0.3        0
DAYS >= .50         0               0.0     0.0        0
DAYS >= 1.00        0               0.0     0.0        0
GREATEST
 24 HR. TOTAL       T   06/28 TO 06/28
                        06/27 TO 06/27
                        06/10 TO 06/10
                        06/09 TO 06/09

SNOWFALL (INCHES)
RECORDS
 TOTAL             MM   MM
TOTALS            0.0               0.0

DEGREE_DAYS
HEATING TOTAL       0                 2      -2        0
 SINCE 7/1       1307              2175    -868     1508
COOLING TOTAL     553               379     174      503
 SINCE 1/1        898               646     252      955
.................................................................

WIND (MPH)
AVERAGE WIND SPEED              6.6
HIGHEST WIND SPEED/DIRECTION    25/230    DATE  06/10
HIGHEST GUST SPEED/DIRECTION    32/240    DATE  06/10

AVERAGE RH (PERCENT)     30

WEATHER CONDITIONS. NUMBER OF DAYS WITH
THUNDERSTORM              0     RAIN                       4
HAIL                      0     FOG                        0
FOG W/VIS <= 1/4 MILE     0     HAZE                       2

-  INDICATES NEGATIVE NUMBERS.
R  INDICATES RECORD WAS SET OR TIED.
MM INDICATES DATA IS MISSING.
T  INDICATES TRACE AMOUNT.

$$

SANGER/OCHS

WEATHER.GOV/HANFORD
