816
CXUS46 KHNX 011928
CLMBFL


CLIMATE REPORT
NATIONAL WEATHER SERVICE SAN JOAQUIN VALLEY, CA
1122 AM PST MON FEB 1 2016

...................................

...THE BAKERSFIELD CLIMATE SUMMARY FOR THE MONTH OF JANUARY 2016...

CLIMATE NORMAL PERIOD 1981 TO 2010
CLIMATE RECORD PERIOD 1889 TO 2016

WEATHER         OBSERVED          NORMAL  DEPART  LAST YEAR`S
                 VALUE   DATE(S)  VALUE   FROM    VALUE  DATE(S)
                                          NORMAL
................................................................
TEMPERATURE (F)
RECORD
 HIGH              82   01/02/2012
                        01/31/1984
                        01/16/1923
 LOW               12   01/03/1908
HIGHEST            73   01/22        MM      MM       69  01/08
LOWEST             27   01/01        MM      MM       28  01/01
AVG. MAXIMUM     61.1              56.2     4.9     59.0
AVG. MINIMUM     42.5              39.3     3.2     41.6
MEAN             51.8              47.8     4.0     50.3
DAYS MAX >= 90      0               0.0     0.0        0
DAYS MIN <= 32      1               3.5    -2.5        4

PRECIPITATION (INCHES)
RECORD
 MAXIMUM         3.90   1999
TOTALS           1.95              1.16    0.79     0.69
DAYS >= .01         8               6.7     1.3        4
DAYS >= .10         5               3.3     1.7        1
DAYS >= .50         1               0.4     0.6        1
DAYS >= 1.00        0               0.2    -0.2        0
GREATEST
 24 HR. TOTAL    0.93   01/31 TO 01/31


SNOWFALL (INCHES)
RECORDS
 TOTAL            3.0   01/25/1999
TOTALS            0.0               0.1

DEGREE_DAYS
HEATING TOTAL     401               535    -134      448
 SINCE 7/1       1268              1426    -158      967
COOLING TOTAL       0                 0       0        0
 SINCE 1/1          0                 0       0        0
.................................................................

WIND (MPH)
AVERAGE WIND SPEED              4.5
HIGHEST WIND SPEED/DIRECTION    29/330    DATE  01/31
HIGHEST GUST SPEED/DIRECTION    36/330    DATE  01/31

AVERAGE RH (PERCENT)     71

WEATHER CONDITIONS. NUMBER OF DAYS WITH
THUNDERSTORM              0     RAIN                       5
HAIL                      0     FOG                       24
FOG W/VIS <= 1/4 MILE     6     HAZE                      19

-  INDICATES NEGATIVE NUMBERS.
R  INDICATES RECORD WAS SET OR TIED.
MM INDICATES DATA IS MISSING.
T  INDICATES TRACE AMOUNT.

$$
