000
CXUS54 KAMA 011622
CLMBGD


CLIMATE REPORT
NATIONAL WEATHER SERVICE AMARILLO TX
1020 AM CST TUE MAR 1 2016

...................................

...THE BORGER CLIMATE SUMMARY FOR THE MONTH OF FEBRUARY 2016...

CLIMATE NORMAL PERIOD 1981 TO 2010
CLIMATE RECORD PERIOD 1949 TO 2016

WEATHER         OBSERVED          NORMAL  DEPART  LAST YEAR`S
                 VALUE   DATE(S)  VALUE   FROM    VALUE  DATE(S)
                                          NORMAL
................................................................
TEMPERATURE (F)
HIGHEST            88R  02/18                         83  02/07
LOWEST             20   02/04                         13  02/27
                        02/03                             02/23
AVG. MAXIMUM     62.9              54.8     8.1     55.6
AVG. MINIMUM     33.9              29.4     4.5     27.4
MEAN             48.4              42.1     6.3     41.5
DAYS MAX >= 90      0               0.0     0.0        0
DAYS MAX <= 32      0               1.2    -1.2        3
DAYS MIN <= 32     13              17.2    -4.2       21
DAYS MIN <= 0       0               0.0     0.0        0

PRECIPITATION (INCHES)
TOTALS           0.44              0.62   -0.18     0.62
DAILY AVG.       0.02                MM      MM     0.02
DAYS >= .01         2               4.1    -2.1        4
DAYS >= .10         2               1.8     0.2        2
DAYS >= .50         0               0.4    -0.4        0
DAYS >= 1.00        0               0.0     0.0        0
GREATEST
 24 HR. TOTAL    0.23   02/01 TO 02/01

SNOWFALL (INCHES)
TOTALS              T                MM      MM      6.5
SINCE 7/1         6.2                MM      MM     17.5
DAYS >= TRACE       1                MM      MM        9
DAYS >= 1.0         0                MM      MM        3
GREATEST
 SNOW DEPTH         0   MM
 24 HR TOTAL        T   02/23 TO 02/23

DEGREE_DAYS
HEATING TOTAL     482               641    -159      651
 SINCE 7/1       2495              3013    -518     2872
COOLING TOTAL       6                 0       6        0
 SINCE 1/1          6                 0       6        0
.................................................................

WIND (MPH)
AVERAGE WIND SPEED              10.4
HIGHEST WIND SPEED/DIRECTION    35/250    DATE  02/18
HIGHEST GUST SPEED/DIRECTION    47/220    DATE  02/18

SKY COVER
POSSIBLE SUNSHINE (PERCENT)   MM
NUMBER OF DAYS FAIR           25
NUMBER OF DAYS PC              4
NUMBER OF DAYS CLOUDY          0

AVERAGE RH (PERCENT)     44

WEATHER CONDITIONS. NUMBER OF DAYS WITH
THUNDERSTORM              0     MIXED PRECIP               0
HEAVY RAIN                0     RAIN                       1
LIGHT RAIN                3     FREEZING RAIN              0
LT FREEZING RAIN          0     HEAVY SNOW                 0
SNOW                      0     LIGHT SNOW                 1
SLEET                     0     FOG                        2
FOG W/VIS <= 1/4 MILE     0     HAZE                       0

-  INDICATES NEGATIVE NUMBERS.
R  INDICATES RECORD WAS SET OR TIED.
MM INDICATES DATA IS MISSING.
T  INDICATES TRACE AMOUNT.

$$
