000
CXUS54 KBMX 011904
CLMBHM


CLIMATE REPORT
NATIONAL WEATHER SERVICE BIRMINGHAM, AL
104 PM CST THU JAN 1 2015

...................................

...THE BIRMINGHAM CLIMATE SUMMARY FOR THE YEAR OF 2014...

CLIMATE NORMAL PERIOD 1981 TO 2010
CLIMATE RECORD PERIOD 2014 TO 2014

WEATHER         OBSERVED          NORMAL  DEPART
                 VALUE   DATE(S)  VALUE   FROM
                                          NORMAL
................................................
TEMPERATURE (F)
RECORD
 HIGH             107   07/29/1930
 LOW              -10   02/13/1899
HIGHEST            99   08/07
LOWEST              7   01/07
AVG. MAXIMUM     73.1              73.9    -0.8
AVG. MINIMUM     51.6              52.7    -1.1
MEAN             62.4              63.3    -0.9
DAYS MAX >= 90     58              54.6     3.4
DAYS MAX <= 32      4               1.4     2.6
DAYS MAX >= 95     12
DAYS MAX >= 100     0
DAYS MIN <= 32     65              46.6    18.4
DAYS MIN <= 0       0               0.1    -0.1
DAYS MIN <= 20     14

PRECIPITATION (INCHES)
TOTALS          49.77
DAILY AVG.       0.14              0.15   -0.01
DAYS >= .01       110             116.8    -6.8
DAYS >= .10        77              79.1    -2.1
DAYS >= .50        31              37.4    -6.4
DAYS >= 1.00       16              16.2    -0.2
GREATEST
 24 HR. TOTAL    4.37   MM

SNOWFALL (INCHES)
TOTALS            5.0               1.6     3.4
 LIQUID EQUIV    0.50              0.20    0.30
SINCE 7/1         0.0               0.1    -0.1
 LIQUID 7/1      0.00              0.00    0.00
SNOWDEPTH AVG.      0                MM      MM
DAYS >= TRACE       3               0.8     2.2
DAYS >= 1.0         2               0.4     1.6
GREATEST
 SNOW DEPTH         4   02/13
 24 HR TOTAL      3.0

DEGREE_DAYS
HEATING TOTAL    2975              2678     297
 SINCE 7/1         MM              1047      MM
.................................................

WIND (MPH)
AVERAGE WIND SPEED              5.8
RESULTANT WIND SPEED/DIRECTION   1/286
HIGHEST WIND SPEED/DIRECTION    39/270    DATE  08/18
HIGHEST GUST SPEED/DIRECTION    52/250    DATE  04/28

AVERAGE RH (PERCENT)     66

WEATHER CONDITIONS. NUMBER OF DAYS WITH
THUNDERSTORM              0     MIXED PRECIP               0
HEAVY RAIN               47     RAIN                      66
LIGHT RAIN              115     FREEZING RAIN              0
LT FREEZING RAIN          1     HAIL                       0
HEAVY SNOW                1     SNOW                       2
LIGHT SNOW                6     SLEET                      1
FOG                     144     FOG W/VIS <= 1/4 MILE      6
HAZE                     49

-  INDICATES NEGATIVE NUMBERS.
R  INDICATES RECORD WAS SET OR TIED.
MM INDICATES DATA IS MISSING.
T  INDICATES TRACE AMOUNT.

$$
