280
CXUS55 KVEF 011543
CLMBIH


CLIMATE REPORT
NATIONAL WEATHER SERVICE LAS VEGAS, NV
821 AM PDT SAT JUL 1 2017

...................................

...THE BISHOP CA CLIMATE SUMMARY FOR THE MONTH OF JUNE 2017...

CLIMATE NORMAL PERIOD 1981 TO 2010
CLIMATE RECORD PERIOD 1943 TO 2017

WEATHER         OBSERVED          NORMAL  DEPART  LAST YEAR`S
                 VALUE   DATE(S)  VALUE   FROM    VALUE  DATE(S)
                                          NORMAL
................................................................
TEMPERATURE (F)
RECORD
 HIGH             109   06/30/2013
 LOW               25   06/02/2011
HIGHEST           107   06/20        91      16      106  06/28
                                                          06/27
LOWEST             39   06/12        51     -12       42  06/16
AVG. MAXIMUM     96.4              92.0     4.4     97.5
AVG. MINIMUM     54.3              51.0     3.3     55.8
MEAN             75.3              71.5     3.8     76.6
DAYS MAX >= 90     24              19.7     4.3       25
DAYS MAX <= 32      0               0.0     0.0        0
DAYS MIN <= 32      0               0.1    -0.1        0
DAYS MIN <= 0       0               0.0     0.0        0

PRECIPITATION (INCHES)
RECORD
 MAXIMUM         1.31   1998
 MINIMUM         0.00   2012
                        2010
                        2008
TOTALS              T              0.19   -0.19     0.50
DAILY AVG.          T              0.01   -0.01     0.02
DAYS >= .01         0               1.5    -1.5        2
DAYS >= .10         0               0.5    -0.5        2
DAYS >= .50         0               0.1    -0.1        0
DAYS >= 1.00        0               0.0     0.0        0
GREATEST
 24 HR. TOTAL       T   06/24 TO 06/24
                        05/31 TO 06/01
                        06/01 TO 06/01

DEGREE_DAYS
HEATING TOTAL      14                19      -5        3
 SINCE 7/1       3797              4177    -380     3757
COOLING TOTAL     333               214     119      360
 SINCE 1/1        390               282     108      407

FREEZE DATES
RECORD
 EARLIEST     09/20/1986
 LATEST       06/07/1988
EARLIEST      10/05             10/15
LATEST        04/30             05/03
.................................................................

WIND (MPH)
AVERAGE WIND SPEED              7.5
HIGHEST WIND SPEED/DIRECTION    36/250    DATE  06/24
HIGHEST GUST SPEED/DIRECTION    47/260    DATE  06/24

SKY COVER
POSSIBLE SUNSHINE (PERCENT)   MM
AVERAGE SKY COVER           0.00
NUMBER OF DAYS FAIR           30
NUMBER OF DAYS PC              0
NUMBER OF DAYS CLOUDY          0

AVERAGE RH (PERCENT)     29

WEATHER CONDITIONS. NUMBER OF DAYS WITH
THUNDERSTORM              0     MIXED PRECIP               0
HEAVY RAIN                0     RAIN                       0
LIGHT RAIN                1     FREEZING RAIN              0
LT FREEZING RAIN          0     HAIL                       0
HEAVY SNOW                0     SNOW                       0
LIGHT SNOW                0     SLEET                      0
FOG                       0     FOG W/VIS <= 1/4 MILE      0
HAZE                      1

-  INDICATES NEGATIVE NUMBERS.
R  INDICATES RECORD WAS SET OR TIED.
MM INDICATES DATA IS MISSING.
T  INDICATES TRACE AMOUNT.

$$
