000
CXUS55 KVEF 011057
CLMBIH

CLIMATE REPORT
NATIONAL WEATHER SERVICE LAS VEGAS, NV
350 AM PDT WED NOV 1 2017

...................................

...THE BISHOP CA CLIMATE SUMMARY FOR THE MONTH OF OCTOBER 2017...

CLIMATE NORMAL PERIOD 1981 TO 2010
CLIMATE RECORD PERIOD 1943 TO 2017

WEATHER         OBSERVED          NORMAL  DEPART  LAST YEAR`S
                 VALUE   DATE(S)  VALUE   FROM    VALUE  DATE(S)
                                          NORMAL
................................................................
TEMPERATURE (F)
RECORD
 HIGH              97   10/01/1980
 LOW               16   10/28/1970
HIGHEST            89   10/08        77      12       87  10/14
LOWEST             26   10/10        37     -11       28  10/05
AVG. MAXIMUM     78.9              76.1     2.8     78.5
AVG. MINIMUM     35.4              37.4    -2.0     39.2
MEAN             57.2              56.8     0.4     58.9
DAYS MAX >= 90      0               1.2    -1.2        0
DAYS MAX <= 32      0               0.0     0.0        0
DAYS MIN <= 32     11               5.8     5.2        3
DAYS MIN <= 0       0               0.0     0.0        0

PRECIPITATION (INCHES)
RECORD
 MAXIMUM         2.93   1945
 MINIMUM         0.00   2003
                        1999
                        1990
TOTALS           0.00R             0.30   -0.30     0.09
DAILY AVG.       0.00              0.01   -0.01     0.00
DAYS >= .01         0               1.5    -1.5        2
DAYS >= .10         0               0.7    -0.7        0
DAYS >= .50         0               0.2    -0.2        0
DAYS >= 1.00        0               0.1    -0.1        0
GREATEST
 24 HR. TOTAL       T   09/30 TO 10/01
                        10/01 TO 10/01
                        10/01 TO 10/02

SNOWFALL (INCHES)
RECORDS
 TOTAL            1.8   1978
 24 HR TOTAL      1.8
TOTALS            0.0               0.0     0.0      0.0
SINCE 7/1         0.0
SNOWDEPTH AVG.      0
DAYS >= TRACE       0
DAYS >= 1.0         0
GREATEST
 SNOW DEPTH         0
 24 HR TOTAL      0.0   10/31 TO 10/31
 STORM TOTAL       MM
 (MM/DD(HH))

DEGREE_DAYS
HEATING TOTAL     237               264     -27      192
 SINCE 7/1        309               307       2      209
COOLING TOTAL       0                 8      -8       10
 SINCE 1/1       1407              1104     303     1361

FREEZE DATES
RECORD
 EARLIEST     09/20/1986
 LATEST       06/07/1988
EARLIEST                        10/15
LATEST                          05/03
.................................................................

WIND (MPH)
AVERAGE WIND SPEED              7.0
HIGHEST WIND SPEED/DIRECTION    47/360    DATE  10/08
HIGHEST GUST SPEED/DIRECTION    59/360    DATE  10/08

SKY COVER
POSSIBLE SUNSHINE (PERCENT)   MM
AVERAGE SKY COVER           0.00
NUMBER OF DAYS FAIR           31
NUMBER OF DAYS PC              0
NUMBER OF DAYS CLOUDY          0

AVERAGE RH (PERCENT)     31

WEATHER CONDITIONS. NUMBER OF DAYS WITH
THUNDERSTORM              0     MIXED PRECIP               0
HEAVY RAIN                0     RAIN                       0
LIGHT RAIN                0     FREEZING RAIN              0
LT FREEZING RAIN          0     HAIL                       0
HEAVY SNOW                0     SNOW                       0
LIGHT SNOW                0     SLEET                      0
FOG                       0     FOG W/VIS <= 1/4 MILE      0
HAZE                      3

-  INDICATES NEGATIVE NUMBERS.
R  INDICATES RECORD WAS SET OR TIED.
MM INDICATES DATA IS MISSING.
T  INDICATES TRACE AMOUNT.

$$
