000
CXUS53 KBIS 020326
CLMBIS

CLIMATE REPORT
NATIONAL WEATHER SERVICE BISMARCK ND
920 PM CST FRI DEC 1 2017

...................................

...THE BISMARCK ND CLIMATE SUMMARY FOR THE MONTH OF NOVEMBER 2017...

CLIMATE NORMAL PERIOD 1981 TO 2010
CLIMATE RECORD PERIOD 1875 TO 2017

WEATHER         OBSERVED          NORMAL  DEPART  LAST YEAR`S
                 VALUE   DATE(S)  VALUE   FROM    VALUE  DATE(S)
                                          NORMAL
................................................................
TEMPERATURE (F)
RECORD
 HIGH              79   11/07/1999
 LOW              -30   11/29/1985
HIGHEST            74   11/23                         76  11/05
LOWEST              6   11/21                          5  11/19
AVG. MAXIMUM     43.9              39.6     4.3     52.7
AVG. MINIMUM     19.5              18.8     0.7     26.5
MEAN             31.7              29.2     2.5     39.6
DAYS MAX >= 90      0               0.0     0.0        0
DAYS MAX <= 32      7               8.8    -1.8        2
DAYS MIN <= 32     29              27.3     1.7       25
DAYS MIN <= 0       0               1.9    -1.9        0

PRECIPITATION (INCHES)
RECORD
 MAXIMUM         3.10   1896
 MINIMUM         0.00   1990
TOTALS           0.16              0.71   -0.55     1.42
DAILY AVG.       0.01              0.02   -0.01     0.05
DAYS >= .01         3               7.0    -4.0        5
DAYS >= .10         1               1.9    -0.9        3
DAYS >= .50         0               0.3    -0.3        1
DAYS >= 1.00        0               0.0     0.0        0
GREATEST
 24 HR. TOTAL    0.13   11/03 TO 11/03              0.60

SNOWFALL (INCHES)
RECORDS
 TOTAL           31.0   5
                        0

TOTALS            1.3               8.8    -7.5     18.3
SINCE 7/1         1.3              11.2    -9.9     18.3
SNOWDEPTH AVG.      0                 3      -3        0
DAYS >= 1.0         1               2.3    -1.3        3
GREATEST
 SNOW DEPTH         1   11/04                          9  11/29
 24 HR TOTAL      1.3   11/03 TO 11/03               8.7

DEGREE_DAYS
HEATING TOTAL     988              1074     -86
 SINCE 7/1       1739              1986    -247
.................................................................

WIND (MPH)
HIGHEST WIND SPEED/DIRECTION    44/270    DATE  11/29
HIGHEST GUST SPEED/DIRECTION    57/290    DATE  11/29

SKY COVER
POSSIBLE SUNSHINE (PERCENT)   MM
NUMBER OF DAYS FAIR           19
NUMBER OF DAYS PC              5
NUMBER OF DAYS CLOUDY          6


WEATHER CONDITIONS. NUMBER OF DAYS WITH
THUNDERSTORM              0     MIXED PRECIP               0
HEAVY RAIN                0     RAIN                       0
LIGHT RAIN                3     FREEZING RAIN              0
LT FREEZING RAIN          1     HAIL                       0
HEAVY SNOW                0     SNOW                       0
LIGHT SNOW                8     SLEET                      0
FOG                       7     FOG W/VIS <= 1/4 MILE      0
HAZE                      4

-  INDICATES NEGATIVE NUMBERS.
R  INDICATES RECORD WAS SET OR TIED.
MM INDICATES DATA IS MISSING.
T  INDICATES TRACE AMOUNT.

$$
