646
CXUS51 KRNK 012226
CLMBLF


CLIMATE REPORT
NATIONAL WEATHER SERVICE BLACKSBURG VA
618 PM EDT THU SEP 1 2016

...................................

...THE BLUEFIELD WV CLIMATE SUMMARY FOR THE MONTH OF AUGUST 2016...

CLIMATE NORMAL PERIOD 1981 TO 2010
CLIMATE RECORD PERIOD 1959 TO 2016

WEATHER         OBSERVED          NORMAL  DEPART  LAST YEAR`S
                 VALUE   DATE(S)  VALUE   FROM    VALUE
                                          NORMAL
.............................................................
TEMPERATURE (F)
RECORD
 HIGH              95   08/24/2007
                        08/16/2007
                        08/17/1988
 LOW               39   08/29/1986
HIGHEST            85   08/26                         86
                        08/16
LOWEST             54   08/23                         52
AVG. MAXIMUM     79.0              80.8    -1.8     81.0
AVG. MINIMUM     64.8              63.7     1.1     62.9
MEAN             71.9              72.3    -0.4     72.0
DAYS MAX >= 90      0               1.5    -1.5        0
DAYS MAX <= 32      0               0.0     0.0        0
DAYS MIN <= 32      0               0.0     0.0        0
DAYS MIN <= 0       0               0.0     0.0        0

PRECIPITATION (INCHES)
RECORD
 MAXIMUM         6.41   2014
 MINIMUM         0.65   2007
TOTALS           3.18              3.26   -0.08     2.39
DAILY AVG.       0.10              0.11   -0.01     0.08
DAYS >= .01        13              10.2     2.8       11
DAYS >= .10         9               6.7     2.3        7
DAYS >= .50         1               2.4    -1.4        1
DAYS >= 1.00        0               0.6    -0.6        0
GREATEST
 24 HR. TOTAL    0.71                               0.84

SNOWFALL (INCHES)
TOTALS            0.0                                0.0
DAYS >= TRACE       0                                  0
DAYS >= 1.0         0                                  0
GREATEST
 24 HR TOTAL      0.0                                0.0

DEGREE_DAYS
HEATING TOTAL       0                 4      -4        1
COOLING TOTAL     223               229      -6      226
..............................................................

WIND (MPH)
AVERAGE WIND SPEED              4.6
HIGHEST WIND SPEED/DIRECTION    24/250    DATE  08/17
HIGHEST GUST SPEED/DIRECTION    33/300    DATE  08/17

SKY COVER
AVERAGE SKY COVER           0.50

AVERAGE RH (PERCENT)     78

WEATHER CONDITIONS. NUMBER OF DAYS WITH
THUNDERSTORM              8     MIXED PRECIP               0
HEAVY RAIN                8     RAIN                       9
LIGHT RAIN               16     FREEZING RAIN              0
LT FREEZING RAIN          0     HAIL                       0
HEAVY SNOW                0     SNOW                       0
LIGHT SNOW                0     SLEET                      0
FOG                      19     FOG W/VIS <= 1/4 MILE      5
HAZE                      0

-  INDICATES NEGATIVE NUMBERS.
R  INDICATES RECORD WAS SET OR TIED.
MM INDICATES DATA IS MISSING.
T  INDICATES TRACE AMOUNT.

$$

PW
