000
CXUS53 KIND 011510
CLMBMG


CLIMATE REPORT
NATIONAL WEATHER SERVICE INDIANAPOLIS IN
1110 AM EDT MON JUN 1 2015

...................................

...THE BLOOMINGTON IN CLIMATE SUMMARY FOR THE MONTH OF MAY 2015...

CLIMATE NORMAL PERIOD 1981 TO 2010
CLIMATE RECORD PERIOD 9999 TO 9999

WEATHER         OBSERVED          NORMAL  DEPART  LAST YEAR`S
                 VALUE   DATE(S)  VALUE   FROM    VALUE  DATE(S)
                                          NORMAL
................................................................
TEMPERATURE (F)
HIGHEST            87   05/08                         87  05/21
                        05/07
LOWEST             37   05/01                         35  05/18
AVG. MAXIMUM     76.7              73.8     2.9     75.5
AVG. MINIMUM     55.6              51.4     4.2     53.6
MEAN             66.2              62.6     3.6     64.6
DAYS MAX >= 90      0               0.3    -0.3        0
DAYS MAX <= 32      0               0.0     0.0        0
DAYS MIN <= 32      0               0.2    -0.2        0
DAYS MIN <= 0       0               0.0     0.0        0

PRECIPITATION (INCHES)
TOTALS           1.55              5.24   -3.69     4.39
DAILY AVG.       0.05              0.17   -0.12     0.14
DAYS >= .01         9                MM      MM       10
DAYS >= .10         6                MM      MM        6
DAYS >= .50         0                MM      MM        3
DAYS >= 1.00        0                MM      MM        2
GREATEST
 24 HR. TOTAL    0.53   05/10 TO 05/11

DEGREE_DAYS
HEATING TOTAL      78               137     -59      123
 SINCE 7/1       5689              5251     438     5830
COOLING TOTAL     121                63      58      117
 SINCE 1/1        127                82      45      126
.................................................................

WIND (MPH)
AVERAGE WIND SPEED              6.9
HIGHEST WIND SPEED/DIRECTION    29/240    DATE  05/09
HIGHEST GUST SPEED/DIRECTION    40/230    DATE  05/09

SKY COVER
POSSIBLE SUNSHINE (PERCENT)   MM
AVERAGE SKY COVER           0.30
NUMBER OF DAYS FAIR           19
NUMBER OF DAYS PC             10
NUMBER OF DAYS CLOUDY          2

AVERAGE RH (PERCENT)     70

WEATHER CONDITIONS. NUMBER OF DAYS WITH
THUNDERSTORM              8     MIXED PRECIP               0
HEAVY RAIN                6     RAIN                       7
LIGHT RAIN               15     FREEZING RAIN              0
LT FREEZING RAIN          0     HAIL                       0
HEAVY SNOW                0     SNOW                       0
LIGHT SNOW                0     SLEET                      0
FOG                      15     FOG W/VIS <= 1/4 MILE      1
HAZE                      4

-  INDICATES NEGATIVE NUMBERS.
R  INDICATES RECORD WAS SET OR TIED.
MM INDICATES DATA IS MISSING.
T  INDICATES TRACE AMOUNT.

$$
