000
CXUS53 KIND 011610
CLMBMG


CLIMATE REPORT
NATIONAL WEATHER SERVICE INDIANAPOLIS IN
1110 AM EST THU FEB 1 2018

...................................

...THE BLOOMINGTON IN CLIMATE SUMMARY FOR THE MONTH OF JANUARY 2018...

CLIMATE NORMAL PERIOD 1981 TO 2010
CLIMATE RECORD PERIOD 9999 TO 9999

WEATHER         OBSERVED          NORMAL  DEPART  LAST YEAR`S
                 VALUE   DATE(S)  VALUE   FROM    VALUE  DATE(S)
                                          NORMAL
................................................................
TEMPERATURE (F)
HIGHEST            60   01/11                         67  01/21
LOWEST             -9   01/06                         -5  01/07
                        01/02
AVG. MAXIMUM     36.0              38.4    -2.4     43.7
AVG. MINIMUM     17.9              20.5    -2.6     28.0
MEAN             27.0              29.4    -2.4     35.9
DAYS MAX >= 90      0               0.0     0.0        0
DAYS MAX <= 32     13               9.8     3.2        4
DAYS MIN <= 32     24              25.5    -1.5       16
DAYS MIN <= 0       7               1.9     5.1        3

PRECIPITATION (INCHES)
TOTALS           2.75              3.31   -0.56     3.90
DAILY AVG.       0.09              0.11   -0.02     0.13
DAYS >= .01         9                MM      MM       14
DAYS >= .10         6                MM      MM        8
DAYS >= .50         3                MM      MM        2
DAYS >= 1.00        0                MM      MM        0
GREATEST
 24 HR. TOTAL    0.73   01/11 TO 01/11

DEGREE_DAYS
HEATING TOTAL    1172              1102      70      893
 SINCE 7/1       3125              3175     -50     2602
COOLING TOTAL       0                 0       0        0
 SINCE 1/1          0                 0       0        0
.................................................................

WIND (MPH)
AVERAGE WIND SPEED              8.1
HIGHEST WIND SPEED/DIRECTION    31/360    DATE  01/12
HIGHEST GUST SPEED/DIRECTION    40/220    DATE  01/31

SKY COVER
POSSIBLE SUNSHINE (PERCENT)   MM
AVERAGE SKY COVER           0.50
NUMBER OF DAYS FAIR           14
NUMBER OF DAYS PC              6
NUMBER OF DAYS CLOUDY         11

AVERAGE RH (PERCENT)     70

WEATHER CONDITIONS. NUMBER OF DAYS WITH
THUNDERSTORM              0     MIXED PRECIP               0
HEAVY RAIN                1     RAIN                       5
LIGHT RAIN                9     FREEZING RAIN              1
LT FREEZING RAIN          2     HAIL                       0
HEAVY SNOW                1     SNOW                       2
LIGHT SNOW               10     SLEET                      0
FOG                      14     FOG W/VIS <= 1/4 MILE      6
HAZE                      4

-  INDICATES NEGATIVE NUMBERS.
R  INDICATES RECORD WAS SET OR TIED.
MM INDICATES DATA IS MISSING.
T  INDICATES TRACE AMOUNT.

$$
