000
CXUS53 KIND 011516
CLMBMG


CLIMATE REPORT
NATIONAL WEATHER SERVICE INDIANAPOLIS IN
1113 AM EDT THU SEP 1 2016

...................................

...THE BLOOMINGTON IN CLIMATE SUMMARY FOR THE MONTH OF AUGUST 2016...

CLIMATE NORMAL PERIOD 1981 TO 2010
CLIMATE RECORD PERIOD 9999 TO 9999

WEATHER         OBSERVED          NORMAL  DEPART  LAST YEAR`S
                 VALUE   DATE(S)  VALUE   FROM    VALUE  DATE(S)
                                          NORMAL
................................................................
TEMPERATURE (F)
HIGHEST            92   08/28                         89  08/03
LOWEST             54   08/22                         50  08/25
AVG. MAXIMUM     85.6              84.4     1.2     82.3
AVG. MINIMUM     67.5              61.5     6.0     60.4
MEAN             76.5              73.0     3.5     71.3
DAYS MAX >= 90      7               4.1     2.9        0
DAYS MAX <= 32      0               0.0     0.0        0
DAYS MIN <= 32      0               0.0     0.0        0
DAYS MIN <= 0       0               0.0     0.0        0

PRECIPITATION (INCHES)
TOTALS           7.34              3.52    3.82     4.17
DAILY AVG.       0.24              0.11    0.13     0.13
DAYS >= .01        12                MM      MM        6
DAYS >= .10        10                MM      MM        4
DAYS >= .50         5                MM      MM        2
DAYS >= 1.00        3                MM      MM        2
GREATEST
 24 HR. TOTAL    2.71   08/13 TO 08/14

DEGREE_DAYS
HEATING TOTAL       0                 5      -5        3
 SINCE 7/1          3                 7      -4        3
COOLING TOTAL     365               251     114      207
 SINCE 1/1       1075               817     258      878
.................................................................

WIND (MPH)
AVERAGE WIND SPEED              3.9
HIGHEST WIND SPEED/DIRECTION    20/190    DATE  08/24
HIGHEST GUST SPEED/DIRECTION    26/210    DATE  08/24

SKY COVER
POSSIBLE SUNSHINE (PERCENT)   MM
AVERAGE SKY COVER           0.40
NUMBER OF DAYS FAIR           17
NUMBER OF DAYS PC             11
NUMBER OF DAYS CLOUDY          3

AVERAGE RH (PERCENT)     77

WEATHER CONDITIONS. NUMBER OF DAYS WITH
THUNDERSTORM             11     MIXED PRECIP               0
HEAVY RAIN               10     RAIN                       8
LIGHT RAIN               17     FREEZING RAIN              0
LT FREEZING RAIN          0     HAIL                       0
HEAVY SNOW                0     SNOW                       0
LIGHT SNOW                0     SLEET                      0
FOG                      25     FOG W/VIS <= 1/4 MILE      8
HAZE                      6

-  INDICATES NEGATIVE NUMBERS.
R  INDICATES RECORD WAS SET OR TIED.
MM INDICATES DATA IS MISSING.
T  INDICATES TRACE AMOUNT.

$$
