000
CXUS55 KBOI 041217 RRB
CLMBOI

CLIMATE REPORT
NATIONAL WEATHER SERVICE BOISE ID
520 AM MDT TUE NOV 4 2014

...................................

...THE BOISE ID CLIMATE SUMMARY FOR THE MONTH OF OCTOBER 2014...

...A WARM AND MOSTLY DRY OCTOBER...

OCTOBER 2014 WAS THE SECOND WARMEST ON RECORD AT THE AIRPORT AND THE
THIRD WARMEST IN THE BOISE AREA SINCE RECORD KEEPING BEGAN IN 1865.
MOST OF THE MONTH WAS MORE TYPICAL OF MAY WITH HIGHS REACHING OR
EXCEEDING 70 ON 18 DAYS AND 80 ON 4 DAYS. AND OVERNIGHT LOWS WERE
ALL ABOVE FREEZING...ALTHOUGH THE NORMAL FIRST FROST DATE IS OCTOBER
10. TEMPERATURES AVERAGED BELOW NORMAL ON ONLY 3 DAYS.

PRECIPITATION WAS A LITTLE MORE THAN 50% OF NORMAL WHICH RANKS AS
THE 17TH DRIEST OCTOBER AT THE AIRPORT AND TIES FOR 35TH PLACE AT
ALL BOISE LOCATIONS GOING BACK 148 YEARS.

SUNSHINE WAS ABUNDANT THROUGHOUT THE MONTH. THE 23RD WAS THE ONLY
CLOUDY DAY.

THE WARM DRY WEATHER REFLECTED THE RIDGE OF WARM AIR ALOFT WHICH
DOMINATED THE WESTERN U.S. THROUGH MOST OF THE MONTH. AS IS TYPICAL
OF FALL...PACIFIC WEATHER DISTURBANCES MANAGED TO PUNCH THROUGH THE
RIDGE ON SEVERAL OCCASIONS...BRINGING COOLER BREEZY WEATHER BUT
LITTLE IF ANY RAIN. THE EXCEPTION WAS THE TROUGH WHICH SWUNG ACROSS
OUR AREA FROM THE SOUTHWEST ON THE 21ST DUMPING NEARLY A THIRD OF AN
INCH OF RAIN AT THE AIRPORT.

CLIMATE NORMAL PERIOD 1981 TO 2010
CLIMATE RECORD PERIOD 1878 TO 2014

WEATHER         OBSERVED          NORMAL  DEPART  LAST YEAR`S
                 VALUE   DATE(S)  VALUE   FROM    VALUE
                                          NORMAL
.............................................................
TEMPERATURE (F)
HIGHEST            82   10/07
LOWEST             34   10/27
AVG. MAXIMUM     70.0              64.8     5.2
AVG. MINIMUM     46.3              40.9     5.4
MEAN             58.2              52.8     5.4
DAYS MAX >= 90      0
DAYS MAX <= 32      0
DAYS MIN <= 32      0
DAYS MIN <= 0       0

PRECIPITATION (INCHES)
RECORD
 MAXIMUM         4.06   1883
TOTALS           0.40              0.75   -0.35
DAYS >= .01         4
DAYS >= .10         1
DAYS >= .50         0
DAYS >= 1.00        0
GREATEST
 24 HR. TOTAL    0.30   10/21 TO 10/21

SNOWFALL (INCHES)
TOTALS            0.0
SINCE 7/1         0.0
GREATEST
 SNOW DEPTH         0   MM
 24 HR TOTAL      0.0   10/31 TO 10/31

DEGREE_DAYS
HEATING TOTAL     213               385    -172      452
 SINCE 7/1        269               506    -237
COOLING TOTAL      10                 8       2        0
 SINCE 1/1       1129               942     187
..............................................................

WIND (MPH)
AVERAGE WIND SPEED              6.6
RESULTANT WIND SPEED/DIRECTION   2/140
HIGHEST WIND SPEED/DIRECTION    35/280    DATE  10/15
HIGHEST GUST SPEED/DIRECTION    43/280    DATE  10/15

SKY COVER
POSSIBLE SUNSHINE (PERCENT)   MM

AVERAGE RH (PERCENT)     48


-  INDICATES NEGATIVE NUMBERS.
R  INDICATES RECORD WAS SET OR TIED.
MM INDICATES DATA IS MISSING.
T  INDICATES TRACE AMOUNT.

$$
