993
CXUS51 KBOX 011042
CLMBOS


CLIMATE REPORT
NATIONAL WEATHER SERVICE TAUNTON MA
615 AM EDT FRI JUL 1 2016

...................................

...THE BOSTON MA CLIMATE SUMMARY FOR THE MONTH OF JUNE 2016...

CLIMATE NORMAL PERIOD 1981 TO 2010
CLIMATE RECORD PERIOD 1872 TO 2016

WEATHER         OBSERVED          NORMAL  DEPART
                 VALUE   DATE(S)  VALUE   FROM
                                          NORMAL
................................................
TEMPERATURE (F)
RECORD
 HIGH             100   06/26/1952
                        06/06/1925
 LOW               42   06/05/1872
                        06/01/1873
HIGHEST            87   06/29
                        06/21
LOWEST             54   06/13
                        06/11
AVG. MAXIMUM     76.8              75.9     0.9
AVG. MINIMUM     60.0              58.6     1.4
MEAN             68.4              67.7     0.7
DAYS MAX >= 90      0               2.3    -2.3
DAYS MAX <= 32      0               0.0     0.0
DAYS MIN <= 32      0               0.0     0.0
DAYS MIN <= 0       0               0.0     0.0

PRECIPITATION (INCHES)
RECORD
 MAXIMUM        13.20   1982
 MINIMUM            T   1999
TOTALS           1.33              3.68   -2.35
DAILY AVG.       0.04              0.12   -0.08
DAYS >= .01         7              10.9    -3.9
DAYS >= .10         3               6.4    -3.4
DAYS >= .50         1               2.1    -1.1
DAYS >= 1.00        0               0.7    -0.7
GREATEST
 24 HR. TOTAL    0.91   06/05 TO 06/05

SNOWFALL (INCHES)
RECORDS
 TOTAL            0.0   MM
 SNOW DEPTH         M   MM
TOTALS            0.0               0.0     0.0
SINCE 7/1        36.1              43.8    -7.7
SNOWDEPTH AVG.     MM
DAYS >= 1.0         0               0.0     0.0
GREATEST
 SNOW DEPTH        MM
 24 HR TOTAL      0.0   06/30 TO 06/30

DEGREE_DAYS
HEATING TOTAL      17                55     -38
 SINCE 7/1       4804              5681    -877
COOLING TOTAL     129               136      -7
 SINCE 1/1        174               166       8
.................................................

WIND (MPH)
AVERAGE WIND SPEED              10.6
RESULTANT WIND SPEED/DIRECTION   3/239
HIGHEST WIND SPEED/DIRECTION    33/290    DATE  06/12
HIGHEST GUST SPEED/DIRECTION    43/300    DATE  06/12

SKY COVER
POSSIBLE SUNSHINE (PERCENT)   MM
AVERAGE SKY COVER           0.50
NUMBER OF DAYS FAIR            7
NUMBER OF DAYS PC             18
NUMBER OF DAYS CLOUDY          5

AVERAGE RH (PERCENT)     63

WEATHER CONDITIONS. NUMBER OF DAYS WITH
THUNDERSTORM              0     MIXED PRECIP               0
HEAVY RAIN                2     RAIN                       2
LIGHT RAIN                9     FREEZING RAIN              0
LT FREEZING RAIN          0     HAIL                       0
HEAVY SNOW                0     SNOW                       0
LIGHT SNOW                0     SLEET                      0
FOG                       4     FOG W/VIS <= 1/4 MILE      0
HAZE                      1

-  INDICATES NEGATIVE NUMBERS.
R  INDICATES RECORD WAS SET OR TIED.
MM INDICATES DATA IS MISSING.
T  INDICATES TRACE AMOUNT.

$$
