000
CXUS55 KMSO 021445
CLMBTM


CLIMATE REPORT
NATIONAL WEATHER SERVICE MISSOULA, MT
845 AM MDT TUE JUN 2 2015

...................................

...THE BUTTE MT CLIMATE SUMMARY FOR THE MONTH OF MAY 2015...

CLIMATE NORMAL PERIOD 1981 TO 2010
CLIMATE RECORD PERIOD 1895 TO 2015

WEATHER         OBSERVED          NORMAL  DEPART  LAST YEAR`S
                 VALUE   DATE(S)  VALUE   FROM    VALUE
                                          NORMAL
.............................................................
TEMPERATURE (F)
RECORD
 HIGH              90   05/28/1919
 LOW                9   05/01/1975
                        05/08/1965
HIGHEST            75   05/31        MM      MM       79
LOWEST             23   05/10        MM      MM       19
AVG. MAXIMUM     59.7              61.1    -1.4     62.3
AVG. MINIMUM     36.4              34.0     2.4     33.1
MEAN             48.0              47.6     0.4     47.7
DAYS MAX >= 90      0               0.0     0.0        0
DAYS MAX <= 32      0               0.0     0.0        0
DAYS MIN <= 32      5              11.6    -6.6       14
DAYS MIN <= 0       0               0.0     0.0        0

PRECIPITATION (INCHES)
RECORD
 MAXIMUM         5.84   1927
 MINIMUM         0.09   1934
TOTALS           1.76              2.08   -0.32     0.82
DAILY AVG.       0.06              0.07   -0.01     0.03
DAYS >= .01        12              12.6    -0.6       10
DAYS >= .10         8               6.2     1.8        3
DAYS >= .50         0               0.8    -0.8        0
DAYS >= 1.00        0               0.2    -0.2        0
GREATEST
 24 HR. TOTAL    0.63   05/15 TO 05/16              0.17

DEGREE_DAYS
HEATING TOTAL     520               541     -21
 SINCE 7/1       8025              8932    -907
COOLING TOTAL       0                 0       0
 SINCE 1/1          0                 0       0
..............................................................

WIND (MPH)
AVERAGE WIND SPEED              6.5
HIGHEST WIND SPEED/DIRECTION    32/110    DATE  05/14
HIGHEST GUST SPEED/DIRECTION    47/310    DATE  05/31

SKY COVER
POSSIBLE SUNSHINE (PERCENT)   MM
AVERAGE SKY COVER           0.60
NUMBER OF DAYS FAIR            6
NUMBER OF DAYS PC             17
NUMBER OF DAYS CLOUDY          8

AVERAGE RH (PERCENT)     61

WEATHER CONDITIONS. NUMBER OF DAYS WITH
THUNDERSTORM              0     MIXED PRECIP               0
HEAVY RAIN                2     RAIN                       6
LIGHT RAIN               18     FREEZING RAIN              0
LT FREEZING RAIN          0     HAIL                       0
HEAVY SNOW                0     SNOW                       0
LIGHT SNOW                1     SLEET                      0
FOG                       7     FOG W/VIS <= 1/4 MILE      0
HAZE                      2

-  INDICATES NEGATIVE NUMBERS.
R  INDICATES RECORD WAS SET OR TIED.
MM INDICATES DATA IS MISSING.
T  INDICATES TRACE AMOUNT.

$$
