000
CXUS55 KABQ 012108
CLMCAO


CLIMATE REPORT
NATIONAL WEATHER SERVICE ALBUQUERQUE NM
306 PM MDT SUN OCT 1 2017

...................................

...THE CLAYTON  NM CLIMATE SUMMARY FOR THE MONTH OF SEPTEMBER 2017...

CLIMATE NORMAL PERIOD 1981 TO 2010
CLIMATE RECORD PERIOD 1896 TO 2017

WEATHER         OBSERVED          NORMAL  DEPART  LAST YEAR`S
                 VALUE   DATE(S)  VALUE   FROM    VALUE  DATE(S)
                                          NORMAL
................................................................
TEMPERATURE (F)
RECORD
 HIGH              99   09/05/2010
                        09/05/1948
                        09/03/1947
 LOW               26   09/29/1985
HIGHEST            90   09/14        MM      MM       89  09/19
                        09/04                             09/11
                                                          09/05
LOWEST             47   09/29        MM      MM       38  09/26
                        09/28
                        09/26
AVG. MAXIMUM     78.4              79.3    -0.9     81.8
AVG. MINIMUM     53.3              52.3     1.0     53.8
MEAN             65.8              65.8     0.0     67.8
DAYS MAX >= 90      2               2.9    -0.9        0
DAYS MAX <= 32      0               0.0     0.0        0
DAYS MIN <= 32      0               0.3    -0.3        0
DAYS MIN <= 0       0               0.0     0.0        0

PRECIPITATION (INCHES)
RECORD
 MAXIMUM           MM   MM
 MINIMUM           MM   MM
TOTALS           4.39              1.67    2.72     2.63
DAILY AVG.       0.15              0.06    0.09     0.09
DAYS >= .01        12               6.7     5.3        6
DAYS >= .10         8               3.3     4.7        4
DAYS >= .50         3               0.9     2.1        3
DAYS >= 1.00        1               0.4     0.6        1
GREATEST
 24 HR. TOTAL    1.29   09/23 TO 09/23              1.21

SNOWFALL (INCHES)
RECORDS
 TOTAL             MM   MM
TOTALS            0.0               0.3    -0.3      0.0
SINCE 7/1         0.0               0.3    -0.3      0.0
SNOWDEPTH AVG.      0                MM      MM        0
DAYS >= 1.0         0               0.1    -0.1        0
GREATEST
 SNOW DEPTH         0   MM                             0  MM
 24 HR TOTAL      0.0   09/30 TO 09/30               0.0

DEGREE_DAYS
HEATING TOTAL      77                78      -1       37
 SINCE 7/1         81                84      -3       39
COOLING TOTAL     112               102      10      131
 SINCE 1/1        822               899     -77     1069
.................................................................

WIND (MPH)
AVERAGE WIND SPEED              11.6
HIGHEST WIND SPEED/DIRECTION    38/240    DATE  09/15
HIGHEST GUST SPEED/DIRECTION    51/250    DATE  09/15

SKY COVER
AVERAGE SKY COVER           0.30

AVERAGE RH (PERCENT)     61

WEATHER CONDITIONS. NUMBER OF DAYS WITH
THUNDERSTORM              0     MIXED PRECIP               0
HEAVY RAIN                7     RAIN                       7
LIGHT RAIN               14     FREEZING RAIN              0
LT FREEZING RAIN          0     HAIL                       0
HEAVY SNOW                0     SNOW                       0
LIGHT SNOW                0     SLEET                      0
FOG                      10     FOG W/VIS <= 1/4 MILE      3
HAZE                      2

-  INDICATES NEGATIVE NUMBERS.
R  INDICATES RECORD WAS SET OR TIED.
MM INDICATES DATA IS MISSING.
T  INDICATES TRACE AMOUNT.

$$
