866
CXUS55 KABQ 011703
CLMCAO

ABQCLMCAO 000
TTAA00 KABQ 011604


CLIMATE REPORT
NATIONAL WEATHER SERVICE ALBUQUERQUE NM
1003 AM MST SUN JAN 1 2017

...................................

...THE CLAYTON  NM CLIMATE SUMMARY FOR THE MONTH OF DECEMBER 2016...

CLIMATE NORMAL PERIOD 1981 TO 2010
CLIMATE RECORD PERIOD 1896 TO 2016

WEATHER         OBSERVED          NORMAL  DEPART  LAST YEAR`S
                 VALUE   DATE(S)  VALUE   FROM    VALUE  DATE(S)
                                          NORMAL
................................................................
TEMPERATURE (F)
RECORD
 HIGH              92   12/26/1917
 LOW              -14   12/21/1990
HIGHEST            71   12/05        MM      MM       72  12/09
LOWEST             -5   12/17        MM      MM       13  12/29
AVG. MAXIMUM     50.4              47.7     2.7     49.7
AVG. MINIMUM     20.3              21.9    -1.6     24.2
MEAN             35.3              34.8     0.5     37.0
DAYS MAX >= 90      0               0.0     0.0        0
DAYS MAX <= 32      2               4.0    -2.0        3
DAYS MIN <= 32     30              27.1     2.9       25
DAYS MIN <= 0       2               0.9     1.1        0

PRECIPITATION (INCHES)
RECORD
 MAXIMUM           MM   MM
 MINIMUM           MM   MM
TOTALS           0.21              0.36   -0.15     0.61
DAILY AVG.       0.01              0.01    0.00     0.02
DAYS >= .01         4               4.0     0.0        4
DAYS >= .10         1               1.2    -0.2        2
DAYS >= .50         0               0.0     0.0        0
DAYS >= 1.00        0               0.0     0.0        0
GREATEST
 24 HR. TOTAL    0.10   12/17 TO 12/17              0.46

SNOWFALL (INCHES)
RECORDS
 TOTAL             MM   MM
TOTALS            2.6               6.4    -3.8     10.9
SINCE 7/1         2.6              10.5    -7.9     18.0
SNOWDEPTH AVG.      0                MM      MM        1
DAYS >= 1.0         1               2.0    -1.0        3
GREATEST
 SNOW DEPTH         T   12/17                          9  12/14
 24 HR TOTAL      2.0   12/17 TO 12/17               8.0

DEGREE_DAYS
HEATING TOTAL     910               936     -26      863
 SINCE 7/1       1578              1988    -410     1752
COOLING TOTAL       0                 0       0        0
 SINCE 1/1       1115               909     206     1114
.................................................................

WIND (MPH)
AVERAGE WIND SPEED              12.6
HIGHEST WIND SPEED/DIRECTION    52/240    DATE  12/16
HIGHEST GUST SPEED/DIRECTION    69/250    DATE  12/16

SKY COVER
AVERAGE SKY COVER           0.20

AVERAGE RH (PERCENT)     60

WEATHER CONDITIONS. NUMBER OF DAYS WITH
THUNDERSTORM              0     MIXED PRECIP               0
HEAVY RAIN                0     RAIN                       0
LIGHT RAIN                1     FREEZING RAIN              0
LT FREEZING RAIN          0     HAIL                       0
HEAVY SNOW                1     SNOW                       1
LIGHT SNOW                5     SLEET                      0
FOG                       8     FOG W/VIS <= 1/4 MILE      1
HAZE                      0

-  INDICATES NEGATIVE NUMBERS.
R  INDICATES RECORD WAS SET OR TIED.
MM INDICATES DATA IS MISSING.
T  INDICATES TRACE AMOUNT.

$$
