676
CXUS55 KABQ 021144
CLMCAO


CLIMATE REPORT
NATIONAL WEATHER SERVICE ALBUQUERQUE NM
442 AM MST THU FEB 2 2017

...................................

...THE CLAYTON  NM CLIMATE SUMMARY FOR THE MONTH OF JANUARY 2017...

CLIMATE NORMAL PERIOD 1981 TO 2010
CLIMATE RECORD PERIOD 1896 TO 2017

WEATHER         OBSERVED          NORMAL  DEPART  LAST YEAR`S
                 VALUE   DATE(S)  VALUE   FROM    VALUE  DATE(S)
                                          NORMAL
................................................................
TEMPERATURE (F)
RECORD
 HIGH              80   01/10/1990
 LOW              -21   01/04/1959
HIGHEST            68   01/31        MM      MM       72  01/30
                        01/30
                        01/11
LOWEST              3   01/05        20     -17       10  01/01
AVG. MAXIMUM     48.9              48.9     0.0     50.6
AVG. MINIMUM     22.3              21.9     0.4     23.4
MEAN             35.6              35.4     0.2     37.0
DAYS MAX >= 90      0               0.0     0.0        0
DAYS MAX <= 32      4               3.2     0.8        2
DAYS MIN <= 32     27              27.7    -0.7       28
DAYS MIN <= 0       0               0.4    -0.4        0

PRECIPITATION (INCHES)
RECORD
 MAXIMUM           MM   MM
 MINIMUM           MM   MM
TOTALS           1.13              0.28    0.85     0.28
DAILY AVG.       0.04              0.01    0.03     0.01
DAYS >= .01         7               3.0     4.0        4
DAYS >= .10         3               0.9     2.1        1
DAYS >= .50         1               0.1     0.9        0
DAYS >= 1.00        0               0.0     0.0        0
GREATEST
 24 HR. TOTAL    0.71   01/14 TO 01/15              0.21

SNOWFALL (INCHES)
RECORDS
 TOTAL             MM   MM
TOTALS            7.8               5.1     2.7      3.3
SINCE 7/1        10.4              15.6    -5.2     21.3
SNOWDEPTH AVG.      0                 3      -3        0
DAYS >= 1.0         4               1.6     2.4        1
GREATEST
 SNOW DEPTH         3   01/06                          3  01/10
                                                          01/09
 24 HR TOTAL      3.4   MM                           2.5

DEGREE_DAYS
HEATING TOTAL     904               918     -14      861
 SINCE 7/1       2482              2906    -424     2613
COOLING TOTAL       0                 0       0        0
 SINCE 1/1          0                 0       0        0
.................................................................

WIND (MPH)
AVERAGE WIND SPEED              11.4
HIGHEST WIND SPEED/DIRECTION    38/250    DATE  01/23
HIGHEST GUST SPEED/DIRECTION    56/MM     DATE   MM

SKY COVER
AVERAGE SKY COVER           0.30

AVERAGE RH (PERCENT)     65

WEATHER CONDITIONS. NUMBER OF DAYS WITH
THUNDERSTORM              0     MIXED PRECIP               0
HEAVY RAIN                0     RAIN                       3
LIGHT RAIN                4     FREEZING RAIN              1
LT FREEZING RAIN          1     HAIL                       0
HEAVY SNOW                0     SNOW                       2
LIGHT SNOW                5     SLEET                      0
FOG                      10     FOG W/VIS <= 1/4 MILE      2
HAZE                      1

-  INDICATES NEGATIVE NUMBERS.
R  INDICATES RECORD WAS SET OR TIED.
MM INDICATES DATA IS MISSING.
T  INDICATES TRACE AMOUNT.

$$
