000
CXUS51 KCAR 112050 RRA
CLMCAR

CLIMATE REPORT
NATIONAL WEATHER SERVICE CARIBOU, ME
450 PM EDT SUN SEP 11 2016

...................................

...THE CARIBOU ME CLIMATE SUMMARY FOR THE SEASON, FROM
6/1/2016 TO 8/31/2016...

CLIMATE NORMAL PERIOD 1981 TO 2010
CLIMATE RECORD PERIOD 1939 TO 2016

WEATHER         OBSERVED          NORMAL  DEPART  LAST YEAR`S
                 VALUE   DATE(S)  VALUE   FROM    VALUE  DATE(S)
                                          NORMAL
................................................................
TEMPERATURE (F)
RECORD
 HIGH              96   06/29/1944
 LOW               30   06/07/1958
HIGHEST            89   06/19        MM      MM       88  08/18
LOWEST             39   06/17        MM      MM       38  06/07
AVG. MAXIMUM     75.7              74.0     1.7     73.3
AVG. MINIMUM     54.2              52.7     1.5     53.7
MEAN             65.0              63.3     1.7     63.5
DAYS MAX >= 90      0               1.0    -1.0        0
DAYS MAX <= 32      0               0.0     0.0        0
DAYS MIN <= 32      0               0.0     0.0        0
DAYS MIN <= 0       0               0.0     0.0        0

PRECIPITATION (INCHES)
RECORD
 MAXIMUM           MM   MM
 MINIMUM           MM   MM
TOTALS          15.18             11.32    3.86    11.62
DAILY AVG.       0.16              0.12    0.04     0.12
DAYS >= .01        43              40.7     2.3       43
DAYS >= .10        28              24.1     3.9       26
DAYS >= .50        13               7.2     5.8        8
DAYS >= 1.00        3               2.0     1.0        1
GREATEST
 24 HR. TOTAL    1.36   MM                       08/31 TO 08/31
                                                          08/31 TO 08/31
                                                          08/31 TO 08/31

SNOWFALL (INCHES)
RECORDS
 TOTAL              T   2011
TOTALS            0.0               0.0     0.0      0.0
SINCE 7/1         0.0               0.0     0.0      0.0
SNOWDEPTH AVG.      0                MM      MM        0
DAYS >= 1.0         0               0.0     0.0        0
GREATEST
 SNOW DEPTH         0   MM                             0  MM
 24 HR TOTAL      0.0   MM                       08/31 TO 08/31
                                                          08/31 TO 08/31
                                                          08/31 TO 08/31

DEGREE_DAYS
HEATING TOTAL     224               319     -95      289
 SINCE 7/1         80               154     -74       77
COOLING TOTAL     245               164      81      182
 SINCE 1/1        253               169      84      203
..................................................

WIND (MPH)
AVERAGE WIND SPEED              6.5
HIGHEST WIND SPEED/DIRECTION    26/330    DATE  08/11
HIGHEST GUST SPEED/DIRECTION    43/330    DATE  08/11

SKY COVER
POSSIBLE SUNSHINE (PERCENT)   MM
AVERAGE SKY COVER           0.40
NUMBER OF DAYS FAIR           42
NUMBER OF DAYS PC             32
NUMBER OF DAYS CLOUDY         18

AVERAGE RH (PERCENT)     72

WEATHER CONDITIONS. NUMBER OF DAYS WITH
THUNDERSTORM              0     MIXED PRECIP               0
HEAVY RAIN               23     RAIN                      22
LIGHT RAIN               47     FREEZING RAIN              0
LT FREEZING RAIN          0     HAIL                       0
HEAVY SNOW                0     SNOW                       0
LIGHT SNOW                0     SLEET                      0
FOG                      45     FOG W/VIS <= 1/4 MILE      6
HAZE                      2

-  INDICATES NEGATIVE NUMBERS.
R  INDICATES RECORD WAS SET OR TIED.
MM INDICATES DATA IS MISSING.
T  INDICATES TRACE AMOUNT.

&&

...SUMMER 2016 NORTHERN AND EASTERN MAINE SEASONAL CLIMATE
NARRATIVE...

OVERALL...NORTHERN AND EASTERN MAINE FOR SUMMER (JUNE 1ST -AUGUST
31ST) 2016 EXPERIENCED ABOVE NORMAL TEMPERATURES...WITH DECIDELY
ABOVE NORMAL RAINFALL ACROSS THE NORTH AND SIGNIFICANTLY BELOW
AVERAGE RAINFALL OVER DOWNEAST PORTIONS OF THE REGION.

MOST LOCATIONS AVERAGED 1 TO 2 DEGREES F ABOVE NORMAL...WITH
CONSISTENCY OF WARMTH RATHER THAN EPISODES OF EXTREME HEAT BEING
THE RULE THIS SUMMER. AT CARIBOU...35 DAYS OF 80+ DEGREE HIGH
TEMPERATURES WERE RECORDED DURING THIS PERIOD...WITH 3 BEING
RECORDED IN MAY AND AN ADDITIONAL 3 DAYS CURRENTLY IN SEPTEMBER
GIVING A CURRENT WARM SEASON TOTAL OF 41...WELL ABOVE THE WARM
SEASON AVERAGE OF 26. THERE WERE NO 90 DEGREE DAYS THIS WARM SEASON
AT CARIBOU. BANGOR`S WARM SEASON TOTAL OF 59 DAYS OF 80+ DEGREES SO
FOR FOR THE ENTIRE WARM SEASON IS ALSO WELL ABOVE AVERAGE. THERE
WERE 2 90 DEGREE DAYS AT BANGOR THIS WARM SEASON... WHICH WAS 2
BELOW THE LONG TERM AVERAGE OF 4.

THE ONLY NOTABLE COOL SPELLS THIS SUMMER OCCURRED BETWEEN
JUNE 1ST AND 19TH AND JULY 7TH AND 10TH...BOTH OF WHICH ACTED TO
KEEP OVERALL SUMMER POSITIVE DEPARTURES FROM BEING SIGNIFICANTLY
WARMER.

IT WAS THE TALE OF TWO RAINFALL REGIMES FOR THE REGION THIS
SUMMER...WITH THE DIVIDING LINE ROUGHLY RUNNING THROUGH CENTRAL
PORTIONS OF THE REGION. ACROSS THE NORTH...RAINFALL WAS MUCH MORE
PLENTIFUL...WITH MORE FREQUENT SHOWER/THUNDERSTORM DAYS DUE TO MORE
FREQUENT COLD FRONTAL PASSAGES. FURTHER SOUTH...IT WAS MUCH DRIER
WITH DOWNEAST AREAS FORMING THE NORTHERN EDGE OF A SIGNIFICANT
DROUGHT REGIME THAT AFFECTED MUCH OF THE REST OF NEW ENGLAND.
OVERALL...RAINFALL DEPARTURES RANGE FROM AS LOW AS 65 PERCENT OF
NORMAL FOR PORTIONS OF THE LOWER PENOBSCOT VALLEY TO AS HIGH AS 135
PERCENT OF NORMAL FOR SOME LOCATIONS ACROSS FAR NORTHERN MAINE. THE
SEASONAL RAINFALL TOTAL OF 15.18 INCHES FOR CARIBOU WAS ACTUALLY THE
11TH WETTEST JUNE THROUGH AUGUST PERIOD OF RECORD SINCE RECORDS
BEGAN IN 1939. MEANWHILE...THE RELATIVELY MEAGER TOTAL OF 7.78
INCHES FOR THE SEASON AT BANGOR WAS THE 21ST LOWEST SINCE RECORDS
BEGAN THERE IN 1925.

$$

VJN/CB
