000
CXUS55 KCYS 082002
CLMCDR


CLIMATE REPORT
NATIONAL WEATHER SERVICE CHEYENNE WY
202 PM MDT FRI MAY 8 2015

...................................

...THE CHADRON NE AIRPORT CLIMATE SUMMARY FOR THE MONTH OF APRIL 2015...

CLIMATE NORMAL PERIOD 1981 TO 2010
CLIMATE RECORD PERIOD 1895 TO 2015

WEATHER         OBSERVED          NORMAL  DEPART  LAST YEAR`S
                 VALUE   DATE(S)  VALUE   FROM    VALUE
                                          NORMAL
.............................................................
TEMPERATURE (F)
RECORD
 HIGH              93   04/20/1989
 LOW              -11   04/02/1975
HIGHEST            78   04/14        MM      MM       82
                        04/11
LOWEST             14   04/03        MM      MM       12
AVG. MAXIMUM     62.3              60.1     2.2     60.9
AVG. MINIMUM     31.4              29.6     1.8     32.2
MEAN             46.8              44.8     2.0     46.5
DAYS MAX >= 90      0               0.1                0
DAYS MAX <= 32      0               0.7                0
DAYS MIN <= 32     16              18.6               17
DAYS MIN <= 0       0               0.0                0

PRECIPITATION (INCHES)
RECORD
 MAXIMUM         4.78   2000
 MINIMUM         0.00   2011
TOTALS           1.43              1.98   -0.55     2.72
DAYS >= .01         9               8.9     0.1       10
DAYS >= .10         6               5.2     0.8        7
DAYS >= .50         0               1.1    -1.1        1
DAYS >= 1.00        0               0.2    -0.2        1
GREATEST
 24 HR. TOTAL    0.60   04/17 TO 04/18

DEGREE_DAYS
HEATING TOTAL     538               606     -68      546
 SINCE 7/1       6160              6763    -603     6918
COOLING TOTAL       0                 2      -2        1
 SINCE 1/1          0                 2      -2        1
..............................................................

WIND (MPH)
AVERAGE WIND SPEED              9.3
HIGHEST WIND SPEED/DIRECTION    47/270    DATE  04/23
HIGHEST GUST SPEED/DIRECTION    59/270    DATE  04/23

SKY COVER
POSSIBLE SUNSHINE (PERCENT)   MM
AVERAGE SKY COVER           0.40
NUMBER OF DAYS FAIR           16
NUMBER OF DAYS PC              8
NUMBER OF DAYS CLOUDY          6

AVERAGE RH (PERCENT)     61

WEATHER CONDITIONS. NUMBER OF DAYS WITH
THUNDERSTORM              0     MIXED PRECIP               0
HEAVY RAIN                1     RAIN                       3
LIGHT RAIN               11     FREEZING RAIN              0
LT FREEZING RAIN          0     HAIL                       0
HEAVY SNOW                0     SNOW                       0
LIGHT SNOW                2     SLEET                      0
FOG                      10     FOG W/VIS <= 1/4 MILE      1
HAZE                      4

-  INDICATES NEGATIVE NUMBERS.
R  INDICATES RECORD WAS SET OR TIED.
MM INDICATES DATA IS MISSING.
T  INDICATES TRACE AMOUNT.

$$
