411
CXUS53 KPAH 011154
CLMCGI

PAHCLMCAP 000
TTAA00 KPAH 011148

CLIMATE REPORT
NATIONAL WEATHER SERVICE PADUCAH KY
646 AM CDT THU JUN 1 2017

...................................

...THE CAPE GIRARDEAU MO CLIMATE SUMMARY FOR THE MONTH OF MAY 2017...

CLIMATE NORMAL PERIOD 1981 TO 2010
CLIMATE RECORD PERIOD 1960 TO 2017

WEATHER         OBSERVED          NORMAL  DEPART  LAST YEAR`S
                 VALUE   DATE(S)  VALUE   FROM    VALUE
                                          NORMAL
.............................................................
TEMPERATURE (F)
RECORD
 HIGH              97   05/24/1996
 LOW               30   05/17/1968
HIGHEST            87   05/31                         88
                        05/27
LOWEST             42   05/06                         41
AVG. MAXIMUM     77.8              77.8     0.0     75.7
AVG. MINIMUM     56.0              55.6     0.4     53.9
MEAN             66.9              66.7     0.2     64.8
DAYS MAX >= 90      0               1.1    -1.1        0
DAYS MAX <= 32      0               0.0     0.0        0
DAYS MIN <= 32      0               0.0     0.0        0
DAYS MIN <= 0       0               0.0     0.0        0

PRECIPITATION (INCHES)
RECORD
 MAXIMUM        16.89   1973
 MINIMUM         0.78   1994
TOTALS           5.11              5.46   -0.35     8.34
DAILY AVG.       0.16              0.18   -0.02     0.27
DAYS >= .01        12              12.3    -0.3       12
DAYS >= .10         7               8.4    -1.4        7
DAYS >= .50         3               3.5    -0.5        5
DAYS >= 1.00        1               1.5    -0.5        2
GREATEST
 24 HR. TOTAL    1.88   05/04 TO 05/04

DEGREE_DAYS
COOLING TOTAL     133               121      12      103
 SINCE 1/1        175               152      23      121
..............................................................

WIND (MPH)
AVERAGE WIND SPEED              8.7
HIGHEST WIND SPEED/DIRECTION    37/190    DATE  05/20
HIGHEST GUST SPEED/DIRECTION    53/290    DATE  05/27

SKY COVER
POSSIBLE SUNSHINE (PERCENT)   MM
AVERAGE SKY COVER           0.30
NUMBER OF DAYS FAIR           18
NUMBER OF DAYS PC             11
NUMBER OF DAYS CLOUDY          2

AVERAGE RH (PERCENT)     68

WEATHER CONDITIONS. NUMBER OF DAYS WITH
THUNDERSTORM              0     MIXED PRECIP               0
HEAVY RAIN                6     RAIN                       8
LIGHT RAIN               10     FREEZING RAIN              0
LT FREEZING RAIN          0     HAIL                       0
HEAVY SNOW                0     SNOW                       0
LIGHT SNOW                0     SLEET                      0
FOG                      12     FOG W/VIS <= 1/4 MILE      2
HAZE                      4

-  INDICATES NEGATIVE NUMBERS.
R  INDICATES RECORD WAS SET OR TIED.
MM INDICATES DATA IS MISSING.
T  INDICATES TRACE AMOUNT.

$$
