102
CXUS53 KPAH 011309
CLMCGI

CLIMATE REPORT
NATIONAL WEATHER SERVICE PADUCAH KY
757 AM CDT SUN OCT 1 2017

...................................

...THE CAPE GIRARDEAU MO CLIMATE SUMMARY FOR THE MONTH OF SEPTEMBER 2017...

CLIMATE NORMAL PERIOD 1981 TO 2010
CLIMATE RECORD PERIOD 1960 TO 2017

WEATHER         OBSERVED          NORMAL  DEPART  LAST YEAR`S
                 VALUE   DATE(S)  VALUE   FROM    VALUE
                                          NORMAL
.............................................................
TEMPERATURE (F)
RECORD
 HIGH             100   09/06/1960
 LOW               33   09/30/1999
HIGHEST            95   09/22                         92
LOWEST             42   09/07                         44
AVG. MAXIMUM     84.2              81.3     2.9     84.3
AVG. MINIMUM     56.9              56.3     0.6     61.0
MEAN             70.6              68.8     1.8     72.7
DAYS MAX >= 90     10               3.6     6.4        8
DAYS MAX <= 32      0               0.0     0.0        0
DAYS MIN <= 32      0               0.0     0.0        0
DAYS MIN <= 0       0               0.0     0.0        0

PRECIPITATION (INCHES)
RECORD
 MAXIMUM        10.23   1993
 MINIMUM            T   2004
TOTALS           0.73              3.28   -2.55     5.05
DAILY AVG.       0.02              0.11   -0.09     0.17
DAYS >= .01         4               7.7    -3.7        8
DAYS >= .10         3               5.0    -2.0        6
DAYS >= .50         0               2.2    -2.2        4
DAYS >= 1.00        0               1.0    -1.0        2
GREATEST
 24 HR. TOTAL    0.32   09/19 TO 09/19

DEGREE_DAYS
HEATING TOTAL      16                48     -32       19
 SINCE 7/1         16                49     -33       19
COOLING TOTAL     191               162      29      257
 SINCE 1/1       1393              1422     -29     1700
..............................................................

WIND (MPH)
AVERAGE WIND SPEED              5.0
HIGHEST WIND SPEED/DIRECTION    21/030    DATE  09/12
HIGHEST GUST SPEED/DIRECTION    26/040    DATE  09/12

SKY COVER
POSSIBLE SUNSHINE (PERCENT)   MM
AVERAGE SKY COVER           0.20
NUMBER OF DAYS FAIR           25
NUMBER OF DAYS PC              3
NUMBER OF DAYS CLOUDY          2

AVERAGE RH (PERCENT)     69

WEATHER CONDITIONS. NUMBER OF DAYS WITH
THUNDERSTORM              0     MIXED PRECIP               0
HEAVY RAIN                1     RAIN                       1
LIGHT RAIN                5     FREEZING RAIN              0
LT FREEZING RAIN          0     HAIL                       0
HEAVY SNOW                0     SNOW                       0
LIGHT SNOW                0     SLEET                      0
FOG                      20     FOG W/VIS <= 1/4 MILE      9
HAZE                      4

-  INDICATES NEGATIVE NUMBERS.
R  INDICATES RECORD WAS SET OR TIED.
MM INDICATES DATA IS MISSING.
T  INDICATES TRACE AMOUNT.

$$
