000
CXUS54 KMRX 011435
CLMCHA

CLIMATE REPORT
NATIONAL WEATHER SERVICE MORRISTOWN TN
934 AM EST SUN MAR 1 2015

...................................

...THE CHATTANOOGA CLIMATE SUMMARY FOR THE MONTH OF FEBRUARY 2015...

CLIMATE NORMAL PERIOD 1981 TO 2010
CLIMATE RECORD PERIOD 1879 TO 2015

WEATHER         OBSERVED          NORMAL  DEPART
                 VALUE   DATE(S)  VALUE   FROM
                                          NORMAL
................................................
TEMPERATURE (F)
HIGHEST            66   02/08
LOWEST              8   02/19
AVG. MAXIMUM     46.2              54.8    -8.6
AVG. MINIMUM     26.2              34.0    -7.8
MEAN             36.2              44.4    -8.2
DAYS MAX >= 90      0
DAYS MAX <= 32      3
DAYS MIN <= 32     23
DAYS MIN <= 0       0

PRECIPITATION (INCHES)
RECORD
 MAXIMUM        12.30   1939
 MINIMUM         0.62   1941
TOTALS           3.50              4.84   -1.34
DAYS >= .01        12
DAYS >= .10         4
DAYS >= .50         3
DAYS >= 1.00        1
GREATEST
 24 HR. TOTAL    1.33   02/16 TO 02/16

SNOWFALL (INCHES)
TOTALS            8.8               0.6     8.2
SINCE 7/1         9.5
SNOWDEPTH AVG.      0
DAYS >= TRACE       7
GREATEST
 SNOW DEPTH         6   02/25

DEGREE_DAYS
HEATING TOTAL     797               577     220
 SINCE 7/1       2833              2622     211
COOLING TOTAL       0                 0       0
 SINCE 1/1          0                 0       0
.................................................



-  INDICATES NEGATIVE NUMBERS.
R  INDICATES RECORD WAS SET OR TIED.
MM INDICATES DATA IS MISSING.
T  INDICATES TRACE AMOUNT.

$$
