000
CXUS52 KCHS 021523
CLMCHS

CLIMATE REPORT
NATIONAL WEATHER SERVICE CHARLESTON SC
1015 AM EST MON FEB 2 2015

...................................

...THE NORTH CHARLESTON SC CLIMATE SUMMARY FOR THE MONTH OF JANUARY 2015...

CLIMATE NORMAL PERIOD 1981 TO 2010
CLIMATE RECORD PERIOD 1938 TO 2015

WEATHER         OBSERVED          NORMAL  DEPART  LAST YEAR`S
                 VALUE   DATE(S)  VALUE   FROM    VALUE  DATE(S)
                                          NORMAL
................................................................
TEMPERATURE (F)
RECORD
 HIGH              83   01/16/1950
 LOW                6   01/21/1985
HIGHEST            74   01/04                         75  01/10
LOWEST             18   01/08                         17  01/25
                                                          01/07
AVG. MAXIMUM     59.3              59.0     0.3     57.0
AVG. MINIMUM     38.0              37.5     0.5     34.2
MEAN             48.6              48.3     0.3     45.6
DAYS MAX >= 90      0               0.0     0.0        0
DAYS MAX <= 32      0               0.2    -0.2        1
DAYS MIN <= 32      7               9.7    -2.7       15
DAYS MIN <= 0       0               0.0     0.0        0

PRECIPITATION (INCHES)
RECORD
 MAXIMUM         8.92   1993
 MINIMUM         0.35   2013
TOTALS           3.53              3.71   -0.18     2.67
DAYS >= .01         9               9.6    -0.6        8
DAYS >= .10         6               6.2    -0.2        6
DAYS >= .50         2               2.5    -0.5        3
DAYS >= 1.00        2               1.0     1.0        0
GREATEST
 24 HR. TOTAL    1.70   01/23 TO 01/24

SNOWFALL (INCHES)
TOTALS              T                 T     0.0
SINCE 7/1           T               0.3    -0.3

DEGREE_DAYS
HEATING TOTAL     501               521     -20      598
 SINCE 7/1       1197              1259     -62     1198
COOLING TOTAL       4                 2       2        2
 SINCE 1/1          4                 0       4        2
.................................................................

WIND (MPH)
AVERAGE WIND SPEED              7.3
HIGHEST WIND SPEED/DIRECTION    31/210
HIGHEST GUST SPEED/DIRECTION    41/210


WEATHER CONDITIONS. NUMBER OF DAYS WITH
THUNDERSTORM              1     MIXED PRECIP               0
HEAVY RAIN                3     RAIN                       5
LIGHT RAIN               12     FREEZING RAIN              0
LT FREEZING RAIN          0     HAIL                       0
HEAVY SNOW                0     SNOW                       0
LIGHT SNOW                1     SLEET                      0
FOG                      13     FOG W/VIS <= 1/4 MILE      4
HAZE                      0

-  INDICATES NEGATIVE NUMBERS.
R  INDICATES RECORD WAS SET OR TIED.
MM INDICATES DATA IS MISSING.
T  INDICATES TRACE AMOUNT.

&&

RECORDS ESTABLISHED DURING THE MONTH:

*JAN 4 - RECORD HIGH MINIMUM TEMPERATURE OF 63 DEGREES

$$
