000
CXUS53 KDVN 012101 RRA
CLMCID

CLIMATE REPORT...RETRANSMISSION
NATIONAL WEATHER SERVICE QUAD CITIES IA IL
300 PM CST WED MAR 1 2017

...................................

...THE CEDAR RAPIDS IA CLIMATE SUMMARY FOR THE MONTH OF FEBRUARY 2017...

CLIMATE NORMAL PERIOD 1981 TO 2010
CLIMATE RECORD PERIOD 1891 TO 2017

WEATHER         OBSERVED          NORMAL  DEPART
                 VALUE   DATE(S)  VALUE   FROM
                                          NORMAL
................................................
TEMPERATURE (F)
RECORD
 HIGH              76   02/22/2017
 LOW              -27   02/14/1905
HIGHEST            76R  02/22        39      37
LOWEST              4   02/09        12      -8
AVG. MAXIMUM     46.5              33.3    13.2
AVG. MINIMUM     24.0              15.6     8.4
MEAN             35.3              24.4    10.9
DAYS MAX >= 90      0
DAYS MAX <= 32      5
DAYS MIN <= 32     23
DAYS MIN <= 0       0

PRECIPITATION (INCHES)
TOTALS           0.67              1.22   -0.55
DAILY AVG.       0.02              0.04   -0.02
DAYS >= .01         7
DAYS >= .10         2
DAYS >= .50         0
DAYS >= 1.00        0
GREATEST
 24 HR. TOTAL    0.27   02/07 TO 02/07
                        02/06 TO 02/07
                        02/07 TO 02/07

DEGREE_DAYS
HEATING TOTAL     825              1135    -310
 SINCE 7/1       4276              5283   -1007
COOLING TOTAL       0                 0       0
 SINCE 1/1          0                 0       0
.................................................

WIND (MPH)
AVERAGE WIND SPEED              10.9
HIGHEST WIND SPEED/DIRECTION    33/310    DATE  02/12
HIGHEST GUST SPEED/DIRECTION    42/310    DATE  02/12

SKY COVER
POSSIBLE SUNSHINE (PERCENT)   MM
AVERAGE SKY COVER           0.30
NUMBER OF DAYS FAIR           19
NUMBER OF DAYS PC              6
NUMBER OF DAYS CLOUDY          3

AVERAGE RH (PERCENT)     74

WEATHER CONDITIONS. NUMBER OF DAYS WITH
THUNDERSTORM              3     HAIL                       0
SLEET                     0     FOG                       14
FOG W/VIS <= 1/4 MILE     6     HAZE                       2

-  INDICATES NEGATIVE NUMBERS.
R  INDICATES RECORD WAS SET OR TIED.
MM INDICATES DATA IS MISSING.
T  INDICATES TRACE AMOUNT.

$$
