000
CXUS51 KILN 011345
CLMCMH


CLIMATE REPORT
NATIONAL WEATHER SERVICE WILMINGTON OH
944 AM EDT SAT JUL 1 2017

...................................

...THE COLUMBUS CLIMATE SUMMARY FOR THE MONTH OF JUNE 2017...

CLIMATE NORMAL PERIOD 1981 TO 2010
CLIMATE RECORD PERIOD 1869 TO 2017

WEATHER         OBSERVED          NORMAL  DEPART  LAST YEAR`S
                 VALUE   DATE(S)  VALUE   FROM    VALUE  DATE(S)
                                          NORMAL
................................................................
TEMPERATURE (F)
RECORD
 HIGH             102   06/28/1944
 LOW               35   06/11/1972
HIGHEST            93   06/16        82      11       95  06/11
                        06/12
LOWEST             51   06/28        60      -9       48  06/09
                        06/01
AVG. MAXIMUM     82.8              81.6     1.2     84.1
AVG. MINIMUM     61.6              61.5     0.1     62.4
MEAN             72.2              71.5     0.7     73.2
DAYS MAX >= 90      5               3.1     1.9        3
DAYS MAX <= 32      0               0.0     0.0        0
DAYS MIN <= 32      0               0.0     0.0        0
DAYS MIN <= 0       0               0.0     0.0        0

PRECIPITATION (INCHES)
TOTALS           4.66              4.01    0.65     5.22
DAILY AVG.       0.16              0.13    0.03     0.17
DAYS >= .01         8              11.2    -3.2        9
DAYS >= .10         6               7.1    -1.1        5
DAYS >= .50         4               2.8     1.2        3
DAYS >= 1.00        2               1.0     1.0        2
GREATEST
 24 HR. TOTAL    1.32   06/30 TO 06/30           06/22 TO 06/23
                                                          06/30 TO 06/30
                                                          06/30 TO 06/30
 STORM TOTAL       MM                                 MM
 (MM/DD(HH))            MM                    06/23(00) TO 06/23(00)
                                                 06/30(00) TO 06/30(00)0
                                                 06/30(00) TO 06/30(00)0

SNOWFALL (INCHES)
TOTALS            0.0               0.0     0.0      0.0
SINCE 7/1         9.3              26.7   -17.4     17.1
DAYS >= TRACE       0               0.0     0.0        0
DAYS >= 1.0         0               0.0     0.0        0
GREATEST
 24 HR TOTAL      0.0   06/30 TO 06/30           06/30 TO 06/30
                                                          06/30 TO 06/30
                                                          06/30 TO 06/30
 STORM TOTAL       MM                                 MM
 (MM/DD(HH))            MM                    06/30(00) TO 06/30(00)
                                                 06/30(00) TO 06/30(00)0
                                                 06/30(00) TO 06/30(00)0

DEGREE_DAYS
HEATING TOTAL       7                19     -12        4
 SINCE 7/1       4278              5246    -968     4551
COOLING TOTAL     230               216      14      259
 SINCE 1/1        355               298      57      324
.................................................

WIND (MPH)
AVERAGE WIND SPEED              7.6
RESULTANT WIND SPEED/DIRECTION   4/239
HIGHEST WIND SPEED/DIRECTION    44/270    DATE  06/19
HIGHEST GUST SPEED/DIRECTION    63/270    DATE  06/19

SKY COVER
AVERAGE SKY COVER           0.50

AVERAGE RH (PERCENT)     67

WEATHER CONDITIONS. NUMBER OF DAYS WITH
THUNDERSTORM              0     MIXED PRECIP               0
HEAVY RAIN                4     RAIN                       6
LIGHT RAIN                9     FREEZING RAIN              0
LT FREEZING RAIN          0     HAIL                       0
HEAVY SNOW                0     SNOW                       0
LIGHT SNOW                0     SLEET                      0
FOG                       8     FOG W/VIS <= 1/4 MILE      1
HAZE                      4

-  INDICATES NEGATIVE NUMBERS.
R  INDICATES RECORD WAS SET OR TIED.
MM INDICATES DATA IS MISSING.
T  INDICATES TRACE AMOUNT.

$$
