000
CXUS51 KILN 011659 CCA
CLMCMH

CLIMATE REPORT...CORRECTED...
NATIONAL WEATHER SERVICE WILMINGTON OH
1159 AM EST THU FEB 1 2018

...................................

...THE COLUMBUS CLIMATE SUMMARY FOR THE MONTH OF JANUARY 2018...

CLIMATE NORMAL PERIOD 1981 TO 2010
CLIMATE RECORD PERIOD 1869 TO 2018

WEATHER         OBSERVED          NORMAL  DEPART  LAST YEAR`S
                 VALUE   DATE(S)  VALUE   FROM    VALUE  DATE(S)
                                          NORMAL
................................................................
TEMPERATURE (F)
RECORD
 HIGH              74   01/25/1950
 LOW              -22   01/19/1994
HIGHEST            60   01/22        36      24       67  01/12
                        01/11
LOWEST             -4   01/02        20     -24        6  01/07
AVG. MAXIMUM     35.4              36.5    -1.1     43.5
AVG. MINIMUM     19.3              22.6    -3.3     30.1
MEAN             27.3              29.6    -2.3     36.8
DAYS MAX >= 90      0               0.0     0.0        0
DAYS MAX <= 32     14              10.8     3.2        6
DAYS MIN <= 32     26              23.9     2.1       18
DAYS MIN <= 0       5               1.4     3.6        0

PRECIPITATION (INCHES)
TOTALS           2.39              2.73   -0.34     2.83
DAILY AVG.       0.08              0.09   -0.01     0.09
DAYS >= .01        13              14.0    -1.0       18
DAYS >= .10         6               6.0     0.0        7
DAYS >= .50         2               1.4     0.6        2
DAYS >= 1.00        0               0.4    -0.4        0
GREATEST
 24 HR. TOTAL    0.66   01/12 TO 01/12           01/03 TO 01/03
                                                          01/03 TO 01/03
                                                          01/03 TO 01/03
 STORM TOTAL       MM                                 MM
 (MM/DD(HH))            MM                    01/03(00) TO 01/03(00)
                                                 01/03(00) TO 01/03(00)3
                                                 01/03(00) TO 01/03(00)3

SNOWFALL (INCHES)
TOTALS           10.5               9.2     1.3      1.6
SINCE 7/1        18.6              15.3     3.3      7.0
DAYS >= TRACE      19               9.1     9.9       11
DAYS >= 1.0         3               2.7     0.3        0
GREATEST
 24 HR TOTAL      3.5   01/12 TO 01/12           01/03 TO 01/03
                                                          01/03 TO 01/03
                                                          01/03 TO 01/03
 STORM TOTAL       MM                                 MM
 (MM/DD(HH))            MM                    01/03(00) TO 01/03(00)
                                                 01/03(00) TO 01/03(00)3
                                                 01/03(00) TO 01/03(00)3

DEGREE_DAYS
HEATING TOTAL    1158              1101      57      867
 SINCE 7/1       3119              3092      27     2634
COOLING TOTAL       0                 0       0        0
 SINCE 1/1          0                 0       0        0
....................................................

WIND (MPH)
AVERAGE WIND SPEED              8.5
RESULTANT WIND SPEED/DIRECTION   3/230
HIGHEST WIND SPEED/DIRECTION    32/230    DATE  01/22
HIGHEST GUST SPEED/DIRECTION    45/220    DATE  01/22

SKY COVER
AVERAGE SKY COVER           0.70

AVERAGE RH (PERCENT)     73

WEATHER CONDITIONS. NUMBER OF DAYS WITH
THUNDERSTORM              0     MIXED PRECIP               0
HEAVY RAIN                2     RAIN                       4
LIGHT RAIN                9     FREEZING RAIN              1
LT FREEZING RAIN          4     HAIL                       0
HEAVY SNOW                1     SNOW                       5
LIGHT SNOW               19     SLEET                      2
FOG                      22     FOG W/VIS <= 1/4 MILE      3
HAZE                     11

-  INDICATES NEGATIVE NUMBERS.
R  INDICATES RECORD WAS SET OR TIED.
MM INDICATES DATA IS MISSING.
T  INDICATES TRACE AMOUNT.

$$
