000
CXUS53 KILX 011611
CLMCMI


CLIMATE REPORT
NATIONAL WEATHER SERVICE LINCOLN IL
1109 AM CDT MON MAY 1 2017

...................................

...THE CHAMPAIGN IL AIRPORT CLIMATE SUMMARY FOR THE MONTH OF APRIL 2017...

CLIMATE NORMAL PERIOD 1981 TO 2010
CLIMATE RECORD PERIOD 9999 TO 9999

WEATHER         OBSERVED          NORMAL  DEPART  LAST YEAR`S
                 VALUE   DATE(S)  VALUE   FROM    VALUE
                                          NORMAL
.............................................................
TEMPERATURE (F)
RECORD
 HIGH              MM   MM
 LOW               MM   MM
HIGHEST            84   04/14        MM      MM       86
LOWEST             31   04/07        MM      MM       24
AVG. MAXIMUM     68.8              63.8     5.0     64.7
AVG. MINIMUM     46.4              39.8     6.6     40.2
MEAN             57.6              51.8     5.8     52.4
DAYS MAX >= 90      0               0.0     0.0        0
DAYS MAX <= 32      0               0.1    -0.1        0
DAYS MIN <= 32      1               6.4    -5.4        9
DAYS MIN <= 0       0               0.0     0.0        0

PRECIPITATION (INCHES)
RECORD
 MAXIMUM           MM   MM
 MINIMUM           MM   MM
TOTALS           5.74              3.79    1.95     3.27
DAILY AVG.       0.19              0.13    0.06     0.11
DAYS >= .01        12                MM      MM       11
DAYS >= .10        10                MM      MM        7
DAYS >= .50         4                MM      MM        3
DAYS >= 1.00        3                MM      MM        0
GREATEST
 24 HR. TOTAL    1.78   04/29 TO 04/30              0.84

DEGREE_DAYS
HEATING TOTAL     237               406    -169      384
 SINCE 7/1       4424              5664   -1240     4606
COOLING TOTAL      24                10      14       14
 SINCE 1/1         24                11      13       14
..............................................................

WIND (MPH)
AVERAGE WIND SPEED              13.2
HIGHEST WIND SPEED/DIRECTION    38/210    DATE  04/30
HIGHEST GUST SPEED/DIRECTION    47/070    DATE  04/29

SKY COVER
POSSIBLE SUNSHINE (PERCENT)   MM
AVERAGE SKY COVER           0.30
NUMBER OF DAYS FAIR           18
NUMBER OF DAYS PC              5
NUMBER OF DAYS CLOUDY          7

AVERAGE RH (PERCENT)     66

WEATHER CONDITIONS. NUMBER OF DAYS WITH
THUNDERSTORM             10     MIXED PRECIP               0
HEAVY RAIN                9     RAIN                       8
LIGHT RAIN               13     FREEZING RAIN              0
LT FREEZING RAIN          0     HAIL                       0
HEAVY SNOW                0     SNOW                       0
LIGHT SNOW                0     SLEET                      0
FOG                      14     FOG W/VIS <= 1/4 MILE      1
HAZE                      3

-  INDICATES NEGATIVE NUMBERS.
R  INDICATES RECORD WAS SET OR TIED.
MM INDICATES DATA IS MISSING.
T  INDICATES TRACE AMOUNT.

$$
