000
CXUS55 KCYS 021523
CLMCNE


CLIMATE REPORT
NATIONAL WEATHER SERVICE CHEYENNE WY
923 AM MDT SUN AUG 2 2015

...................................

...THE ALLIANCE NE AIRPORT CLIMATE SUMMARY FOR THE MONTH OF JULY 2015...

CLIMATE NORMAL PERIOD 1981 TO 2010
CLIMATE RECORD PERIOD 1896 TO 2015

WEATHER         OBSERVED          NORMAL  DEPART  LAST YEAR`S
                 VALUE   DATE(S)  VALUE   FROM    VALUE
                                          NORMAL
.............................................................
TEMPERATURE (F)
RECORD
 HIGH             110   07/19/1983
 LOW               33   07/03/1941
HIGHEST            95   07/23        MM      MM      105
LOWEST             41   07/29        MM      MM       39
AVG. MAXIMUM     85.3              88.3    -3.0     87.8
AVG. MINIMUM     54.6              56.1    -1.5     54.3
MEAN             70.0              72.2    -2.2     71.0
DAYS MAX >= 90     13              13.6    -0.6       13
DAYS MAX <= 32      0               0.0     0.0        0
DAYS MIN <= 32      0               0.0     0.0        0
DAYS MIN <= 0       0               0.0     0.0        0

PRECIPITATION (INCHES)
RECORD
 MAXIMUM         4.76   1978
 MINIMUM         0.17   2014
TOTALS           2.54              2.32    0.22     0.17
DAYS >= .01        11                MM      MM        4
DAYS >= .10         8                MM      MM        0
DAYS >= .50         1                MM      MM        0
DAYS >= 1.00        0                MM      MM        0
GREATEST
 24 HR. TOTAL    0.71   07/01 TO 07/02

DEGREE_DAYS
HEATING TOTAL      15                12       3       27
 SINCE 7/1         15                12       3       27
COOLING TOTAL     174               234     -60      222
 SINCE 1/1        278               332     -54      272
..............................................................

WIND (MPH)
AVERAGE WIND SPEED              8.4
HIGHEST WIND SPEED/DIRECTION    41/010    DATE  07/02
HIGHEST GUST SPEED/DIRECTION    54/010    DATE  07/02

SKY COVER
POSSIBLE SUNSHINE (PERCENT)   MM
AVERAGE SKY COVER           0.20
NUMBER OF DAYS FAIR           25
NUMBER OF DAYS PC              3
NUMBER OF DAYS CLOUDY          3

AVERAGE RH (PERCENT)     66

WEATHER CONDITIONS. NUMBER OF DAYS WITH
THUNDERSTORM              0     MIXED PRECIP               0
HEAVY RAIN                3     RAIN                       6
LIGHT RAIN               10     FREEZING RAIN              0
LT FREEZING RAIN          0     HAIL                       0
HEAVY SNOW                0     SNOW                       0
LIGHT SNOW                0     SLEET                      0
FOG                      14     FOG W/VIS <= 1/4 MILE      1
HAZE                      3

-  INDICATES NEGATIVE NUMBERS.
R  INDICATES RECORD WAS SET OR TIED.
MM INDICATES DATA IS MISSING.
T  INDICATES TRACE AMOUNT.
...................................

...THE CHADRON NE AIRPORT CLIMATE SUMMARY FOR THE MONTH OF JULY 2015...

CLIMATE NORMAL PERIOD 1981 TO 2010
CLIMATE RECORD PERIOD 1895 TO 2015

WEATHER         OBSERVED          NORMAL  DEPART  LAST YEAR`S
                 VALUE   DATE(S)  VALUE   FROM    VALUE
                                          NORMAL
.............................................................
TEMPERATURE (F)
RECORD
 HIGH             112   07/15/2006
 LOW               38   07/30/1971
HIGHEST           100   07/26        MM      MM      108
LOWEST             43   07/29        MM      MM       42
AVG. MAXIMUM     87.5              89.8    -2.3     89.6
AVG. MINIMUM     56.2              57.4    -1.2     55.9
MEAN             71.9              73.6    -1.7     72.8
DAYS MAX >= 90     16              15.6     0.4       15
DAYS MAX <= 32      0               0.0     0.0        0
DAYS MIN <= 32      0               0.0     0.0        0
DAYS MIN <= 0       0               0.0     0.0        0

PRECIPITATION (INCHES)
RECORD
 MAXIMUM         5.53   1997
 MINIMUM            T   2011
TOTALS           2.34              2.11    0.23     0.66
DAYS >= .01         9               7.9     1.1        5
DAYS >= .10         4               4.6    -0.6        2
DAYS >= .50         2               1.4     0.6        0
DAYS >= 1.00        1               0.4     0.6        0
GREATEST
 24 HR. TOTAL    1.21   07/05 TO 07/06

DEGREE_DAYS
HEATING TOTAL       3                10      -7       11
 SINCE 7/1          3                10      -7       11
COOLING TOTAL     224               276     -52      259
 SINCE 1/1        357               404     -47      344
..............................................................

WIND (MPH)
AVERAGE WIND SPEED              7.2
HIGHEST WIND SPEED/DIRECTION    35/040    DATE  07/01
HIGHEST GUST SPEED/DIRECTION    43/310    DATE  07/27

SKY COVER
POSSIBLE SUNSHINE (PERCENT)   MM
AVERAGE SKY COVER           0.10
NUMBER OF DAYS FAIR           27
NUMBER OF DAYS PC              4
NUMBER OF DAYS CLOUDY          0

AVERAGE RH (PERCENT)     61

WEATHER CONDITIONS. NUMBER OF DAYS WITH
THUNDERSTORM              0     MIXED PRECIP               0
HEAVY RAIN                3     RAIN                       5
LIGHT RAIN               13     FREEZING RAIN              0
LT FREEZING RAIN          0     HAIL                       0
HEAVY SNOW                0     SNOW                       0
LIGHT SNOW                0     SLEET                      0
FOG                       9     FOG W/VIS <= 1/4 MILE      0
HAZE                      7

-  INDICATES NEGATIVE NUMBERS.
R  INDICATES RECORD WAS SET OR TIED.
MM INDICATES DATA IS MISSING.
T  INDICATES TRACE AMOUNT.
...................................

...THE SCOTTSBLUFF NE AIRPORT CLIMATE SUMMARY FOR THE MONTH OF JULY 2015...

CLIMATE NORMAL PERIOD 1981 TO 2010
CLIMATE RECORD PERIOD 1871 TO 2015

WEATHER         OBSERVED          NORMAL  DEPART  LAST YEAR`S
                 VALUE   DATE(S)  VALUE   FROM    VALUE
                                          NORMAL
.............................................................
TEMPERATURE (F)
RECORD
 HIGH             110   07/11/1939
 LOW               35   07/05/1898
HIGHEST            97   07/26        89       8      105
                        07/04
LOWEST             48   07/29        59     -11       43
AVG. MAXIMUM     87.2              89.8    -2.6     89.3
AVG. MINIMUM     57.9              58.3    -0.4     58.1
MEAN             72.5              74.1    -1.6     73.7
DAYS MAX >= 90     15              16.5    -1.5       17
DAYS MAX <= 32      0               0.0     0.0        0
DAYS MIN <= 32      0               0.0     0.0        0
DAYS MIN <= 0       0               0.0     0.0        0

PRECIPITATION (INCHES)
RECORD
 MAXIMUM         5.33   1912
 MINIMUM         0.04   2006
TOTALS           3.83              1.83    2.00     1.50
DAYS >= .01        11               7.8     3.2       10
DAYS >= .10         7               4.2     2.8        3
DAYS >= .50         3               1.1     1.9        1
DAYS >= 1.00        1               0.3     0.7        0
GREATEST
 24 HR. TOTAL    1.18   07/05 TO 07/06

DEGREE_DAYS
HEATING TOTAL       6                 6       0        7
 SINCE 7/1          6                 6       0        7
COOLING TOTAL     247               287     -40      282
 SINCE 1/1        432               436      -4      404
..............................................................

WIND (MPH)
AVERAGE WIND SPEED              7.3
HIGHEST WIND SPEED/DIRECTION    47/260    DATE  07/27
HIGHEST GUST SPEED/DIRECTION    59/250    DATE  07/27

SKY COVER
POSSIBLE SUNSHINE (PERCENT)   MM
AVERAGE SKY COVER           0.20
NUMBER OF DAYS FAIR           25
NUMBER OF DAYS PC              3
NUMBER OF DAYS CLOUDY          3

AVERAGE RH (PERCENT)     61

WEATHER CONDITIONS. NUMBER OF DAYS WITH
THUNDERSTORM              0     MIXED PRECIP               0
HEAVY RAIN                5     RAIN                       6
LIGHT RAIN               15     FREEZING RAIN              0
LT FREEZING RAIN          0     HAIL                       0
HEAVY SNOW                0     SNOW                       0
LIGHT SNOW                0     SLEET                      0
FOG                      14     FOG W/VIS <= 1/4 MILE      1
HAZE                      8

-  INDICATES NEGATIVE NUMBERS.
R  INDICATES RECORD WAS SET OR TIED.
MM INDICATES DATA IS MISSING.
T  INDICATES TRACE AMOUNT.
...................................

...THE SIDNEY NE AIRPORT CLIMATE SUMMARY FOR THE MONTH OF JULY 2015...

CLIMATE NORMAL PERIOD 1981 TO 2010
CLIMATE RECORD PERIOD 1948 TO 2015

WEATHER         OBSERVED          NORMAL  DEPART  LAST YEAR`S
                 VALUE   DATE(S)  VALUE   FROM    VALUE
                                          NORMAL
.............................................................
TEMPERATURE (F)
RECORD
 HIGH             108   07/09/1989
 LOW               37   07/30/1971
                        07/08/1952
HIGHEST            98   07/26        MM      MM      104
                        07/23
LOWEST             46   07/29        MM      MM       47
AVG. MAXIMUM     87.6              90.5    -2.9     88.5
AVG. MINIMUM     56.9              59.9    -3.0     57.3
MEAN             72.2              75.2    -3.0     72.9
DAYS MAX >= 90     16              17.0    -1.0       17
DAYS MAX <= 32      0               0.0     0.0        0
DAYS MIN <= 32      0               0.0     0.0        0
DAYS MIN <= 0       0               0.0     0.0        0

PRECIPITATION (INCHES)
RECORD
 MAXIMUM         7.94   1957
 MINIMUM         0.15   1959
TOTALS           1.64              2.96   -1.32     0.35
DAYS >= .01        12              10.7     1.3        7
DAYS >= .10         4               5.7    -1.7        2
DAYS >= .50         1               2.0    -1.0        0
DAYS >= 1.00        0               0.7    -0.7        0
GREATEST
 24 HR. TOTAL    0.68   07/08 TO 07/08

DEGREE_DAYS
HEATING TOTAL       7                 3       4        9
 SINCE 7/1          7                 3       4        9
COOLING TOTAL     240               319     -79      259
 SINCE 1/1        349               478    -129      343
..............................................................

WIND (MPH)
AVERAGE WIND SPEED              9.3
HIGHEST WIND SPEED/DIRECTION    58/210    DATE  07/26
HIGHEST GUST SPEED/DIRECTION    71/210    DATE  07/26

SKY COVER
POSSIBLE SUNSHINE (PERCENT)   MM
AVERAGE SKY COVER           0.20
NUMBER OF DAYS FAIR           24
NUMBER OF DAYS PC              4
NUMBER OF DAYS CLOUDY          3

AVERAGE RH (PERCENT)     61

WEATHER CONDITIONS. NUMBER OF DAYS WITH
THUNDERSTORM              0     MIXED PRECIP               0
HEAVY RAIN                0     RAIN                       3
LIGHT RAIN               13     FREEZING RAIN              0
LT FREEZING RAIN          0     HAIL                       0
HEAVY SNOW                0     SNOW                       0
LIGHT SNOW                0     SLEET                      0
FOG                      11     FOG W/VIS <= 1/4 MILE      0
HAZE                      8

-  INDICATES NEGATIVE NUMBERS.
R  INDICATES RECORD WAS SET OR TIED.
MM INDICATES DATA IS MISSING.
T  INDICATES TRACE AMOUNT.

$$
