000
CXUS55 KPUB 012050
CLMCOS


CLIMATE REPORT
NATIONAL WEATHER SERVICE PUEBLO
244 PM MDT FRI JUL 1 2016

...................................

...THE COLORADO SPRINGS CO CLIMATE SUMMARY FOR THE MONTH OF JUNE 2016...

CLIMATE NORMAL PERIOD 1981 TO 2010
CLIMATE RECORD PERIOD 1872 TO 2016

WEATHER         OBSERVED          NORMAL  DEPART  LAST YEAR`S
                 VALUE   DATE(S)  VALUE   FROM    VALUE  DATE(S)
                                          NORMAL
................................................................
TEMPERATURE (F)
RECORD
 HIGH             101   06/21/2016
                        06/26/2012
                        54/01/2206
 LOW               30   06/02/1919
                        06/02/1917
HIGHEST           101R  06/21        83      18       92  06/21
LOWEST             47   06/14        46       1       48  06/08
AVG. MAXIMUM     85.5              79.0     6.5     81.2
AVG. MINIMUM     55.5              51.3     4.2     55.8
MEAN             70.5              65.1     5.4     68.5
DAYS MAX >= 90      7               3.0     4.0
DAYS MAX <= 32      0               0.0     0.0
DAYS MIN <= 32      0               0.0     0.0
DAYS MIN <= 0       0               0.0     0.0

PRECIPITATION (INCHES)
RECORD
 MAXIMUM         8.00   1965
 MINIMUM         0.10   1888
TOTALS           1.04              2.50   -1.46     5.72
DAILY AVG.       0.03              0.08   -0.05
DAYS >= .01        10              10.2    -0.2
DAYS >= .10         2               4.8    -2.8
DAYS >= .50         0               1.6    -1.6
DAYS >= 1.00        0               0.5    -0.5
GREATEST
 24 HR. TOTAL    0.33   06/30                       3.18

SNOWFALL (INCHES)
RECORDS
 TOTAL            2.0   1917
TOTALS              T               0.0     0.0        T
SINCE 7/1        50.7              37.7    13.0     46.5
SNOWDEPTH AVG.      0
DAYS >= 1.0         0               0.0     0.0
GREATEST
 SNOW DEPTH         0                                  0
 24 HR TOTAL        T   06/07                           T
                        06/13

DEGREE_DAYS
HEATING TOTAL       8                79     -71       10
 SINCE 7/1       5484              6292    -808     5777
COOLING TOTAL     181                83      98      122
 SINCE 1/1        183                93      90      122
.................................................................

WIND (MPH)
AVERAGE WIND SPEED              9.0
HIGHEST WIND SPEED/DIRECTION    45/030    DATE  06/28
HIGHEST GUST SPEED/DIRECTION    53/030    DATE  06/28

SKY COVER
POSSIBLE SUNSHINE (PERCENT)   MM
AVERAGE SKY COVER           0.50
NUMBER OF DAYS FAIR            7
NUMBER OF DAYS PC             19
NUMBER OF DAYS CLOUDY          4

AVERAGE RH (PERCENT)     47

WEATHER CONDITIONS. NUMBER OF DAYS WITH
THUNDERSTORM             15     MIXED PRECIP               0
HEAVY RAIN                1     RAIN                       2
LIGHT RAIN               16     FREEZING RAIN              0
LT FREEZING RAIN          0     HAIL                       2
HEAVY SNOW                0     SNOW                       0
LIGHT SNOW                0     SLEET                      0
FOG                       4     FOG W/VIS <= 1/4 MILE      0
HAZE                      4

-  INDICATES NEGATIVE NUMBERS.
R  INDICATES RECORD WAS SET OR TIED.
MM INDICATES DATA IS MISSING.
T  INDICATES TRACE AMOUNT.

$$
