000
CXUS55 KPUB 020320
CLMCOS


CLIMATE REPORT
NATIONAL WEATHER SERVICE PUEBLO
820 PM MST MON JAN 1 2018

...................................

...THE COLORADO SPRINGS CO CLIMATE SUMMARY FOR THE MONTH OF DECEMBER 2017...

CLIMATE NORMAL PERIOD 1981 TO 2010
CLIMATE RECORD PERIOD 1872 TO 2017

WEATHER         OBSERVED          NORMAL  DEPART  LAST YEAR`S
                 VALUE   DATE(S)  VALUE   FROM    VALUE  DATE(S)
                                          NORMAL
................................................................
TEMPERATURE (F)
RECORD
 HIGH              77   12/23/1955
 LOW              -27   12/09/1919
HIGHEST            68   12/29        45      23       65  12/16
LOWEST              0   12/27        14     -14      -14  12/17
AVG. MAXIMUM     48.4              42.1     6.3     43.9
AVG. MINIMUM     18.5              17.5     1.0     14.6
MEAN             33.4              29.8     3.6     29.3
DAYS MAX >= 90      0               0.0     0.0
DAYS MAX <= 32      4               6.3    -2.3
DAYS MIN <= 32     31              29.6     1.4
DAYS MIN <= 0       1               1.7    -0.7

PRECIPITATION (INCHES)
RECORD
 MAXIMUM         2.54   1913
 MINIMUM            T   1995
                        1970
                        1905
TOTALS           0.01              0.34   -0.33     0.68
DAILY AVG.       0.00              0.01   -0.01
DAYS >= .01         1               4.3    -3.3
DAYS >= .10         0               0.9    -0.9
DAYS >= .50         0               0.1    -0.1
DAYS >= 1.00        0               0.0     0.0
GREATEST
 24 HR. TOTAL    0.01   12/26 TO 12/26              0.29

SNOWFALL (INCHES)
RECORDS
 TOTAL           24.6   1913
TOTALS            0.9               5.7    -4.8      6.4
SINCE 7/1         2.5              13.5   -11.0      6.4
SNOWDEPTH AVG.      0
DAYS >= 1.0         0               2.0    -2.0
GREATEST
 SNOW DEPTH         T   12/14                          4
                        12/26
                        12/27
 24 HR TOTAL      0.7   12/26 TO 12/26               4.0

DEGREE_DAYS
HEATING TOTAL     970              1091    -121     1100
 SINCE 7/1       2138              2572    -434     2003
COOLING TOTAL       0                 0       0        0
 SINCE 1/1        639               455     184      710
.................................................................

WIND (MPH)
AVERAGE WIND SPEED              9.1
HIGHEST WIND SPEED/DIRECTION    43/360    DATE  12/30
HIGHEST GUST SPEED/DIRECTION    53/360    DATE  12/30

SKY COVER
POSSIBLE SUNSHINE (PERCENT)   MM
AVERAGE SKY COVER           0.40
NUMBER OF DAYS FAIR           11
NUMBER OF DAYS PC             17
NUMBER OF DAYS CLOUDY          3

AVERAGE RH (PERCENT)     47

WEATHER CONDITIONS. NUMBER OF DAYS WITH
THUNDERSTORM              0     MIXED PRECIP               0
HEAVY RAIN                0     RAIN                       0
LIGHT RAIN                0     FREEZING RAIN              0
LT FREEZING RAIN          0     HAIL                       0
HEAVY SNOW                0     SNOW                       0
LIGHT SNOW                5     SLEET                      0
FOG                       8     FOG W/VIS <= 1/4 MILE      4
HAZE                      3

-  INDICATES NEGATIVE NUMBERS.
R  INDICATES RECORD WAS SET OR TIED.
MM INDICATES DATA IS MISSING.
T  INDICATES TRACE AMOUNT.

$$
