000
CXUS55 KPUB 012154
CLMCOS


CLIMATE REPORT...CORRECTION
NATIONAL WEATHER SERVICE PUEBLO
249 PM MST WED FEB 1 2017

...................................

...THE COLORADO SPRINGS CO CLIMATE SUMMARY FOR THE MONTH OF JANUARY 2017...

CLIMATE NORMAL PERIOD 1981 TO 2010
CLIMATE RECORD PERIOD 1872 TO 2017

WEATHER         OBSERVED          NORMAL  DEPART  LAST YEAR`S
                 VALUE   DATE(S)  VALUE   FROM    VALUE  DATE(S)
                                          NORMAL
................................................................
TEMPERATURE (F)
RECORD
 HIGH              73   01/02/1997
 LOW              -26   01/31/1951
                        01/06/1913
HIGHEST            64   01/31        43      21       68  01/30
LOWEST             -7   01/06        14     -21        2  01/01
AVG. MAXIMUM     42.9              43.2    -0.3     45.6
AVG. MINIMUM     18.8              17.7     1.1     19.7
MEAN             30.8              30.5     0.3     32.7
DAYS MAX >= 90      0               0.0     0.0
DAYS MAX <= 32      7               5.7     1.3
DAYS MIN <= 32     30              29.7     0.3
DAYS MIN <= 0       2               1.4     0.6

PRECIPITATION (INCHES)
RECORD
 MAXIMUM         1.17   1987
 MINIMUM         0.00   1928
                        1923
TOTALS           0.32              0.32    0.00     0.54
DAILY AVG.       0.01              0.01    0.00
DAYS >= .01         6               3.9     2.1
DAYS >= .10         1               1.1    -0.1
DAYS >= .50         0               0.0     0.0
DAYS >= 1.00        0               0.0     0.0
GREATEST
 24 HR. TOTAL    0.17   01/05 TO 01/05              0.29

SNOWFALL (INCHES)
RECORDS
 TOTAL           28.7   1987
TOTALS            6.3               5.6     0.7      6.9
SINCE 7/1        12.7              19.1    -6.4     16.1
SNOWDEPTH AVG.      0
DAYS >= 1.0         2               1.9     0.1
GREATEST
 SNOW DEPTH         3   01/05                          2
 24 HR TOTAL      3.1   01/05 TO 01/05               2.9

DEGREE_DAYS
HEATING TOTAL    1051              1071     -20      993
 SINCE 7/1       3054              3643    -589     3097
COOLING TOTAL       0                 0       0        0
 SINCE 1/1          0                 0       0        0
.................................................................

WIND (MPH)
AVERAGE WIND SPEED              9.4
HIGHEST WIND SPEED/DIRECTION    64/260    DATE  01/09
HIGHEST GUST SPEED/DIRECTION    80/270    DATE  01/09

SKY COVER
POSSIBLE SUNSHINE (PERCENT)   MM
AVERAGE SKY COVER           0.60
NUMBER OF DAYS FAIR            2
NUMBER OF DAYS PC             20
NUMBER OF DAYS CLOUDY          9

AVERAGE RH (PERCENT)     55

WEATHER CONDITIONS. NUMBER OF DAYS WITH
THUNDERSTORM              0     MIXED PRECIP               0
HEAVY RAIN                0     RAIN                       0
LIGHT RAIN                2     FREEZING RAIN              0
LT FREEZING RAIN          0     HAIL                       0
HEAVY SNOW                0     SNOW                       1
LIGHT SNOW                9     SLEET                      0
FOG                      14     FOG W/VIS <= 1/4 MILE      3
HAZE                      6

-  INDICATES NEGATIVE NUMBERS.
R  INDICATES RECORD WAS SET OR TIED.
MM INDICATES DATA IS MISSING.
T  INDICATES TRACE AMOUNT.

$$
