000
CXUS52 KILM 010908
CLMCRE


CLIMATE REPORT
NATIONAL WEATHER SERVICE WILMINGTON NC
506 AM EDT FRI SEP 1 2017

...................................

...THE NORTH MYRTLE BEACH SC CLIMATE SUMMARY FOR THE MONTH OF AUGUST 2017...

CLIMATE NORMAL PERIOD 1981 TO 2010
CLIMATE RECORD PERIOD 1949 TO 2017

WEATHER         OBSERVED          NORMAL  DEPART  LAST YEAR`S
                 VALUE   DATE(S)  VALUE   FROM    VALUE  DATE(S)
                                          NORMAL
................................................................
TEMPERATURE (F)
RECORD
 HIGH             104   08/05/1954
 LOW               54   08/25/1952
HIGHEST            92   08/16                         95  08/21
LOWEST             61   08/01                         68  08/25
                                                          08/24
AVG. MAXIMUM     85.4              86.1    -0.7     88.6
AVG. MINIMUM     72.9              71.7     1.2     75.8
MEAN             79.1              78.9     0.2     82.2
DAYS MAX >= 90      2               3.3    -1.3       10
DAYS MAX <= 32      0               0.0     0.0        0
DAYS MIN <= 32      0               0.0     0.0        0
DAYS MIN <= 0       0               0.0     0.0        0

PRECIPITATION (INCHES)
TOTALS          16.48              7.41    9.07     4.00
DAILY AVG.       0.53              0.24    0.29     0.13
DAYS >= .01        20                                  6
DAYS >= .10        16                                  3
DAYS >= .50         7                                  3
DAYS >= 1.00        6                                  2
GREATEST
 24 HR. TOTAL    3.73   08/17 TO 08/17

DEGREE_DAYS
HEATING TOTAL       0                 0       0        0
COOLING TOTAL     450               431      19      541
....................................................

WIND (MPH)
AVERAGE WIND SPEED              8.1
RESULTANT WIND SPEED/DIRECTION   2/179
HIGHEST WIND SPEED/DIRECTION    39/220    DATE  08/07
HIGHEST GUST SPEED/DIRECTION    56/190    DATE  08/07

SKY COVER
POSSIBLE SUNSHINE (PERCENT)   MM
AVERAGE SKY COVER           0.40
NUMBER OF DAYS FAIR           15
NUMBER OF DAYS PC             12
NUMBER OF DAYS CLOUDY          4

AVERAGE RH (PERCENT)     84

WEATHER CONDITIONS. NUMBER OF DAYS WITH
THUNDERSTORM             15     MIXED PRECIP              MM
HEAVY RAIN               15     RAIN                      13
LIGHT RAIN               21     FREEZING RAIN              0
LT FREEZING RAIN          0     HAIL                      MM
HEAVY SNOW                0     SNOW                       0
LIGHT SNOW                0     SLEET                     MM
FOG                      24     FOG W/VIS <= 1/4 MILE      2
HAZE                      2

-  INDICATES NEGATIVE NUMBERS.
R  INDICATES RECORD WAS SET OR TIED.
MM INDICATES DATA IS MISSING.
T  INDICATES TRACE AMOUNT.

$$
