000
CXUS51 KRLX 211600
CLMCRW


CLIMATE REPORT
NATIONAL WEATHER SERVICE CHARLESTON WV
1159 AM EDT WED SEP 21 2016

...................................

...THE CHARLESTON WV CLIMATE SUMMARY FOR THE SEASON, FROM
6/1/2016 TO 8/31/2016...

CLIMATE NORMAL PERIOD 1981 TO 2010
CLIMATE RECORD PERIOD 1901 TO 2016

WEATHER         OBSERVED          NORMAL  DEPART  LAST YEAR`S
                 VALUE   DATE(S)  VALUE   FROM    VALUE  DATE(S)
                                          NORMAL
................................................................
TEMPERATURE (F)
HIGHEST            96   08/27        MM      MM       MM
                        07/24
LOWEST             49   06/09        MM      MM       MM
AVG. MAXIMUM     86.2              83.9     2.3       MM
AVG. MINIMUM     66.0              63.9     2.1       MM
MEAN             76.1              73.9     2.2       MM
DAYS MAX >= 90     26              13.9    12.1       MM
DAYS MAX <= 32      0               0.0     0.0       MM
DAYS MIN <= 32      0               0.0     0.0       MM
DAYS MIN <= 0       0               0.0     0.0       MM

PRECIPITATION (INCHES)
TOTALS          12.64R            12.97   -0.33       MM
DAILY AVG.       0.14              0.14    0.00       MM
DAYS >= .01        39              35.1     3.9       MM
DAYS >= .10        19              22.7    -3.7       MM
DAYS >= .50         9               9.3    -0.3       MM
DAYS >= 1.00        3               3.3    -0.3       MM
GREATEST
 24 HR. TOTAL    2.14   MM                            MM

SNOWFALL (INCHES)
TOTALS            0.0               0.0     0.0       MM
SINCE 7/1         0.0               0.0     0.0       MM
DAYS >= TRACE       0               0.0     0.0       MM
DAYS >= 1.0         0               0.0     0.0       MM
GREATEST
 SNOW DEPTH         0   MM                            MM  MM
 24 HR TOTAL      0.0   MM                            MM

DEGREE_DAYS
HEATING TOTAL       3                16     -13       MM
 SINCE 7/1          0                 2      -2       MM
COOLING TOTAL    1051               836     215       MM
 SINCE 1/1       1181               946     235       MM
.................................................................

WIND (MPH)
AVERAGE WIND SPEED              3.7
HIGHEST WIND SPEED/DIRECTION    29/310    DATE  07/01
HIGHEST GUST SPEED/DIRECTION    39/280    DATE  08/16

SKY COVER
POSSIBLE SUNSHINE (PERCENT)   MM
AVERAGE SKY COVER           0.50
NUMBER OF DAYS FAIR           18
NUMBER OF DAYS PC             58
NUMBER OF DAYS CLOUDY         16

AVERAGE RH (PERCENT)     73

WEATHER CONDITIONS. NUMBER OF DAYS WITH
THUNDERSTORM              0     MIXED PRECIP               0
HEAVY RAIN               14     RAIN                      16
LIGHT RAIN               42     FREEZING RAIN              0
LT FREEZING RAIN          0     HAIL                       0
HEAVY SNOW                0     SNOW                       0
LIGHT SNOW                0     SLEET                      0
FOG                      71     FOG W/VIS <= 1/4 MILE     21
HAZE                     14

-  INDICATES NEGATIVE NUMBERS.
R  INDICATES RECORD WAS SET OR TIED.
MM INDICATES DATA IS MISSING.
T  INDICATES TRACE AMOUNT.

$$
