000
CXUS42 KFFC 011803
CLMCSG


CLIMATE REPORT
NATIONAL WEATHER SERVICE PEACHTREE CITY GA
202 PM EDT THU JUN 1 2017

...................................

...THE COLUMBUS CLIMATE SUMMARY FOR THE MONTH OF MAY 2017...

CLIMATE NORMAL PERIOD 1981 TO 2010
CLIMATE RECORD PERIOD 1948 TO 2017

WEATHER         OBSERVED          NORMAL  DEPART  LAST YEAR`S
                 VALUE   DATE(S)  VALUE   FROM    VALUE  DATE(S)
                                          NORMAL
................................................................
TEMPERATURE (F)
RECORD
 HIGH              97   05/26/2012
                        05/28/2006
                        05/24/1996
 LOW               39   05/02/1963
HIGHEST            92   05/17        97      -5       96  05/31
                        05/16
LOWEST             50   05/08        40      10       48  05/06
                        05/06
                        05/05
AVG. MAXIMUM     84.0              84.0     0.0     83.4
AVG. MINIMUM     62.7              61.9     0.8     61.6
MEAN             73.4              73.0     0.4     72.5
DAYS MAX >= 90      6               4.3     1.7        3
DAYS MAX <= 32      0               0.0     0.0        0
DAYS MIN <= 32      0               0.0     0.0        0
DAYS MIN <= 0       0               0.0     0.0        0

PRECIPITATION (INCHES)
RECORD
 MAXIMUM         8.45   1959
 MINIMUM         0.22   1962
TOTALS           5.37              3.19    2.18     2.51
DAILY AVG.       0.17              0.10    0.07     0.08
DAYS >= .01        11               7.6     3.4        4
DAYS >= .10         6               5.1     0.9        3
DAYS >= .50         4               2.0     2.0        2
DAYS >= 1.00        3               0.6     2.4        1
GREATEST
 24 HR. TOTAL    1.78   05/23 TO 05/23           05/19 TO 05/19
                                                          05/31 TO 05/31
                                                          05/31 TO 05/31

DEGREE_DAYS
HEATING TOTAL      13                 8       5        7
 SINCE 7/1       1369              2120    -751     1611
COOLING TOTAL     280               254      26      246
 SINCE 1/1        552               358     194      386
..................................................

WIND (MPH)
AVERAGE WIND SPEED              5.9
HIGHEST WIND SPEED/DIRECTION    35/180    DATE  05/20
HIGHEST GUST SPEED/DIRECTION    44/180    DATE  05/20

SKY COVER
POSSIBLE SUNSHINE (PERCENT)   MM
AVERAGE SKY COVER           0.30
NUMBER OF DAYS FAIR           20
NUMBER OF DAYS PC              9
NUMBER OF DAYS CLOUDY          2

AVERAGE RH (PERCENT)     65

WEATHER CONDITIONS. NUMBER OF DAYS WITH
THUNDERSTORM              0     MIXED PRECIP               0
HEAVY RAIN                6     RAIN                       5
LIGHT RAIN               12     FREEZING RAIN              0
LT FREEZING RAIN          0     HAIL                       0
HEAVY SNOW                0     SNOW                       0
LIGHT SNOW                0     SLEET                      0
FOG                       8     FOG W/VIS <= 1/4 MILE      0
HAZE                      4

-  INDICATES NEGATIVE NUMBERS.
R  INDICATES RECORD WAS SET OR TIED.
MM INDICATES DATA IS MISSING.
T  INDICATES TRACE AMOUNT.

$$
