274
CXUS52 KMLB 012121 CCA
CLMDAB

CLIMATE REPORT
NATIONAL WEATHER SERVICE MELBOURNE FL
852 AM EDT FRI SEP 1 2017

...................................

...THE DAYTONA BEACH CLIMATE SUMMARY FOR THE MONTH OF AUGUST 2017...

CLIMATE NORMAL PERIOD 1981 TO 2010
CLIMATE RECORD PERIOD 1923 TO 2017

WEATHER         OBSERVED          NORMAL  DEPART  LAST YEAR`S
                 VALUE   DATE(S)  VALUE   FROM    VALUE
                                          NORMAL
.............................................................
TEMPERATURE (F)
MONTHLY RECORD
 HOTTEST         84.0   2007
 COLDEST         78.7   1967
DAILY RECORD
 HIGH             101   08/27/1938
                        08/18/1938
 LOW               63   08/04/1938
AUGUST 2017
HIGHEST            95   08/14                         96
LOWEST             72   08/19                         72
AVG. MAXIMUM     90.8              89.6     1.2     92.2
AVG. MINIMUM     76.0              73.4     2.6     75.3
MEAN             83.4              81.5     1.9     83.8
DAYS MAX >= 90     22              13.3     8.7       29
DAYS MAX <= 32      0               0.0     0.0        0
DAYS MIN <= 32      0               0.0     0.0        0
DAYS MIN <= 0       0               0.0     0.0        0

PRECIPITATION (INCHES)
MONTHLY RECORD
 MAXIMUM        19.89   1953
 MINIMUM         2.01   1963
DAILY RECORD
 MAXIMUM         7.00   08/07/2004
AUGUST 2017
TOTALS           6.02              6.40   -0.38     3.35
DAYS >= .01        14              14.0     0.0       13
DAYS >= .10        10               9.6     0.4        6
DAYS >= .50         5               4.2     0.8        2
DAYS >= 1.00        2               1.8     0.2        1
GREATEST
 24 HR. TOTAL    1.44   08/18 TO 08/18

SNOWFALL (INCHES)
TOTALS            0.0               0.0     0.0      0.0
SINCE 7/1         0.0               0.0     0.0      0.0
DAYS >= TRACE       0                                  0

DEGREE_DAYS
HEATING TOTAL       0                 0       0        0
 SINCE 7/1          0                 0       0        0
COOLING TOTAL     578               511      67      589
 SINCE 1/1       2427              2074     353     2465
..............................................................

WIND (MPH)
AVERAGE WIND SPEED              5.2
HIGHEST WIND SPEED/DIRECTION    25/240    DATE  08/02
HIGHEST GUST SPEED/DIRECTION    30/240    DATE  08/15

SKY COVER
POSSIBLE SUNSHINE (PERCENT)   MM
AVERAGE SKY COVER           0.60
NUMBER OF DAYS FAIR            3
NUMBER OF DAYS PC             21
NUMBER OF DAYS CLOUDY          7

AVERAGE RH (PERCENT)     82

WEATHER CONDITIONS. NUMBER OF DAYS WITH
THUNDERSTORM             20     MIXED PRECIP               0
HEAVY RAIN                8     RAIN                       5
LIGHT RAIN               21     LT FREEZING RAIN           0
HAIL                      0     LIGHT SNOW                 0
SLEET                     0     FOG                       23
FOG W/VIS <= 1/4 MILE     2     HAZE                       2

-  INDICATES NEGATIVE NUMBERS.
R  INDICATES RECORD WAS SET OR TIED.
MM INDICATES DATA IS MISSING.
T  INDICATES TRACE AMOUNT.

=====================================================================

...THE DAYTONA BEACH CLIMATE SUMMARY FOR THE SUMMER SEASON, FROM
6/1/2017 TO 8/31/2017...

CLIMATE NORMAL PERIOD 1981 TO 2010
CLIMATE RECORD PERIOD 1923 TO 2017

WEATHER         OBSERVED          NORMAL  DEPART  LAST YEAR`S
                 VALUE   DATE(S)  VALUE   FROM    VALUE  DATE(S)
                                          NORMAL
................................................................
TEMPERATURE (F)
SUMMER RECORDS
 WARMEST         83.5   1998
 COLDEST         77.5   1926
DAILY RECORD
 HIGH             102   07/15/1981
                        06/24/1944
 LOW               52   06/02/1984
SUMMER 2017
HIGHEST            95   08/14                         97
                        07/27
                        07/25
LOWEST             69   06/03                         65
AVG. MAXIMUM     89.8              89.4     0.4     92.0
AVG. MINIMUM     74.8              72.6     2.2     74.2
MEAN             82.3              81.0     1.3     83.1
DAYS MAX >= 90     55              38.2    16.8       77
DAYS MAX <= 32      0               0.0     0.0        0
DAYS MIN <= 32      0               0.0     0.0        0
DAYS MIN <= 0       0               0.0     0.0        0

PRECIPITATION (INCHES)
SUMMER RECORDS
 MAXIMUM        33.50   2004
 MINIMUM         7.63   2016
SUMMER 2017
TOTALS          21.44             18.06    3.38     7.63
DAYS >= .01        49              40.1     8.9       27
DAYS >= .10        35              27.2     7.8       15
DAYS >= .50        17              12.4     4.6        5
DAYS >= 1.00        6               4.8     1.2        2
GREATEST
 24 HR. TOTAL    2.51   06/26 TO 06/26

SNOWFALL (INCHES)
TOTALS            0.0               0.0     0.0      0.0
SINCE 7/1         0.0               0.0     0.0      0.0
SNOWDEPTH AVG.      0                                  0
DAYS >= TRACE       0                                  0

DEGREE_DAYS
HEATING TOTAL       0                 0       0        0
COOLING TOTAL    1610              1473     137     1691
.................................................................

WIND (MPH)
AVERAGE WIND SPEED              5.3
HIGHEST WIND SPEED/DIRECTION    32/170    DATE  07/03
HIGHEST GUST SPEED/DIRECTION    45/180    DATE  07/03

SKY COVER
POSSIBLE SUNSHINE (PERCENT)   MM
AVERAGE SKY COVER           0.60
NUMBER OF DAYS FAIR            9
NUMBER OF DAYS PC             65
NUMBER OF DAYS CLOUDY         18

AVERAGE RH (PERCENT)     81

WEATHER CONDITIONS. NUMBER OF DAYS WITH
THUNDERSTORM             53     MIXED PRECIP               0
HEAVY RAIN               35     RAIN                      27
LIGHT RAIN               58     LT FREEZING RAIN           0
HAIL                      0     SLEET                      0
FOG                      68     FOG W/VIS <= 1/4 MILE      3
HAZE                     10

-  INDICATES NEGATIVE NUMBERS.
R  INDICATES RECORD WAS SET OR TIED.
MM INDICATES DATA IS MISSING.
T  INDICATES TRACE AMOUNT.

$$

RODRIGUEZ
