000
CXUS52 KMLB 011342
CLMDAB


CLIMATE REPORT
NATIONAL WEATHER SERVICE MELBOURNE FL
909 AM EDT SAT JUL 1 2017

...................................

...THE DAYTONA BEACH CLIMATE SUMMARY FOR THE MONTH OF JUNE 2017...

CLIMATE NORMAL PERIOD 1981 TO 2010
CLIMATE RECORD PERIOD 1923 TO 2017

WEATHER         OBSERVED          NORMAL  DEPART  LAST YEAR`S
                 VALUE   DATE(S)  VALUE   FROM    VALUE
                                          NORMAL
.............................................................
TEMPERATURE (F)
MONTHLY RECORD
 HOTTEST         84.5   1998
 COLDEST         75.9   1926
DAILY RECORD
 HIGH             102   06/24/1944
 LOW               52   06/02/1984
JUNE 2017
HIGHEST            94   06/24                         95
LOWEST             69   06/03                         65
AVG. MAXIMUM     87.8              88.4    -0.6     90.0
AVG. MINIMUM     73.4              71.4     2.0     73.0
MEAN             80.6              79.9     0.7     81.5
DAYS MAX >= 90      9               9.8    -0.8       17
DAYS MAX <= 32      0               0.0     0.0        0
DAYS MIN <= 32      0               0.0     0.0        0
DAYS MIN <= 0       0               0.0     0.0        0

PRECIPITATION (INCHES)
MONTHLY RECORD
 MAXIMUM        15.44   1930
 MINIMUM         0.54   1931
DAILY RECORD
 MAXIMUM         6.08   06/30/1966
JUNE 2017
TOTALS           9.22              5.83    3.39     3.57
DAYS >= .01        20              13.3     6.7       10
DAYS >= .10        14               8.8     5.2        6
DAYS >= .50         6               4.2     1.8        3
DAYS >= 1.00        3               1.4     1.6        1
GREATEST
 24 HR. TOTAL    2.51   06/26 TO 06/26

SNOWFALL (INCHES)
TOTALS            0.0               0.0     0.0      0.0
SINCE 7/1         0.0               0.0     0.0      0.0
DAYS >= TRACE       0                                  0

DEGREE_DAYS
HEATING TOTAL       0                 0       0        0
 SINCE 7/1        401               809    -408      508
COOLING TOTAL     473               447      26      501
 SINCE 1/1       1290              1048     242     1275
..............................................................

WIND (MPH)
AVERAGE WIND SPEED              5.5
HIGHEST WIND SPEED/DIRECTION    32/040    DATE  06/27
HIGHEST GUST SPEED/DIRECTION    44/050    DATE  06/27

SKY COVER
POSSIBLE SUNSHINE (PERCENT)   MM
AVERAGE SKY COVER           0.70
NUMBER OF DAYS FAIR            1
NUMBER OF DAYS PC             18
NUMBER OF DAYS CLOUDY         11

AVERAGE RH (PERCENT)     82

WEATHER CONDITIONS. NUMBER OF DAYS WITH
THUNDERSTORM             17     MIXED PRECIP               0
HEAVY RAIN               14     RAIN                      15
LIGHT RAIN               20     LT FREEZING RAIN           0
HAIL                      0     LIGHT SNOW                 0
SLEET                     0     FOG                       23
FOG W/VIS <= 1/4 MILE     1     HAZE                       3

-  INDICATES NEGATIVE NUMBERS.
R  INDICATES RECORD WAS SET OR TIED.
MM INDICATES DATA IS MISSING.
T  INDICATES TRACE AMOUNT.

$$

RODRIGUEZ
