000
CXUS52 KMLB 011637 RRA
CLMDAB

CLIMATE REPORT...CORRECTED HIGHEST WINDS
NATIONAL WEATHER SERVICE MELBOURNE FL
1230 PM EDT MON MAY 1 2017

...................................

...THE DAYTONA BEACH CLIMATE SUMMARY FOR THE MONTH OF APRIL 2017...

CLIMATE NORMAL PERIOD 1981 TO 2010
CLIMATE RECORD PERIOD 1923 TO 2017

WEATHER         OBSERVED          NORMAL  DEPART  LAST YEAR`S
                 VALUE   DATE(S)  VALUE   FROM    VALUE
                                          NORMAL
.............................................................
TEMPERATURE (F)
MONTHLY RECORD
 HOTTEST          75.3  2015
 COLDEST          63.7  1950

DAILY RECORD
 HIGH              96   04/24/1968
 LOW               32   04/14/1940

APRIL 2017
HIGHEST            91   04/28                         89
                        04/27
                        04/05
LOWEST             45   04/08                         50
AVG. MAXIMUM     81.8              79.2     2.6     80.8
AVG. MINIMUM     61.9              58.6     3.3     61.8
MEAN             71.9              68.9     3.0     71.3
DAYS MAX >= 90      3               0.8     2.2        0
DAYS MAX <= 32      0               0.0     0.0        0
DAYS MIN <= 32      0               0.0     0.0        0
DAYS MIN <= 0       0               0.0     0.0        0

PRECIPITATION (INCHES)
MONTHLY RECORD
 MAXIMUM         7.12   1949
 MINIMUM            T   1967

DAILY RECORD
 MAXIMUM         4.07   04/05/1931


APRIL 2017
TOTALS           1.22              2.18   -0.96     2.16
DAYS >= .01         6               5.8     0.2        8
DAYS >= .10         3               3.5    -0.5        6
DAYS >= .50         1               1.3    -0.3        3
DAYS >= 1.00        0               0.6    -0.6        0
GREATEST
 24 HR. TOTAL    0.89   04/04 TO 04/04

SNOWFALL (INCHES)
TOTALS            0.0               0.0     0.0      0.0
SINCE 7/1         0.0               0.0     0.0      0.0
DAYS >= TRACE       0                                  0

DEGREE_DAYS
HEATING TOTAL      13                28     -15        5
 SINCE 7/1        401               807    -406      508
COOLING TOTAL     225               145      80      204
 SINCE 1/1        466               287     179      434
..............................................................

WIND (MPH)
AVERAGE WIND SPEED              7.6
HIGHEST WIND SPEED/DIRECTION   29/230     DATE  04/06
HIGHEST GUST SPEED/DIRECTION   35/270     DATE  04/24
                               35/240           04/06

SKY COVER
POSSIBLE SUNSHINE (PERCENT)   MM
AVERAGE SKY COVER           0.40
NUMBER OF DAYS FAIR           10
NUMBER OF DAYS PC             19
NUMBER OF DAYS CLOUDY          1

AVERAGE RH (PERCENT)     69

WEATHER CONDITIONS. NUMBER OF DAYS WITH
THUNDERSTORM              4     MIXED PRECIP               0
HEAVY RAIN                3     RAIN                       2
LIGHT RAIN               11     LT FREEZING RAIN           0
HAIL                      0     LIGHT SNOW                 0
SLEET                     0     FOG                       14
FOG W/VIS <= 1/4 MILE     0     HAZE                       3

-  INDICATES NEGATIVE NUMBERS.
R  INDICATES RECORD WAS SET OR TIED.
MM INDICATES DATA IS MISSING.
T  INDICATES TRACE AMOUNT.

$$
