000
CXUS51 KRNK 011332
CLMDAN


CLIMATE REPORT
NATIONAL WEATHER SERVICE BLACKSBURG VA
831 AM EST FRI DEC 1 2017

...................................

...THE DANVILLE VA CLIMATE SUMMARY FOR THE MONTH OF NOVEMBER 2017...

CLIMATE NORMAL PERIOD 1981 TO 2010
CLIMATE RECORD PERIOD 1948 TO 2017

WEATHER         OBSERVED          NORMAL  DEPART  LAST YEAR`S
                 VALUE   DATE(S)  VALUE   FROM    VALUE
                                          NORMAL
.............................................................
TEMPERATURE (F)
RECORD
 HIGH              87   11/01/1950
 LOW               15   11/19/2014
                        11/25/2013
                        11/25/1970
HIGHEST            81   11/03                         82
LOWEST             23   11/24                         20
AVG. MAXIMUM     60.5              60.2     0.3     65.0
AVG. MINIMUM     34.2              38.3    -4.1     36.1
MEAN             47.3              49.2    -1.9     50.6
DAYS MAX >= 90      0               0.0     0.0        0
DAYS MAX <= 32      0               0.0     0.0        0
DAYS MIN <= 32     19               8.5    10.5       11
DAYS MIN <= 0       0               0.0     0.0        0

PRECIPITATION (INCHES)
RECORD
 MAXIMUM         8.52   1948
 MINIMUM         0.28   2001
TOTALS           2.07              3.36   -1.29     1.03
DAILY AVG.       0.07              0.11   -0.04     0.03
DAYS >= .01        10               8.9     1.1        6
DAYS >= .10         5               5.3    -0.3        2
DAYS >= .50         1               2.3    -1.3        1
DAYS >= 1.00        0               1.0    -1.0        0
GREATEST
 24 HR. TOTAL    0.52                               0.62

SNOWFALL (INCHES)
TOTALS            0.0                                0.0
DAYS >= TRACE       0                                  0
DAYS >= 1.0         0                                  0
GREATEST
 24 HR TOTAL      0.0                                0.0

DEGREE_DAYS
HEATING TOTAL     523               476      47      434
COOLING TOTAL       0                 3      -3        8
..............................................................

WIND (MPH)
AVERAGE WIND SPEED              4.4
HIGHEST WIND SPEED/DIRECTION    28/230    DATE  11/18
HIGHEST GUST SPEED/DIRECTION    37/230    DATE  11/18

SKY COVER
AVERAGE SKY COVER           0.30

AVERAGE RH (PERCENT)     74

WEATHER CONDITIONS. NUMBER OF DAYS WITH
THUNDERSTORM              0     MIXED PRECIP               0
HEAVY RAIN                1     RAIN                       5
LIGHT RAIN               14     FREEZING RAIN              0
LT FREEZING RAIN          0     HAIL                       0
HEAVY SNOW                0     SNOW                       0
LIGHT SNOW                0     SLEET                      0
FOG                      15     FOG W/VIS <= 1/4 MILE      2
HAZE                      0

-  INDICATES NEGATIVE NUMBERS.
R  INDICATES RECORD WAS SET OR TIED.
MM INDICATES DATA IS MISSING.
T  INDICATES TRACE AMOUNT.

$$
